{"id":9310,"date":"2022-10-18T12:17:52","date_gmt":"2022-10-18T10:17:52","guid":{"rendered":"http:\/\/dev.editorialclaret.cat\/producte\/gracias-por-el-sol-y-la-luna\/"},"modified":"2026-03-23T13:30:11","modified_gmt":"2026-03-23T12:30:11","slug":"gracias-por-el-sol-y-la-luna-8482977636","status":"publish","type":"product","link":"https:\/\/www.editorialclaret.cat\/es\/producto\/gracias-por-el-sol-y-la-luna-8482977636\/","title":{"rendered":"GRACIAS POR EL SOL Y LA LUNA"},"content":{"rendered":"<p>El texto de este libro es una adaptaci\u00f3n del C\u00e1ntico de las Criaturas de san Francisco de As\u00eds. Ese poema nos adentra en la experiencia espiritual de Francisco, tan profunda y personal, que acoge con gozo y gratitud todas las dimensiones de la vida y de la creaci\u00f3n, que le hace sentirse hermano del sol y de la luna, del viento y de las nubes y, cuando llega el momento, hasta de la muerte.<br \/>La colecci\u00f3n \u00ab\u00a1Hola Jes\u00fas! \u00a1Hola Dios!\u00bb quiere ser una herramienta para revitalizar entre todos -peque\u00f1os y mayores, sobre todo dentro de la familia-, los significados comunes de la fe en Jes\u00fas.<\/p>\n","protected":false},"excerpt":{"rendered":"<p>MARQUES<\/p>\n","protected":false},"featured_media":9311,"template":"","meta":{"_acf_changed":false,"rs_blank_template":"","rs_page_bg_color":"","slide_template_v7":"","inline_featured_image":false,"_monsterinsights_skip_tracking":false,"_monsterinsights_sitenote_active":false,"_monsterinsights_sitenote_note":"","_monsterinsights_sitenote_category":0},"product_brand":[],"product_cat":[1004,1194,957,1241,1192,955,1238,1001],"product_tag":[],"class_list":{"0":"post-9310","1":"product","2":"type-product","3":"status-publish","4":"has-post-thumbnail","6":"product_cat-familiar-pastoral","7":"product_cat-familiar-catequesis","8":"product_cat-familiar","9":"product_cat-familiar-pastoral-espiritualidad","10":"product_cat-infantil-catequesis","11":"product_cat-infantil-catequesi","12":"product_cat-infantil-pastoral-espiritualidad","13":"product_cat-infantil-pastoral","15":"first","16":"instock","17":"taxable","18":"shipping-taxable","19":"purchasable","20":"product-type-simple"},"acf":{"autor":"MARQUES","codart":"848297763","libros-coleccion":"\u00a1Hola Jes\u00fas! \u00a1Hola Dios!","ediciones":"1","encuadernacion":"Carton\u00e9","fecha_de_publicacion":"13\/12\/2004","novedad":"0","paginas":"26","subtitulo":"","orden":"999","portada":"0","idioma":"spa","autores-libros":[{"ID":46894,"post_author":"3","post_date":"2022-11-06 20:31:55","post_date_gmt":"2022-11-06 19:31:55","post_content":"","post_title":"JOAN MARQU\u00c8S I CALAFAT","post_excerpt":"","post_status":"publish","comment_status":"closed","ping_status":"closed","post_password":"","post_name":"joan-marques-i-calafat","to_ping":"","pinged":"","post_modified":"2022-11-06 20:31:55","post_modified_gmt":"2022-11-06 19:31:55","post_content_filtered":"","post_parent":0,"guid":"http:\/\/dev.editorialclaret.cat\/autor\/joan-marques-i-calafat\/","menu_order":0,"post_type":"autor","post_mime_type":"","comment_count":"0","filter":"raw"},{"ID":47068,"post_author":"3","post_date":"2022-11-06 20:33:16","post_date_gmt":"2022-11-06 19:33:16","post_content":"","post_title":"ROSER (il) BOSCH I MESTRES","post_excerpt":"","post_status":"publish","comment_status":"closed","ping_status":"closed","post_password":"","post_name":"roser-il-bosch-i-mestres","to_ping":"","pinged":"","post_modified":"2022-11-06 20:33:16","post_modified_gmt":"2022-11-06 19:33:16","post_content_filtered":"","post_parent":0,"guid":"http:\/\/dev.editorialclaret.cat\/autor\/roser-il-bosch-i-mestres\/","menu_order":0,"post_type":"autor","post_mime_type":"","comment_count":"0","filter":"raw"}],"booktrailer":"","resenas":""},"yoast_head":"<!-- This site is optimized with the Yoast SEO plugin v27.3 - https:\/\/yoast.com\/product\/yoast-seo-wordpress\/ -->\n<title>Editorial Claret<\/title>\n<meta name=\"robots\" content=\"noindex, follow, max-snippet:-1, max-image-preview:large, max-video-preview:-1\" \/>\n<meta property=\"og:locale\" content=\"es_ES\" \/>\n<meta property=\"og:type\" content=\"article\" \/>\n<meta property=\"og:title\" content=\"GRACIAS POR EL SOL Y LA LUNA - Editorial Claret\" \/>\n<meta property=\"og:description\" content=\"MARQUES\" \/>\n<meta property=\"og:url\" content=\"https:\/\/www.editorialclaret.cat\/producte\/gracias-por-el-sol-y-la-luna-8482977636\/\" \/>\n<meta property=\"og:site_name\" content=\"Editorial Claret\" \/>\n<meta property=\"article:modified_time\" content=\"2026-03-23T12:30:11+00:00\" \/>\n<meta property=\"og:image\" content=\"https:\/\/www.editorialclaret.cat\/wp-content\/uploads\/.\/9788482977638.jpg\" \/>\n\t<meta property=\"og:image:width\" content=\"150\" \/>\n\t<meta property=\"og:image:height\" content=\"167\" \/>\n\t<meta property=\"og:image:type\" content=\"image\/jpeg\" \/>\n<meta name=\"twitter:card\" content=\"summary_large_image\" \/>\n<meta name=\"twitter:label1\" content=\"Tiempo de lectura\" \/>\n\t<meta name=\"twitter:data1\" content=\"1 minuto\" \/>\n<script type=\"application\/ld+json\" class=\"yoast-schema-graph\">{\"@context\":\"https:\\\/\\\/schema.org\",\"@graph\":[{\"@type\":\"WebPage\",\"@id\":\"https:\\\/\\\/www.editorialclaret.cat\\\/producte\\\/gracias-por-el-sol-y-la-luna-8482977636\\\/\",\"url\":\"https:\\\/\\\/www.editorialclaret.cat\\\/producte\\\/gracias-por-el-sol-y-la-luna-8482977636\\\/\",\"name\":\"GRACIAS POR EL SOL Y LA LUNA - Editorial Claret\",\"isPartOf\":{\"@id\":\"https:\\\/\\\/www.editorialclaret.cat\\\/#website\"},\"primaryImageOfPage\":{\"@id\":\"https:\\\/\\\/www.editorialclaret.cat\\\/producte\\\/gracias-por-el-sol-y-la-luna-8482977636\\\/#primaryimage\"},\"image\":{\"@id\":\"https:\\\/\\\/www.editorialclaret.cat\\\/producte\\\/gracias-por-el-sol-y-la-luna-8482977636\\\/#primaryimage\"},\"thumbnailUrl\":\"https:\\\/\\\/www.editorialclaret.cat\\\/wp-content\\\/uploads\\\/.\\\/9788482977638.jpg\",\"datePublished\":\"2022-10-18T10:17:52+00:00\",\"dateModified\":\"2026-03-23T12:30:11+00:00\",\"breadcrumb\":{\"@id\":\"https:\\\/\\\/www.editorialclaret.cat\\\/producte\\\/gracias-por-el-sol-y-la-luna-8482977636\\\/#breadcrumb\"},\"inLanguage\":\"es\",\"potentialAction\":[{\"@type\":\"ReadAction\",\"target\":[\"https:\\\/\\\/www.editorialclaret.cat\\\/producte\\\/gracias-por-el-sol-y-la-luna-8482977636\\\/\"]}]},{\"@type\":\"ImageObject\",\"inLanguage\":\"es\",\"@id\":\"https:\\\/\\\/www.editorialclaret.cat\\\/producte\\\/gracias-por-el-sol-y-la-luna-8482977636\\\/#primaryimage\",\"url\":\"https:\\\/\\\/www.editorialclaret.cat\\\/wp-content\\\/uploads\\\/.\\\/9788482977638.jpg\",\"contentUrl\":\"https:\\\/\\\/www.editorialclaret.cat\\\/wp-content\\\/uploads\\\/.\\\/9788482977638.jpg\",\"width\":150,\"height\":167,\"caption\":\"9788482977638.jpg\"},{\"@type\":\"BreadcrumbList\",\"@id\":\"https:\\\/\\\/www.editorialclaret.cat\\\/producte\\\/gracias-por-el-sol-y-la-luna-8482977636\\\/#breadcrumb\",\"itemListElement\":[{\"@type\":\"ListItem\",\"position\":1,\"name\":\"Portada\",\"item\":\"https:\\\/\\\/www.editorialclaret.cat\\\/es\\\/\"},{\"@type\":\"ListItem\",\"position\":2,\"name\":\"Botiga\",\"item\":\"https:\\\/\\\/www.editorialclaret.cat\\\/?page_id=16\"},{\"@type\":\"ListItem\",\"position\":3,\"name\":\"GRACIAS POR EL SOL Y LA LUNA\"}]},{\"@type\":\"WebSite\",\"@id\":\"https:\\\/\\\/www.editorialclaret.cat\\\/#website\",\"url\":\"https:\\\/\\\/www.editorialclaret.cat\\\/\",\"name\":\"Editorial Claret\",\"description\":\"\",\"publisher\":{\"@id\":\"https:\\\/\\\/www.editorialclaret.cat\\\/#organization\"},\"potentialAction\":[{\"@type\":\"SearchAction\",\"target\":{\"@type\":\"EntryPoint\",\"urlTemplate\":\"https:\\\/\\\/www.editorialclaret.cat\\\/?s={search_term_string}\"},\"query-input\":{\"@type\":\"PropertyValueSpecification\",\"valueRequired\":true,\"valueName\":\"search_term_string\"}}],\"inLanguage\":\"es\"},{\"@type\":\"Organization\",\"@id\":\"https:\\\/\\\/www.editorialclaret.cat\\\/#organization\",\"name\":\"Editorial Claret\",\"url\":\"https:\\\/\\\/www.editorialclaret.cat\\\/\",\"logo\":{\"@type\":\"ImageObject\",\"inLanguage\":\"es\",\"@id\":\"https:\\\/\\\/www.editorialclaret.cat\\\/#\\\/schema\\\/logo\\\/image\\\/\",\"url\":\"https:\\\/\\\/www.editorialclaret.cat\\\/wp-content\\\/uploads\\\/.\\\/logo-claret.png\",\"contentUrl\":\"https:\\\/\\\/www.editorialclaret.cat\\\/wp-content\\\/uploads\\\/.\\\/logo-claret.png\",\"width\":194,\"height\":79,\"caption\":\"Editorial Claret\"},\"image\":{\"@id\":\"https:\\\/\\\/www.editorialclaret.cat\\\/#\\\/schema\\\/logo\\\/image\\\/\"}}]}<\/script>\n<!-- \/ Yoast SEO plugin. -->","yoast_head_json":{"title":"Editorial Claret","robots":{"index":"noindex","follow":"follow","max-snippet":"max-snippet:-1","max-image-preview":"max-image-preview:large","max-video-preview":"max-video-preview:-1"},"og_locale":"es_ES","og_type":"article","og_title":"GRACIAS POR EL SOL Y LA LUNA - Editorial Claret","og_description":"MARQUES","og_url":"https:\/\/www.editorialclaret.cat\/producte\/gracias-por-el-sol-y-la-luna-8482977636\/","og_site_name":"Editorial Claret","article_modified_time":"2026-03-23T12:30:11+00:00","og_image":[{"width":150,"height":167,"url":"https:\/\/www.editorialclaret.cat\/wp-content\/uploads\/.\/9788482977638.jpg","type":"image\/jpeg"}],"twitter_card":"summary_large_image","twitter_misc":{"Tiempo de lectura":"1 minuto"},"schema":{"@context":"https:\/\/schema.org","@graph":[{"@type":"WebPage","@id":"https:\/\/www.editorialclaret.cat\/producte\/gracias-por-el-sol-y-la-luna-8482977636\/","url":"https:\/\/www.editorialclaret.cat\/producte\/gracias-por-el-sol-y-la-luna-8482977636\/","name":"GRACIAS POR EL SOL Y LA LUNA - Editorial Claret","isPartOf":{"@id":"https:\/\/www.editorialclaret.cat\/#website"},"primaryImageOfPage":{"@id":"https:\/\/www.editorialclaret.cat\/producte\/gracias-por-el-sol-y-la-luna-8482977636\/#primaryimage"},"image":{"@id":"https:\/\/www.editorialclaret.cat\/producte\/gracias-por-el-sol-y-la-luna-8482977636\/#primaryimage"},"thumbnailUrl":"https:\/\/www.editorialclaret.cat\/wp-content\/uploads\/.\/9788482977638.jpg","datePublished":"2022-10-18T10:17:52+00:00","dateModified":"2026-03-23T12:30:11+00:00","breadcrumb":{"@id":"https:\/\/www.editorialclaret.cat\/producte\/gracias-por-el-sol-y-la-luna-8482977636\/#breadcrumb"},"inLanguage":"es","potentialAction":[{"@type":"ReadAction","target":["https:\/\/www.editorialclaret.cat\/producte\/gracias-por-el-sol-y-la-luna-8482977636\/"]}]},{"@type":"ImageObject","inLanguage":"es","@id":"https:\/\/www.editorialclaret.cat\/producte\/gracias-por-el-sol-y-la-luna-8482977636\/#primaryimage","url":"https:\/\/www.editorialclaret.cat\/wp-content\/uploads\/.\/9788482977638.jpg","contentUrl":"https:\/\/www.editorialclaret.cat\/wp-content\/uploads\/.\/9788482977638.jpg","width":150,"height":167,"caption":"9788482977638.jpg"},{"@type":"BreadcrumbList","@id":"https:\/\/www.editorialclaret.cat\/producte\/gracias-por-el-sol-y-la-luna-8482977636\/#breadcrumb","itemListElement":[{"@type":"ListItem","position":1,"name":"Portada","item":"https:\/\/www.editorialclaret.cat\/es\/"},{"@type":"ListItem","position":2,"name":"Botiga","item":"https:\/\/www.editorialclaret.cat\/?page_id=16"},{"@type":"ListItem","position":3,"name":"GRACIAS POR EL SOL Y LA LUNA"}]},{"@type":"WebSite","@id":"https:\/\/www.editorialclaret.cat\/#website","url":"https:\/\/www.editorialclaret.cat\/","name":"Editorial Claret","description":"","publisher":{"@id":"https:\/\/www.editorialclaret.cat\/#organization"},"potentialAction":[{"@type":"SearchAction","target":{"@type":"EntryPoint","urlTemplate":"https:\/\/www.editorialclaret.cat\/?s={search_term_string}"},"query-input":{"@type":"PropertyValueSpecification","valueRequired":true,"valueName":"search_term_string"}}],"inLanguage":"es"},{"@type":"Organization","@id":"https:\/\/www.editorialclaret.cat\/#organization","name":"Editorial Claret","url":"https:\/\/www.editorialclaret.cat\/","logo":{"@type":"ImageObject","inLanguage":"es","@id":"https:\/\/www.editorialclaret.cat\/#\/schema\/logo\/image\/","url":"https:\/\/www.editorialclaret.cat\/wp-content\/uploads\/.\/logo-claret.png","contentUrl":"https:\/\/www.editorialclaret.cat\/wp-content\/uploads\/.\/logo-claret.png","width":194,"height":79,"caption":"Editorial Claret"},"image":{"@id":"https:\/\/www.editorialclaret.cat\/#\/schema\/logo\/image\/"}}]}},"_links":{"self":[{"href":"https:\/\/www.editorialclaret.cat\/es\/wp-json\/wp\/v2\/product\/9310","targetHints":{"allow":["GET"]}}],"collection":[{"href":"https:\/\/www.editorialclaret.cat\/es\/wp-json\/wp\/v2\/product"}],"about":[{"href":"https:\/\/www.editorialclaret.cat\/es\/wp-json\/wp\/v2\/types\/product"}],"wp:featuredmedia":[{"embeddable":true,"href":"https:\/\/www.editorialclaret.cat\/es\/wp-json\/wp\/v2\/media\/9311"}],"wp:attachment":[{"href":"https:\/\/www.editorialclaret.cat\/es\/wp-json\/wp\/v2\/media?parent=9310"}],"wp:term":[{"taxonomy":"product_brand","embeddable":true,"href":"https:\/\/www.editorialclaret.cat\/es\/wp-json\/wp\/v2\/product_brand?post=9310"},{"taxonomy":"product_cat","embeddable":true,"href":"https:\/\/www.editorialclaret.cat\/es\/wp-json\/wp\/v2\/product_cat?post=9310"},{"taxonomy":"product_tag","embeddable":true,"href":"https:\/\/www.editorialclaret.cat\/es\/wp-json\/wp\/v2\/product_tag?post=9310"}],"curies":[{"name":"wp","href":"https:\/\/api.w.org\/{rel}","templated":true}]}}

<p>El texto de este libro es una adaptación del Cántico de las Criaturas de san Francisco de Asís. Ese poema nos adentra en la experiencia espiritual de Francisco, tan profunda y personal, que acoge con gozo y gratitud todas las dimensiones de la vida y de la creación, que le hace sentirse hermano del sol y de la luna, del viento y de las nubes y, cuando llega el momento, hasta de la muerte.<br />La colección «¡Hola Jesús! ¡Hola Dios!» quiere ser una herramienta para revitalizar entre todos -pequeños y mayores, sobre todo dentro de la familia-, los significados comunes de la fe en Jesús.</p>

¡Hola Jesús! ¡Hola Dios!

Cartoné

JOAN MARQUÈS I CALAFAT
