{"id":8749,"date":"2022-10-18T09:04:38","date_gmt":"2022-10-18T07:04:38","guid":{"rendered":"http:\/\/dev.editorialclaret.cat\/producte\/i-tan-pobres-com-som\/"},"modified":"2024-05-22T13:18:23","modified_gmt":"2024-05-22T11:18:23","slug":"i-tan-pobres-com-som-9788498465624","status":"publish","type":"product","link":"https:\/\/www.editorialclaret.cat\/es\/producto\/i-tan-pobres-com-som-9788498465624\/","title":{"rendered":"I TAN POBRES COM SOM&#8230;"},"content":{"rendered":"<p>Aix\u00f2 que ara tens a les mans, bon amic, no \u00e9s all\u00f2 que totes les parences et podrien fer creure. No, aix\u00f2, no \u00e9s un llibre. Per aix\u00f2 no esperis trobar-hi doctrina, teories, pensament o reflexions. El que ara tens a les mans \u00e9s un \u00e0lbum de fotografies, i per aix\u00f2 el que hi trobar\u00e0s ser\u00e0 una colla d&#8217;amics meus i de situacions.<br \/> La primera cosa que t&#8217;he de dir -ja ho notar\u00e0s prou- \u00e9s que les he fetes amb flash. De no haver estat aix\u00ed haguessin quedat terriblement fosques; per no dir negres. Il\u00b7luminades amb la llum clara de l&#8217;Evangeli han quedat clares i lluminoses, tant, que podries arribar a preguntar-te si no han quedat desfigurades de tan boniques. Una altra cosa que cal que s\u00e0pigues, i que tamb\u00e9 notar\u00e0s tu mateix, \u00e9s que no es tracta de fotos d&#8217;estudi. L&#8217;espontane\u00eftat i naturalitat que respiren deixen ben pal\u00e8s que tots els personatges han estat agafats per sorpresa&#8230;<br \/> Ja he dit al principi que no trobar\u00e0s, ni teoria, ni espiritualitat, ni preg\u00e0ria&#8230; Per\u00f2 si mires aquestes persones amb respecte i cordialitat \u00e9s molt possible que t&#8217;ajudin a trobar noves dimensions, m\u00e9s evang\u00e8liques, a les teves doctrines, teories, espiritualitats i preg\u00e0ries. Almenys aix\u00ed m&#8217;ha passat a mi.<\/p>\n","protected":false},"excerpt":{"rendered":"<p>XIRINACHS BENAVENT, ORIOL<\/p>\n","protected":false},"featured_media":8750,"template":"","meta":{"_acf_changed":false,"rs_blank_template":"","rs_page_bg_color":"","slide_template_v7":"","inline_featured_image":false,"_monsterinsights_skip_tracking":false,"_monsterinsights_sitenote_active":false,"_monsterinsights_sitenote_note":"","_monsterinsights_sitenote_category":0},"product_brand":[],"product_cat":[822,1060],"product_tag":[],"class_list":{"0":"post-8749","1":"product","2":"type-product","3":"status-publish","4":"has-post-thumbnail","6":"product_cat-sociologia","7":"product_cat-sociologia-humanidades","9":"first","10":"instock","11":"taxable","12":"shipping-taxable","13":"purchasable","14":"product-type-simple"},"acf":{"autor":"XIRINACHS BENAVENT, ORIOL","codart":"849846562","libros-coleccion":"","ediciones":"1","encuadernacion":"R\u00fastica","fecha_de_publicacion":"12\/04\/2017","novedad":"0","paginas":"106","subtitulo":"","orden":"0","portada":"0","idioma":"cat","autores-libros":[{"ID":19642,"post_author":"3","post_date":"2022-10-19 01:27:21","post_date_gmt":"2022-10-18 23:27:21","post_content":"","post_title":"ORIOL XIRINACHS BENAVENT","post_excerpt":"","post_status":"publish","comment_status":"closed","ping_status":"closed","post_password":"","post_name":"oriol-xirinachs-benavent","to_ping":"","pinged":"","post_modified":"2022-10-19 01:27:21","post_modified_gmt":"2022-10-18 23:27:21","post_content_filtered":"","post_parent":0,"guid":"http:\/\/dev.editorialclaret.cat\/autor\/oriol-xirinachs-benavent\/","menu_order":0,"post_type":"autor","post_mime_type":"","comment_count":"0","filter":"raw"}]},"yoast_head":"<!-- This site is optimized with the Yoast SEO plugin v27.3 - https:\/\/yoast.com\/product\/yoast-seo-wordpress\/ -->\n<title>Editorial Claret<\/title>\n<meta name=\"robots\" content=\"noindex, follow, max-snippet:-1, max-image-preview:large, max-video-preview:-1\" \/>\n<meta property=\"og:locale\" content=\"es_ES\" \/>\n<meta property=\"og:type\" content=\"article\" \/>\n<meta property=\"og:title\" content=\"I TAN POBRES COM SOM... - Editorial Claret\" \/>\n<meta property=\"og:description\" content=\"XIRINACHS BENAVENT, ORIOL\" \/>\n<meta property=\"og:url\" content=\"https:\/\/www.editorialclaret.cat\/producte\/i-tan-pobres-com-som-9788498465624\/\" \/>\n<meta property=\"og:site_name\" content=\"Editorial Claret\" \/>\n<meta property=\"article:modified_time\" content=\"2024-05-22T11:18:23+00:00\" \/>\n<meta property=\"og:image\" content=\"https:\/\/www.editorialclaret.cat\/wp-content\/uploads\/.\/9788498465624.jpg\" \/>\n\t<meta property=\"og:image:width\" content=\"225\" \/>\n\t<meta property=\"og:image:height\" content=\"333\" \/>\n\t<meta property=\"og:image:type\" content=\"image\/jpeg\" \/>\n<meta name=\"twitter:card\" content=\"summary_large_image\" \/>\n<meta name=\"twitter:label1\" content=\"Tiempo de lectura\" \/>\n\t<meta name=\"twitter:data1\" content=\"1 minuto\" \/>\n<script type=\"application\/ld+json\" class=\"yoast-schema-graph\">{\"@context\":\"https:\\\/\\\/schema.org\",\"@graph\":[{\"@type\":\"WebPage\",\"@id\":\"https:\\\/\\\/www.editorialclaret.cat\\\/producte\\\/i-tan-pobres-com-som-9788498465624\\\/\",\"url\":\"https:\\\/\\\/www.editorialclaret.cat\\\/producte\\\/i-tan-pobres-com-som-9788498465624\\\/\",\"name\":\"I TAN POBRES COM SOM... - Editorial Claret\",\"isPartOf\":{\"@id\":\"https:\\\/\\\/www.editorialclaret.cat\\\/#website\"},\"primaryImageOfPage\":{\"@id\":\"https:\\\/\\\/www.editorialclaret.cat\\\/producte\\\/i-tan-pobres-com-som-9788498465624\\\/#primaryimage\"},\"image\":{\"@id\":\"https:\\\/\\\/www.editorialclaret.cat\\\/producte\\\/i-tan-pobres-com-som-9788498465624\\\/#primaryimage\"},\"thumbnailUrl\":\"https:\\\/\\\/www.editorialclaret.cat\\\/wp-content\\\/uploads\\\/.\\\/9788498465624.jpg\",\"datePublished\":\"2022-10-18T07:04:38+00:00\",\"dateModified\":\"2024-05-22T11:18:23+00:00\",\"breadcrumb\":{\"@id\":\"https:\\\/\\\/www.editorialclaret.cat\\\/producte\\\/i-tan-pobres-com-som-9788498465624\\\/#breadcrumb\"},\"inLanguage\":\"es\",\"potentialAction\":[{\"@type\":\"ReadAction\",\"target\":[\"https:\\\/\\\/www.editorialclaret.cat\\\/producte\\\/i-tan-pobres-com-som-9788498465624\\\/\"]}]},{\"@type\":\"ImageObject\",\"inLanguage\":\"es\",\"@id\":\"https:\\\/\\\/www.editorialclaret.cat\\\/producte\\\/i-tan-pobres-com-som-9788498465624\\\/#primaryimage\",\"url\":\"https:\\\/\\\/www.editorialclaret.cat\\\/wp-content\\\/uploads\\\/.\\\/9788498465624.jpg\",\"contentUrl\":\"https:\\\/\\\/www.editorialclaret.cat\\\/wp-content\\\/uploads\\\/.\\\/9788498465624.jpg\",\"width\":225,\"height\":333,\"caption\":\"9788498465624.jpg\"},{\"@type\":\"BreadcrumbList\",\"@id\":\"https:\\\/\\\/www.editorialclaret.cat\\\/producte\\\/i-tan-pobres-com-som-9788498465624\\\/#breadcrumb\",\"itemListElement\":[{\"@type\":\"ListItem\",\"position\":1,\"name\":\"Portada\",\"item\":\"https:\\\/\\\/www.editorialclaret.cat\\\/es\\\/\"},{\"@type\":\"ListItem\",\"position\":2,\"name\":\"Botiga\",\"item\":\"https:\\\/\\\/www.editorialclaret.cat\\\/?page_id=16\"},{\"@type\":\"ListItem\",\"position\":3,\"name\":\"I TAN POBRES COM SOM&#8230;\"}]},{\"@type\":\"WebSite\",\"@id\":\"https:\\\/\\\/www.editorialclaret.cat\\\/#website\",\"url\":\"https:\\\/\\\/www.editorialclaret.cat\\\/\",\"name\":\"Editorial Claret\",\"description\":\"\",\"publisher\":{\"@id\":\"https:\\\/\\\/www.editorialclaret.cat\\\/#organization\"},\"potentialAction\":[{\"@type\":\"SearchAction\",\"target\":{\"@type\":\"EntryPoint\",\"urlTemplate\":\"https:\\\/\\\/www.editorialclaret.cat\\\/?s={search_term_string}\"},\"query-input\":{\"@type\":\"PropertyValueSpecification\",\"valueRequired\":true,\"valueName\":\"search_term_string\"}}],\"inLanguage\":\"es\"},{\"@type\":\"Organization\",\"@id\":\"https:\\\/\\\/www.editorialclaret.cat\\\/#organization\",\"name\":\"Editorial Claret\",\"url\":\"https:\\\/\\\/www.editorialclaret.cat\\\/\",\"logo\":{\"@type\":\"ImageObject\",\"inLanguage\":\"es\",\"@id\":\"https:\\\/\\\/www.editorialclaret.cat\\\/#\\\/schema\\\/logo\\\/image\\\/\",\"url\":\"https:\\\/\\\/www.editorialclaret.cat\\\/wp-content\\\/uploads\\\/.\\\/logo-claret.png\",\"contentUrl\":\"https:\\\/\\\/www.editorialclaret.cat\\\/wp-content\\\/uploads\\\/.\\\/logo-claret.png\",\"width\":194,\"height\":79,\"caption\":\"Editorial Claret\"},\"image\":{\"@id\":\"https:\\\/\\\/www.editorialclaret.cat\\\/#\\\/schema\\\/logo\\\/image\\\/\"}}]}<\/script>\n<!-- \/ Yoast SEO plugin. -->","yoast_head_json":{"title":"Editorial Claret","robots":{"index":"noindex","follow":"follow","max-snippet":"max-snippet:-1","max-image-preview":"max-image-preview:large","max-video-preview":"max-video-preview:-1"},"og_locale":"es_ES","og_type":"article","og_title":"I TAN POBRES COM SOM... - Editorial Claret","og_description":"XIRINACHS BENAVENT, ORIOL","og_url":"https:\/\/www.editorialclaret.cat\/producte\/i-tan-pobres-com-som-9788498465624\/","og_site_name":"Editorial Claret","article_modified_time":"2024-05-22T11:18:23+00:00","og_image":[{"width":225,"height":333,"url":"https:\/\/www.editorialclaret.cat\/wp-content\/uploads\/.\/9788498465624.jpg","type":"image\/jpeg"}],"twitter_card":"summary_large_image","twitter_misc":{"Tiempo de lectura":"1 minuto"},"schema":{"@context":"https:\/\/schema.org","@graph":[{"@type":"WebPage","@id":"https:\/\/www.editorialclaret.cat\/producte\/i-tan-pobres-com-som-9788498465624\/","url":"https:\/\/www.editorialclaret.cat\/producte\/i-tan-pobres-com-som-9788498465624\/","name":"I TAN POBRES COM SOM... - Editorial Claret","isPartOf":{"@id":"https:\/\/www.editorialclaret.cat\/#website"},"primaryImageOfPage":{"@id":"https:\/\/www.editorialclaret.cat\/producte\/i-tan-pobres-com-som-9788498465624\/#primaryimage"},"image":{"@id":"https:\/\/www.editorialclaret.cat\/producte\/i-tan-pobres-com-som-9788498465624\/#primaryimage"},"thumbnailUrl":"https:\/\/www.editorialclaret.cat\/wp-content\/uploads\/.\/9788498465624.jpg","datePublished":"2022-10-18T07:04:38+00:00","dateModified":"2024-05-22T11:18:23+00:00","breadcrumb":{"@id":"https:\/\/www.editorialclaret.cat\/producte\/i-tan-pobres-com-som-9788498465624\/#breadcrumb"},"inLanguage":"es","potentialAction":[{"@type":"ReadAction","target":["https:\/\/www.editorialclaret.cat\/producte\/i-tan-pobres-com-som-9788498465624\/"]}]},{"@type":"ImageObject","inLanguage":"es","@id":"https:\/\/www.editorialclaret.cat\/producte\/i-tan-pobres-com-som-9788498465624\/#primaryimage","url":"https:\/\/www.editorialclaret.cat\/wp-content\/uploads\/.\/9788498465624.jpg","contentUrl":"https:\/\/www.editorialclaret.cat\/wp-content\/uploads\/.\/9788498465624.jpg","width":225,"height":333,"caption":"9788498465624.jpg"},{"@type":"BreadcrumbList","@id":"https:\/\/www.editorialclaret.cat\/producte\/i-tan-pobres-com-som-9788498465624\/#breadcrumb","itemListElement":[{"@type":"ListItem","position":1,"name":"Portada","item":"https:\/\/www.editorialclaret.cat\/es\/"},{"@type":"ListItem","position":2,"name":"Botiga","item":"https:\/\/www.editorialclaret.cat\/?page_id=16"},{"@type":"ListItem","position":3,"name":"I TAN POBRES COM SOM&#8230;"}]},{"@type":"WebSite","@id":"https:\/\/www.editorialclaret.cat\/#website","url":"https:\/\/www.editorialclaret.cat\/","name":"Editorial Claret","description":"","publisher":{"@id":"https:\/\/www.editorialclaret.cat\/#organization"},"potentialAction":[{"@type":"SearchAction","target":{"@type":"EntryPoint","urlTemplate":"https:\/\/www.editorialclaret.cat\/?s={search_term_string}"},"query-input":{"@type":"PropertyValueSpecification","valueRequired":true,"valueName":"search_term_string"}}],"inLanguage":"es"},{"@type":"Organization","@id":"https:\/\/www.editorialclaret.cat\/#organization","name":"Editorial Claret","url":"https:\/\/www.editorialclaret.cat\/","logo":{"@type":"ImageObject","inLanguage":"es","@id":"https:\/\/www.editorialclaret.cat\/#\/schema\/logo\/image\/","url":"https:\/\/www.editorialclaret.cat\/wp-content\/uploads\/.\/logo-claret.png","contentUrl":"https:\/\/www.editorialclaret.cat\/wp-content\/uploads\/.\/logo-claret.png","width":194,"height":79,"caption":"Editorial Claret"},"image":{"@id":"https:\/\/www.editorialclaret.cat\/#\/schema\/logo\/image\/"}}]}},"_links":{"self":[{"href":"https:\/\/www.editorialclaret.cat\/es\/wp-json\/wp\/v2\/product\/8749","targetHints":{"allow":["GET"]}}],"collection":[{"href":"https:\/\/www.editorialclaret.cat\/es\/wp-json\/wp\/v2\/product"}],"about":[{"href":"https:\/\/www.editorialclaret.cat\/es\/wp-json\/wp\/v2\/types\/product"}],"wp:featuredmedia":[{"embeddable":true,"href":"https:\/\/www.editorialclaret.cat\/es\/wp-json\/wp\/v2\/media\/8750"}],"wp:attachment":[{"href":"https:\/\/www.editorialclaret.cat\/es\/wp-json\/wp\/v2\/media?parent=8749"}],"wp:term":[{"taxonomy":"product_brand","embeddable":true,"href":"https:\/\/www.editorialclaret.cat\/es\/wp-json\/wp\/v2\/product_brand?post=8749"},{"taxonomy":"product_cat","embeddable":true,"href":"https:\/\/www.editorialclaret.cat\/es\/wp-json\/wp\/v2\/product_cat?post=8749"},{"taxonomy":"product_tag","embeddable":true,"href":"https:\/\/www.editorialclaret.cat\/es\/wp-json\/wp\/v2\/product_tag?post=8749"}],"curies":[{"name":"wp","href":"https:\/\/api.w.org\/{rel}","templated":true}]}}

<p>Això que ara tens a les mans, bon amic, no és allò que totes les parences et podrien fer creure. No, això, no és un llibre. Per això no esperis trobar-hi doctrina, teories, pensament o reflexions. El que ara tens a les mans és un àlbum de fotografies, i per això el que hi trobaràs serà una colla d&#8217;amics meus i de situacions.<br /> La primera cosa que t&#8217;he de dir -ja ho notaràs prou- és que les he fetes amb flash. De no haver estat així haguessin quedat terriblement fosques; per no dir negres. Il·luminades amb la llum clara de l&#8217;Evangeli han quedat clares i lluminoses, tant, que podries arribar a preguntar-te si no han quedat desfigurades de tan boniques. Una altra cosa que cal que sàpigues, i que també notaràs tu mateix, és que no es tracta de fotos d&#8217;estudi. L&#8217;espontaneïtat i naturalitat que respiren deixen ben palès que tots els personatges han estat agafats per sorpresa&#8230;<br /> Ja he dit al principi que no trobaràs, ni teoria, ni espiritualitat, ni pregària&#8230; Però si mires aquestes persones amb respecte i cordialitat és molt possible que t&#8217;ajudin a trobar noves dimensions, més evangèliques, a les teves doctrines, teories, espiritualitats i pregàries. Almenys així m&#8217;ha passat a mi.</p>

Rústica
