{"id":8620,"date":"2022-10-18T09:03:11","date_gmt":"2022-10-18T07:03:11","guid":{"rendered":"http:\/\/dev.editorialclaret.cat\/producte\/los-verbos-castellanos-conjugados\/"},"modified":"2026-04-16T12:40:25","modified_gmt":"2026-04-16T10:40:25","slug":"los-verbos-castellanos-conjugados-9788491361299","status":"publish","type":"product","link":"https:\/\/www.editorialclaret.cat\/es\/producto\/los-verbos-castellanos-conjugados-9788491361299\/","title":{"rendered":"LOS VERBOS CASTELLANOS CONJUGADOS"},"content":{"rendered":"<p>Nueva edici\u00f3n renovada, incorpora la \u00faltima normativa de la R.A.E., as\u00ed como la actualizaci\u00f3n de la lista de verbos en castellano.<br \/> Hoy en d\u00eda la conjugaci\u00f3n de los verbos contin\u00faa siendo la principal dificultad con que se encuentran los estudiantes, tanto espa\u00f1oles como extranjeros, y los usuarios de la lengua en general. A pesar de entrar de lleno en la era de las telecomunicaciones, a\u00fan encontramos lagunas a la hora de comunicarnos. Este libro intenta hacer m\u00e1s f\u00e1cil la tarea de escribir, tarea en la cual el matiz que ofrece la flexi\u00f3n verbal es important\u00edsimo para expresarse con concisi\u00f3n. Cualquier duda sobre la conjugaci\u00f3n quedar\u00e1 resuelta consultando el \u00edndice alfab\u00e9tico que se encuentra al final del libro, que recoge las \u00faltimas incorporaciones de la R.A.E. O el verbo tendr\u00e1 conjugaci\u00f3n propia, o remitir\u00e1 a cualquiera de los 152 modelos de conjugaci\u00f3n incluidos.<\/p>\n","protected":false},"excerpt":{"rendered":"<p>XURIGUERA, JOAN BAPTISTA<\/p>\n","protected":false},"featured_media":8621,"template":"","meta":{"_acf_changed":false,"rs_blank_template":"","rs_page_bg_color":"","slide_template_v7":"","inline_featured_image":false,"_monsterinsights_skip_tracking":false,"_monsterinsights_sitenote_active":false,"_monsterinsights_sitenote_note":"","_monsterinsights_sitenote_category":0},"product_brand":[],"product_cat":[826,1063],"product_tag":[],"class_list":{"0":"post-8620","1":"product","2":"type-product","3":"status-publish","4":"has-post-thumbnail","6":"product_cat-literatura","7":"product_cat-literatura-humanidades","9":"first","10":"instock","11":"taxable","12":"shipping-taxable","13":"purchasable","14":"product-type-simple"},"acf":{"autor":"XURIGUERA, JOAN BAPTISTA","codart":"849136129","libros-coleccion":"","ediciones":"14","encuadernacion":"R\u00fastica","fecha_de_publicacion":"20\/03\/2018","novedad":"0","paginas":"70","subtitulo":"","orden":"0","portada":"0","idioma":"spa","autores-libros":[{"ID":46564,"post_author":"3","post_date":"2022-10-24 13:03:48","post_date_gmt":"2022-10-24 11:03:48","post_content":"","post_title":"JOAN BAPTISTA XURIGUERA","post_excerpt":"","post_status":"publish","comment_status":"closed","ping_status":"closed","post_password":"","post_name":"joan-baptista-xuriguera","to_ping":"","pinged":"","post_modified":"2022-10-24 13:03:48","post_modified_gmt":"2022-10-24 11:03:48","post_content_filtered":"","post_parent":0,"guid":"http:\/\/dev.editorialclaret.cat\/autor\/joan-baptista-xuriguera\/","menu_order":0,"post_type":"autor","post_mime_type":"","comment_count":"0","filter":"raw"}],"booktrailer":"","linkebook":"","ficha":"849136129_1689076908.pdf","muestra":"","precioebook":"0","presentacion":"","resenas":""},"yoast_head":"<!-- This site is optimized with the Yoast SEO plugin v27.3 - https:\/\/yoast.com\/product\/yoast-seo-wordpress\/ -->\n<title>Editorial Claret<\/title>\n<meta name=\"robots\" content=\"noindex, follow, max-snippet:-1, max-image-preview:large, max-video-preview:-1\" \/>\n<meta property=\"og:locale\" content=\"es_ES\" \/>\n<meta property=\"og:type\" content=\"article\" \/>\n<meta property=\"og:title\" content=\"LOS VERBOS CASTELLANOS CONJUGADOS - Editorial Claret\" \/>\n<meta property=\"og:description\" content=\"XURIGUERA, JOAN BAPTISTA\" \/>\n<meta property=\"og:url\" content=\"https:\/\/www.editorialclaret.cat\/producte\/los-verbos-castellanos-conjugados-9788491361299\/\" \/>\n<meta property=\"og:site_name\" content=\"Editorial Claret\" \/>\n<meta property=\"article:modified_time\" content=\"2026-04-16T10:40:25+00:00\" \/>\n<meta property=\"og:image\" content=\"https:\/\/www.editorialclaret.cat\/wp-content\/uploads\/.\/9788491361299.jpg\" \/>\n\t<meta property=\"og:image:width\" content=\"225\" \/>\n\t<meta property=\"og:image:height\" content=\"332\" \/>\n\t<meta property=\"og:image:type\" content=\"image\/jpeg\" \/>\n<meta name=\"twitter:card\" content=\"summary_large_image\" \/>\n<meta name=\"twitter:label1\" content=\"Tiempo de lectura\" \/>\n\t<meta name=\"twitter:data1\" content=\"1 minuto\" \/>\n<script type=\"application\/ld+json\" class=\"yoast-schema-graph\">{\"@context\":\"https:\\\/\\\/schema.org\",\"@graph\":[{\"@type\":\"WebPage\",\"@id\":\"https:\\\/\\\/www.editorialclaret.cat\\\/producte\\\/los-verbos-castellanos-conjugados-9788491361299\\\/\",\"url\":\"https:\\\/\\\/www.editorialclaret.cat\\\/producte\\\/los-verbos-castellanos-conjugados-9788491361299\\\/\",\"name\":\"LOS VERBOS CASTELLANOS CONJUGADOS - Editorial Claret\",\"isPartOf\":{\"@id\":\"https:\\\/\\\/www.editorialclaret.cat\\\/#website\"},\"primaryImageOfPage\":{\"@id\":\"https:\\\/\\\/www.editorialclaret.cat\\\/producte\\\/los-verbos-castellanos-conjugados-9788491361299\\\/#primaryimage\"},\"image\":{\"@id\":\"https:\\\/\\\/www.editorialclaret.cat\\\/producte\\\/los-verbos-castellanos-conjugados-9788491361299\\\/#primaryimage\"},\"thumbnailUrl\":\"https:\\\/\\\/www.editorialclaret.cat\\\/wp-content\\\/uploads\\\/.\\\/9788491361299.jpg\",\"datePublished\":\"2022-10-18T07:03:11+00:00\",\"dateModified\":\"2026-04-16T10:40:25+00:00\",\"breadcrumb\":{\"@id\":\"https:\\\/\\\/www.editorialclaret.cat\\\/producte\\\/los-verbos-castellanos-conjugados-9788491361299\\\/#breadcrumb\"},\"inLanguage\":\"es\",\"potentialAction\":[{\"@type\":\"ReadAction\",\"target\":[\"https:\\\/\\\/www.editorialclaret.cat\\\/producte\\\/los-verbos-castellanos-conjugados-9788491361299\\\/\"]}]},{\"@type\":\"ImageObject\",\"inLanguage\":\"es\",\"@id\":\"https:\\\/\\\/www.editorialclaret.cat\\\/producte\\\/los-verbos-castellanos-conjugados-9788491361299\\\/#primaryimage\",\"url\":\"https:\\\/\\\/www.editorialclaret.cat\\\/wp-content\\\/uploads\\\/.\\\/9788491361299.jpg\",\"contentUrl\":\"https:\\\/\\\/www.editorialclaret.cat\\\/wp-content\\\/uploads\\\/.\\\/9788491361299.jpg\",\"width\":225,\"height\":332,\"caption\":\"9788491361299.jpg\"},{\"@type\":\"BreadcrumbList\",\"@id\":\"https:\\\/\\\/www.editorialclaret.cat\\\/producte\\\/los-verbos-castellanos-conjugados-9788491361299\\\/#breadcrumb\",\"itemListElement\":[{\"@type\":\"ListItem\",\"position\":1,\"name\":\"Portada\",\"item\":\"https:\\\/\\\/www.editorialclaret.cat\\\/es\\\/\"},{\"@type\":\"ListItem\",\"position\":2,\"name\":\"Botiga\",\"item\":\"https:\\\/\\\/www.editorialclaret.cat\\\/?page_id=16\"},{\"@type\":\"ListItem\",\"position\":3,\"name\":\"LOS VERBOS CASTELLANOS CONJUGADOS\"}]},{\"@type\":\"WebSite\",\"@id\":\"https:\\\/\\\/www.editorialclaret.cat\\\/#website\",\"url\":\"https:\\\/\\\/www.editorialclaret.cat\\\/\",\"name\":\"Editorial Claret\",\"description\":\"\",\"publisher\":{\"@id\":\"https:\\\/\\\/www.editorialclaret.cat\\\/#organization\"},\"potentialAction\":[{\"@type\":\"SearchAction\",\"target\":{\"@type\":\"EntryPoint\",\"urlTemplate\":\"https:\\\/\\\/www.editorialclaret.cat\\\/?s={search_term_string}\"},\"query-input\":{\"@type\":\"PropertyValueSpecification\",\"valueRequired\":true,\"valueName\":\"search_term_string\"}}],\"inLanguage\":\"es\"},{\"@type\":\"Organization\",\"@id\":\"https:\\\/\\\/www.editorialclaret.cat\\\/#organization\",\"name\":\"Editorial Claret\",\"url\":\"https:\\\/\\\/www.editorialclaret.cat\\\/\",\"logo\":{\"@type\":\"ImageObject\",\"inLanguage\":\"es\",\"@id\":\"https:\\\/\\\/www.editorialclaret.cat\\\/#\\\/schema\\\/logo\\\/image\\\/\",\"url\":\"https:\\\/\\\/www.editorialclaret.cat\\\/wp-content\\\/uploads\\\/.\\\/logo-claret.png\",\"contentUrl\":\"https:\\\/\\\/www.editorialclaret.cat\\\/wp-content\\\/uploads\\\/.\\\/logo-claret.png\",\"width\":194,\"height\":79,\"caption\":\"Editorial Claret\"},\"image\":{\"@id\":\"https:\\\/\\\/www.editorialclaret.cat\\\/#\\\/schema\\\/logo\\\/image\\\/\"}}]}<\/script>\n<!-- \/ Yoast SEO plugin. -->","yoast_head_json":{"title":"Editorial Claret","robots":{"index":"noindex","follow":"follow","max-snippet":"max-snippet:-1","max-image-preview":"max-image-preview:large","max-video-preview":"max-video-preview:-1"},"og_locale":"es_ES","og_type":"article","og_title":"LOS VERBOS CASTELLANOS CONJUGADOS - Editorial Claret","og_description":"XURIGUERA, JOAN BAPTISTA","og_url":"https:\/\/www.editorialclaret.cat\/producte\/los-verbos-castellanos-conjugados-9788491361299\/","og_site_name":"Editorial Claret","article_modified_time":"2026-04-16T10:40:25+00:00","og_image":[{"width":225,"height":332,"url":"https:\/\/www.editorialclaret.cat\/wp-content\/uploads\/.\/9788491361299.jpg","type":"image\/jpeg"}],"twitter_card":"summary_large_image","twitter_misc":{"Tiempo de lectura":"1 minuto"},"schema":{"@context":"https:\/\/schema.org","@graph":[{"@type":"WebPage","@id":"https:\/\/www.editorialclaret.cat\/producte\/los-verbos-castellanos-conjugados-9788491361299\/","url":"https:\/\/www.editorialclaret.cat\/producte\/los-verbos-castellanos-conjugados-9788491361299\/","name":"LOS VERBOS CASTELLANOS CONJUGADOS - Editorial Claret","isPartOf":{"@id":"https:\/\/www.editorialclaret.cat\/#website"},"primaryImageOfPage":{"@id":"https:\/\/www.editorialclaret.cat\/producte\/los-verbos-castellanos-conjugados-9788491361299\/#primaryimage"},"image":{"@id":"https:\/\/www.editorialclaret.cat\/producte\/los-verbos-castellanos-conjugados-9788491361299\/#primaryimage"},"thumbnailUrl":"https:\/\/www.editorialclaret.cat\/wp-content\/uploads\/.\/9788491361299.jpg","datePublished":"2022-10-18T07:03:11+00:00","dateModified":"2026-04-16T10:40:25+00:00","breadcrumb":{"@id":"https:\/\/www.editorialclaret.cat\/producte\/los-verbos-castellanos-conjugados-9788491361299\/#breadcrumb"},"inLanguage":"es","potentialAction":[{"@type":"ReadAction","target":["https:\/\/www.editorialclaret.cat\/producte\/los-verbos-castellanos-conjugados-9788491361299\/"]}]},{"@type":"ImageObject","inLanguage":"es","@id":"https:\/\/www.editorialclaret.cat\/producte\/los-verbos-castellanos-conjugados-9788491361299\/#primaryimage","url":"https:\/\/www.editorialclaret.cat\/wp-content\/uploads\/.\/9788491361299.jpg","contentUrl":"https:\/\/www.editorialclaret.cat\/wp-content\/uploads\/.\/9788491361299.jpg","width":225,"height":332,"caption":"9788491361299.jpg"},{"@type":"BreadcrumbList","@id":"https:\/\/www.editorialclaret.cat\/producte\/los-verbos-castellanos-conjugados-9788491361299\/#breadcrumb","itemListElement":[{"@type":"ListItem","position":1,"name":"Portada","item":"https:\/\/www.editorialclaret.cat\/es\/"},{"@type":"ListItem","position":2,"name":"Botiga","item":"https:\/\/www.editorialclaret.cat\/?page_id=16"},{"@type":"ListItem","position":3,"name":"LOS VERBOS CASTELLANOS CONJUGADOS"}]},{"@type":"WebSite","@id":"https:\/\/www.editorialclaret.cat\/#website","url":"https:\/\/www.editorialclaret.cat\/","name":"Editorial Claret","description":"","publisher":{"@id":"https:\/\/www.editorialclaret.cat\/#organization"},"potentialAction":[{"@type":"SearchAction","target":{"@type":"EntryPoint","urlTemplate":"https:\/\/www.editorialclaret.cat\/?s={search_term_string}"},"query-input":{"@type":"PropertyValueSpecification","valueRequired":true,"valueName":"search_term_string"}}],"inLanguage":"es"},{"@type":"Organization","@id":"https:\/\/www.editorialclaret.cat\/#organization","name":"Editorial Claret","url":"https:\/\/www.editorialclaret.cat\/","logo":{"@type":"ImageObject","inLanguage":"es","@id":"https:\/\/www.editorialclaret.cat\/#\/schema\/logo\/image\/","url":"https:\/\/www.editorialclaret.cat\/wp-content\/uploads\/.\/logo-claret.png","contentUrl":"https:\/\/www.editorialclaret.cat\/wp-content\/uploads\/.\/logo-claret.png","width":194,"height":79,"caption":"Editorial Claret"},"image":{"@id":"https:\/\/www.editorialclaret.cat\/#\/schema\/logo\/image\/"}}]}},"_links":{"self":[{"href":"https:\/\/www.editorialclaret.cat\/es\/wp-json\/wp\/v2\/product\/8620","targetHints":{"allow":["GET"]}}],"collection":[{"href":"https:\/\/www.editorialclaret.cat\/es\/wp-json\/wp\/v2\/product"}],"about":[{"href":"https:\/\/www.editorialclaret.cat\/es\/wp-json\/wp\/v2\/types\/product"}],"wp:featuredmedia":[{"embeddable":true,"href":"https:\/\/www.editorialclaret.cat\/es\/wp-json\/wp\/v2\/media\/8621"}],"wp:attachment":[{"href":"https:\/\/www.editorialclaret.cat\/es\/wp-json\/wp\/v2\/media?parent=8620"}],"wp:term":[{"taxonomy":"product_brand","embeddable":true,"href":"https:\/\/www.editorialclaret.cat\/es\/wp-json\/wp\/v2\/product_brand?post=8620"},{"taxonomy":"product_cat","embeddable":true,"href":"https:\/\/www.editorialclaret.cat\/es\/wp-json\/wp\/v2\/product_cat?post=8620"},{"taxonomy":"product_tag","embeddable":true,"href":"https:\/\/www.editorialclaret.cat\/es\/wp-json\/wp\/v2\/product_tag?post=8620"}],"curies":[{"name":"wp","href":"https:\/\/api.w.org\/{rel}","templated":true}]}}

<p>Nueva edición renovada, incorpora la última normativa de la R.A.E., así como la actualización de la lista de verbos en castellano.<br /> Hoy en día la conjugación de los verbos continúa siendo la principal dificultad con que se encuentran los estudiantes, tanto españoles como extranjeros, y los usuarios de la lengua en general. A pesar de entrar de lleno en la era de las telecomunicaciones, aún encontramos lagunas a la hora de comunicarnos. Este libro intenta hacer más fácil la tarea de escribir, tarea en la cual el matiz que ofrece la flexión verbal es importantísimo para expresarse con concisión. Cualquier duda sobre la conjugación quedará resuelta consultando el índice alfabético que se encuentra al final del libro, que recoge las últimas incorporaciones de la R.A.E. O el verbo tendrá conjugación propia, o remitirá a cualquiera de los 152 modelos de conjugación incluidos.</p>

Rústica
