{"id":8533,"date":"2022-10-18T09:02:15","date_gmt":"2022-10-18T07:02:15","guid":{"rendered":"http:\/\/dev.editorialclaret.cat\/producte\/de-profesion-misionero\/"},"modified":"2026-01-19T17:17:25","modified_gmt":"2026-01-19T16:17:25","slug":"de-profesion-misionero-9788491361336","status":"publish","type":"product","link":"https:\/\/www.editorialclaret.cat\/es\/producto\/de-profesion-misionero-9788491361336\/","title":{"rendered":"DE PROFESI\u00d3N, MISIONERO"},"content":{"rendered":"<p>Josep Xifr\u00e9 Mussach naci\u00f3 en Vich en 1817 y falleci\u00f3 en Cervera en 1899. Se orden\u00f3 sacerdote en Roma y ejerci\u00f3 de vicario en Prats de Llu\u00e7an\u00e8s. Cuando Mn. Anton Claret realiz\u00f3 \u00abel pensamiento de fundar una Congregaci\u00f3n de hombres que, revestidos de su mismo esp\u00edritu apost\u00f3lico, tuviesen el objeto que \u00c9l deseaba y ped\u00eda\u00bb, cont\u00f3 con el apoyo entusiasta de Mn. Xifr\u00e9 y otros cuatro compa\u00f1eros. En sus cuarenta a\u00f1os al frente de la Congregaci\u00f3n la gobern\u00f3 con amor y firmeza y la puso al servicio de la Iglesia de su tiempo.<\/p>\n","protected":false},"excerpt":{"rendered":"<p>SIDERA PLANA, CMF, P. JAUME<\/p>\n","protected":false},"featured_media":70268,"template":"","meta":{"_acf_changed":false,"rs_blank_template":"","rs_page_bg_color":"","slide_template_v7":"","inline_featured_image":false,"_monsterinsights_skip_tracking":false,"_monsterinsights_sitenote_active":false,"_monsterinsights_sitenote_note":"","_monsterinsights_sitenote_category":0},"product_brand":[],"product_cat":[1055,817,1054,816,1067,830],"product_tag":[],"class_list":{"0":"post-8533","1":"product","2":"type-product","3":"status-publish","4":"has-post-thumbnail","6":"product_cat-espiritualidad-espiritualidad","7":"product_cat-espiritualitat-espiritualitat","8":"product_cat-pastoral-espiritualidad","9":"product_cat-pastoral","10":"product_cat-vida-religiosa-espiritualidad","11":"product_cat-vida-religiosa","13":"first","14":"instock","15":"taxable","16":"shipping-taxable","17":"purchasable","18":"product-type-simple"},"acf":{"autor":"SIDERA PLANA, CMF, P. JAUME","codart":"849136133","libros-coleccion":"","ediciones":"1","encuadernacion":"R\u00fastica","fecha_de_publicacion":"13\/12\/2018","novedad":"0","paginas":"240","subtitulo":"SEMBLANZA DEL P. JOSEP XIFR\u00c9 I MUSSACH, CMF","orden":"0","portada":"0","idioma":"spa","autores-libros":[{"ID":46610,"post_author":"3","post_date":"2022-10-24 13:04:18","post_date_gmt":"2022-10-24 11:04:18","post_content":"","post_title":"P. JAUME SIDERA PLANA, CMF","post_excerpt":"","post_status":"publish","comment_status":"closed","ping_status":"closed","post_password":"","post_name":"p-jaume-sidera-plana-cmf","to_ping":"","pinged":"","post_modified":"2022-10-24 13:04:18","post_modified_gmt":"2022-10-24 11:04:18","post_content_filtered":"","post_parent":0,"guid":"http:\/\/dev.editorialclaret.cat\/autor\/p-jaume-sidera-plana-cmf\/","menu_order":0,"post_type":"autor","post_mime_type":"","comment_count":"0","filter":"raw"}],"booktrailer":"","resenas":""},"yoast_head":"<!-- This site is optimized with the Yoast SEO plugin v27.3 - https:\/\/yoast.com\/product\/yoast-seo-wordpress\/ -->\n<title>Editorial Claret<\/title>\n<meta name=\"robots\" content=\"noindex, follow, max-snippet:-1, max-image-preview:large, max-video-preview:-1\" \/>\n<meta property=\"og:locale\" content=\"es_ES\" \/>\n<meta property=\"og:type\" content=\"article\" \/>\n<meta property=\"og:title\" content=\"DE PROFESI\u00d3N, MISIONERO - Editorial Claret\" \/>\n<meta property=\"og:description\" content=\"SIDERA PLANA, CMF, P. JAUME\" \/>\n<meta property=\"og:url\" content=\"https:\/\/www.editorialclaret.cat\/producte\/de-profesion-misionero-9788491361336\/\" \/>\n<meta property=\"og:site_name\" content=\"Editorial Claret\" \/>\n<meta property=\"article:modified_time\" content=\"2026-01-19T16:17:25+00:00\" \/>\n<meta property=\"og:image\" content=\"https:\/\/www.editorialclaret.cat\/wp-content\/uploads\/9788491361336-1.jpg\" \/>\n\t<meta property=\"og:image:width\" content=\"350\" \/>\n\t<meta property=\"og:image:height\" content=\"501\" \/>\n\t<meta property=\"og:image:type\" content=\"image\/jpeg\" \/>\n<meta name=\"twitter:card\" content=\"summary_large_image\" \/>\n<meta name=\"twitter:label1\" content=\"Tiempo de lectura\" \/>\n\t<meta name=\"twitter:data1\" content=\"1 minuto\" \/>\n<script type=\"application\/ld+json\" class=\"yoast-schema-graph\">{\"@context\":\"https:\\\/\\\/schema.org\",\"@graph\":[{\"@type\":\"WebPage\",\"@id\":\"https:\\\/\\\/www.editorialclaret.cat\\\/producte\\\/de-profesion-misionero-9788491361336\\\/\",\"url\":\"https:\\\/\\\/www.editorialclaret.cat\\\/producte\\\/de-profesion-misionero-9788491361336\\\/\",\"name\":\"DE PROFESI\u00d3N, MISIONERO - Editorial Claret\",\"isPartOf\":{\"@id\":\"https:\\\/\\\/www.editorialclaret.cat\\\/#website\"},\"primaryImageOfPage\":{\"@id\":\"https:\\\/\\\/www.editorialclaret.cat\\\/producte\\\/de-profesion-misionero-9788491361336\\\/#primaryimage\"},\"image\":{\"@id\":\"https:\\\/\\\/www.editorialclaret.cat\\\/producte\\\/de-profesion-misionero-9788491361336\\\/#primaryimage\"},\"thumbnailUrl\":\"https:\\\/\\\/www.editorialclaret.cat\\\/wp-content\\\/uploads\\\/9788491361336-1.jpg\",\"datePublished\":\"2022-10-18T07:02:15+00:00\",\"dateModified\":\"2026-01-19T16:17:25+00:00\",\"breadcrumb\":{\"@id\":\"https:\\\/\\\/www.editorialclaret.cat\\\/producte\\\/de-profesion-misionero-9788491361336\\\/#breadcrumb\"},\"inLanguage\":\"es\",\"potentialAction\":[{\"@type\":\"ReadAction\",\"target\":[\"https:\\\/\\\/www.editorialclaret.cat\\\/producte\\\/de-profesion-misionero-9788491361336\\\/\"]}]},{\"@type\":\"ImageObject\",\"inLanguage\":\"es\",\"@id\":\"https:\\\/\\\/www.editorialclaret.cat\\\/producte\\\/de-profesion-misionero-9788491361336\\\/#primaryimage\",\"url\":\"https:\\\/\\\/www.editorialclaret.cat\\\/wp-content\\\/uploads\\\/9788491361336-1.jpg\",\"contentUrl\":\"https:\\\/\\\/www.editorialclaret.cat\\\/wp-content\\\/uploads\\\/9788491361336-1.jpg\",\"width\":350,\"height\":501,\"caption\":\"9788491361336.jpg\"},{\"@type\":\"BreadcrumbList\",\"@id\":\"https:\\\/\\\/www.editorialclaret.cat\\\/producte\\\/de-profesion-misionero-9788491361336\\\/#breadcrumb\",\"itemListElement\":[{\"@type\":\"ListItem\",\"position\":1,\"name\":\"Portada\",\"item\":\"https:\\\/\\\/www.editorialclaret.cat\\\/es\\\/\"},{\"@type\":\"ListItem\",\"position\":2,\"name\":\"Botiga\",\"item\":\"https:\\\/\\\/www.editorialclaret.cat\\\/?page_id=16\"},{\"@type\":\"ListItem\",\"position\":3,\"name\":\"DE PROFESI\u00d3N, MISIONERO\"}]},{\"@type\":\"WebSite\",\"@id\":\"https:\\\/\\\/www.editorialclaret.cat\\\/#website\",\"url\":\"https:\\\/\\\/www.editorialclaret.cat\\\/\",\"name\":\"Editorial Claret\",\"description\":\"\",\"publisher\":{\"@id\":\"https:\\\/\\\/www.editorialclaret.cat\\\/#organization\"},\"potentialAction\":[{\"@type\":\"SearchAction\",\"target\":{\"@type\":\"EntryPoint\",\"urlTemplate\":\"https:\\\/\\\/www.editorialclaret.cat\\\/?s={search_term_string}\"},\"query-input\":{\"@type\":\"PropertyValueSpecification\",\"valueRequired\":true,\"valueName\":\"search_term_string\"}}],\"inLanguage\":\"es\"},{\"@type\":\"Organization\",\"@id\":\"https:\\\/\\\/www.editorialclaret.cat\\\/#organization\",\"name\":\"Editorial Claret\",\"url\":\"https:\\\/\\\/www.editorialclaret.cat\\\/\",\"logo\":{\"@type\":\"ImageObject\",\"inLanguage\":\"es\",\"@id\":\"https:\\\/\\\/www.editorialclaret.cat\\\/#\\\/schema\\\/logo\\\/image\\\/\",\"url\":\"https:\\\/\\\/www.editorialclaret.cat\\\/wp-content\\\/uploads\\\/.\\\/logo-claret.png\",\"contentUrl\":\"https:\\\/\\\/www.editorialclaret.cat\\\/wp-content\\\/uploads\\\/.\\\/logo-claret.png\",\"width\":194,\"height\":79,\"caption\":\"Editorial Claret\"},\"image\":{\"@id\":\"https:\\\/\\\/www.editorialclaret.cat\\\/#\\\/schema\\\/logo\\\/image\\\/\"}}]}<\/script>\n<!-- \/ Yoast SEO plugin. -->","yoast_head_json":{"title":"Editorial Claret","robots":{"index":"noindex","follow":"follow","max-snippet":"max-snippet:-1","max-image-preview":"max-image-preview:large","max-video-preview":"max-video-preview:-1"},"og_locale":"es_ES","og_type":"article","og_title":"DE PROFESI\u00d3N, MISIONERO - Editorial Claret","og_description":"SIDERA PLANA, CMF, P. JAUME","og_url":"https:\/\/www.editorialclaret.cat\/producte\/de-profesion-misionero-9788491361336\/","og_site_name":"Editorial Claret","article_modified_time":"2026-01-19T16:17:25+00:00","og_image":[{"width":350,"height":501,"url":"https:\/\/www.editorialclaret.cat\/wp-content\/uploads\/9788491361336-1.jpg","type":"image\/jpeg"}],"twitter_card":"summary_large_image","twitter_misc":{"Tiempo de lectura":"1 minuto"},"schema":{"@context":"https:\/\/schema.org","@graph":[{"@type":"WebPage","@id":"https:\/\/www.editorialclaret.cat\/producte\/de-profesion-misionero-9788491361336\/","url":"https:\/\/www.editorialclaret.cat\/producte\/de-profesion-misionero-9788491361336\/","name":"DE PROFESI\u00d3N, MISIONERO - Editorial Claret","isPartOf":{"@id":"https:\/\/www.editorialclaret.cat\/#website"},"primaryImageOfPage":{"@id":"https:\/\/www.editorialclaret.cat\/producte\/de-profesion-misionero-9788491361336\/#primaryimage"},"image":{"@id":"https:\/\/www.editorialclaret.cat\/producte\/de-profesion-misionero-9788491361336\/#primaryimage"},"thumbnailUrl":"https:\/\/www.editorialclaret.cat\/wp-content\/uploads\/9788491361336-1.jpg","datePublished":"2022-10-18T07:02:15+00:00","dateModified":"2026-01-19T16:17:25+00:00","breadcrumb":{"@id":"https:\/\/www.editorialclaret.cat\/producte\/de-profesion-misionero-9788491361336\/#breadcrumb"},"inLanguage":"es","potentialAction":[{"@type":"ReadAction","target":["https:\/\/www.editorialclaret.cat\/producte\/de-profesion-misionero-9788491361336\/"]}]},{"@type":"ImageObject","inLanguage":"es","@id":"https:\/\/www.editorialclaret.cat\/producte\/de-profesion-misionero-9788491361336\/#primaryimage","url":"https:\/\/www.editorialclaret.cat\/wp-content\/uploads\/9788491361336-1.jpg","contentUrl":"https:\/\/www.editorialclaret.cat\/wp-content\/uploads\/9788491361336-1.jpg","width":350,"height":501,"caption":"9788491361336.jpg"},{"@type":"BreadcrumbList","@id":"https:\/\/www.editorialclaret.cat\/producte\/de-profesion-misionero-9788491361336\/#breadcrumb","itemListElement":[{"@type":"ListItem","position":1,"name":"Portada","item":"https:\/\/www.editorialclaret.cat\/es\/"},{"@type":"ListItem","position":2,"name":"Botiga","item":"https:\/\/www.editorialclaret.cat\/?page_id=16"},{"@type":"ListItem","position":3,"name":"DE PROFESI\u00d3N, MISIONERO"}]},{"@type":"WebSite","@id":"https:\/\/www.editorialclaret.cat\/#website","url":"https:\/\/www.editorialclaret.cat\/","name":"Editorial Claret","description":"","publisher":{"@id":"https:\/\/www.editorialclaret.cat\/#organization"},"potentialAction":[{"@type":"SearchAction","target":{"@type":"EntryPoint","urlTemplate":"https:\/\/www.editorialclaret.cat\/?s={search_term_string}"},"query-input":{"@type":"PropertyValueSpecification","valueRequired":true,"valueName":"search_term_string"}}],"inLanguage":"es"},{"@type":"Organization","@id":"https:\/\/www.editorialclaret.cat\/#organization","name":"Editorial Claret","url":"https:\/\/www.editorialclaret.cat\/","logo":{"@type":"ImageObject","inLanguage":"es","@id":"https:\/\/www.editorialclaret.cat\/#\/schema\/logo\/image\/","url":"https:\/\/www.editorialclaret.cat\/wp-content\/uploads\/.\/logo-claret.png","contentUrl":"https:\/\/www.editorialclaret.cat\/wp-content\/uploads\/.\/logo-claret.png","width":194,"height":79,"caption":"Editorial Claret"},"image":{"@id":"https:\/\/www.editorialclaret.cat\/#\/schema\/logo\/image\/"}}]}},"_links":{"self":[{"href":"https:\/\/www.editorialclaret.cat\/es\/wp-json\/wp\/v2\/product\/8533","targetHints":{"allow":["GET"]}}],"collection":[{"href":"https:\/\/www.editorialclaret.cat\/es\/wp-json\/wp\/v2\/product"}],"about":[{"href":"https:\/\/www.editorialclaret.cat\/es\/wp-json\/wp\/v2\/types\/product"}],"wp:featuredmedia":[{"embeddable":true,"href":"https:\/\/www.editorialclaret.cat\/es\/wp-json\/wp\/v2\/media\/70268"}],"wp:attachment":[{"href":"https:\/\/www.editorialclaret.cat\/es\/wp-json\/wp\/v2\/media?parent=8533"}],"wp:term":[{"taxonomy":"product_brand","embeddable":true,"href":"https:\/\/www.editorialclaret.cat\/es\/wp-json\/wp\/v2\/product_brand?post=8533"},{"taxonomy":"product_cat","embeddable":true,"href":"https:\/\/www.editorialclaret.cat\/es\/wp-json\/wp\/v2\/product_cat?post=8533"},{"taxonomy":"product_tag","embeddable":true,"href":"https:\/\/www.editorialclaret.cat\/es\/wp-json\/wp\/v2\/product_tag?post=8533"}],"curies":[{"name":"wp","href":"https:\/\/api.w.org\/{rel}","templated":true}]}}

DE PROFESIÓN, MISIONERO

<p>Josep Xifré Mussach nació en Vich en 1817 y falleció en Cervera en 1899. Se ordenó sacerdote en Roma y ejerció de vicario en Prats de Lluçanès. Cuando Mn. Anton Claret realizó «el pensamiento de fundar una Congregación de hombres que, revestidos de su mismo espíritu apostólico, tuviesen el objeto que Él deseaba y pedía», contó con el apoyo entusiasta de Mn. Xifré y otros cuatro compañeros. En sus cuarenta años al frente de la Congregación la gobernó con amor y firmeza y la puso al servicio de la Iglesia de su tiempo.</p>

Rústica

SEMBLANZA DEL P. JOSEP XIFRÉ I MUSSACH, CMF

<!-- This site is optimized with the Yoast SEO plugin v27.3 - https://yoast.com/product/yoast-seo-wordpress/ -->
<title>Editorial Claret</title>
<meta name="robots" content="noindex, follow, max-snippet:-1, max-image-preview:large, max-video-preview:-1" />
<meta property="og:locale" content="es_ES" />
<meta property="og:type" content="article" />
<meta property="og:title" content="DE PROFESIÓN, MISIONERO - Editorial Claret" />
<meta property="og:description" content="SIDERA PLANA, CMF, P. JAUME" />
<meta property="og:url" content="https://www.editorialclaret.cat/producte/de-profesion-misionero-9788491361336/" />
<meta property="og:site_name" content="Editorial Claret" />
<meta property="article:modified_time" content="2026-01-19T16:17:25+00:00" />
<meta property="og:image" content="https://www.editorialclaret.cat/wp-content/uploads/9788491361336-1.jpg" />
	<meta property="og:image:width" content="350" />
	<meta property="og:image:height" content="501" />
	<meta property="og:image:type" content="image/jpeg" />
<meta name="twitter:card" content="summary_large_image" />
<meta name="twitter:label1" content="Tiempo de lectura" />
	<meta name="twitter:data1" content="1 minuto" />
<script type="application/ld+json" class="yoast-schema-graph">{"@context":"https:\/\/schema.org","@graph":[{"@type":"WebPage","@id":"https:\/\/www.editorialclaret.cat\/producte\/de-profesion-misionero-9788491361336\/","url":"https:\/\/www.editorialclaret.cat\/producte\/de-profesion-misionero-9788491361336\/","name":"DE PROFESIÓN, MISIONERO - Editorial Claret","isPartOf":{"@id":"https:\/\/www.editorialclaret.cat\/#website"},"primaryImageOfPage":{"@id":"https:\/\/www.editorialclaret.cat\/producte\/de-profesion-misionero-9788491361336\/#primaryimage"},"image":{"@id":"https:\/\/www.editorialclaret.cat\/producte\/de-profesion-misionero-9788491361336\/#primaryimage"},"thumbnailUrl":"https:\/\/www.editorialclaret.cat\/wp-content\/uploads\/9788491361336-1.jpg","datePublished":"2022-10-18T07:02:15+00:00","dateModified":"2026-01-19T16:17:25+00:00","breadcrumb":{"@id":"https:\/\/www.editorialclaret.cat\/producte\/de-profesion-misionero-9788491361336\/#breadcrumb"},"inLanguage":"es","potentialAction":[{"@type":"ReadAction","target":["https:\/\/www.editorialclaret.cat\/producte\/de-profesion-misionero-9788491361336\/"]}]},{"@type":"ImageObject","inLanguage":"es","@id":"https:\/\/www.editorialclaret.cat\/producte\/de-profesion-misionero-9788491361336\/#primaryimage","url":"https:\/\/www.editorialclaret.cat\/wp-content\/uploads\/9788491361336-1.jpg","contentUrl":"https:\/\/www.editorialclaret.cat\/wp-content\/uploads\/9788491361336-1.jpg","width":350,"height":501,"caption":"9788491361336.jpg"},{"@type":"BreadcrumbList","@id":"https:\/\/www.editorialclaret.cat\/producte\/de-profesion-misionero-9788491361336\/#breadcrumb","itemListElement":[{"@type":"ListItem","position":1,"name":"Portada","item":"https:\/\/www.editorialclaret.cat\/es\/"},{"@type":"ListItem","position":2,"name":"Botiga","item":"https:\/\/www.editorialclaret.cat\/?page_id=16"},{"@type":"ListItem","position":3,"name":"DE PROFESIÓN, MISIONERO"}]},{"@type":"WebSite","@id":"https:\/\/www.editorialclaret.cat\/#website","url":"https:\/\/www.editorialclaret.cat\/","name":"Editorial Claret","description":"","publisher":{"@id":"https:\/\/www.editorialclaret.cat\/#organization"},"potentialAction":[{"@type":"SearchAction","target":{"@type":"EntryPoint","urlTemplate":"https:\/\/www.editorialclaret.cat\/?s={search_term_string}"},"query-input":{"@type":"PropertyValueSpecification","valueRequired":true,"valueName":"search_term_string"}}],"inLanguage":"es"},{"@type":"Organization","@id":"https:\/\/www.editorialclaret.cat\/#organization","name":"Editorial Claret","url":"https:\/\/www.editorialclaret.cat\/","logo":{"@type":"ImageObject","inLanguage":"es","@id":"https:\/\/www.editorialclaret.cat\/#\/schema\/logo\/image\/","url":"https:\/\/www.editorialclaret.cat\/wp-content\/uploads\/.\/logo-claret.png","contentUrl":"https:\/\/www.editorialclaret.cat\/wp-content\/uploads\/.\/logo-claret.png","width":194,"height":79,"caption":"Editorial Claret"},"image":{"@id":"https:\/\/www.editorialclaret.cat\/#\/schema\/logo\/image\/"}}]}</script>
<!-- / Yoast SEO plugin. -->

DE PROFESIÓN, MISIONERO - Editorial Claret
