{"id":8365,"date":"2022-10-18T09:00:24","date_gmt":"2022-10-18T07:00:24","guid":{"rendered":"http:\/\/dev.editorialclaret.cat\/producte\/els-verbs-conjugats\/"},"modified":"2025-05-30T16:21:19","modified_gmt":"2025-05-30T14:21:19","slug":"els-verbs-conjugats-9788491363095","status":"publish","type":"product","link":"https:\/\/www.editorialclaret.cat\/es\/producto\/els-verbs-conjugats-9788491363095\/","title":{"rendered":"ELS VERBS CONJUGATS"},"content":{"rendered":"<p>Aquest \u00e9s un llibre de consulta r\u00e0pida de la conjugaci\u00f3 dels verbs catalans. Qualsevol dubte que se li pugui presentar a l&#8217;usuari sobre qualsevol verb, el podr\u00e0 resoldre consultant en l&#8217;\u00edndex de verbs el verb que li interessi; el n\u00famero del costat el remetr\u00e0 al verb model segons el qual es conjuga. Nom\u00e9s cal fer la comparaci\u00f3 entre el verb que es busca i el seu model i el dubte estar\u00e0 resolt. L&#8217;\u00edndex d&#8217;Els verbs conjugats inclou tots els verbs (m\u00e9s de 8.800) continguts en el Diccionari de l&#8217;Institut d&#8217;Estudis<br \/>Catalans, el diccionari normatiu de la llengua catalana.<br \/>Aquesta edici\u00f3 ha estat actualitzada per recollir els canvis ortogr\u00e0fics derivats de la nova Ortografia de la Llengua Catalana publicada recentment per l&#8217;IEC.<\/p>\n","protected":false},"excerpt":{"rendered":"<p>XURIGUERA, JOAN BAPTISTA<\/p>\n","protected":false},"featured_media":8366,"template":"","meta":{"_acf_changed":false,"rs_blank_template":"","rs_page_bg_color":"","slide_template_v7":"","inline_featured_image":false,"_monsterinsights_skip_tracking":false,"_monsterinsights_sitenote_active":false,"_monsterinsights_sitenote_note":"","_monsterinsights_sitenote_category":0},"product_brand":[],"product_cat":[1300,1307],"product_tag":[],"class_list":{"0":"post-8365","1":"product","2":"type-product","3":"status-publish","4":"has-post-thumbnail","6":"product_cat-pompeu-fabra","7":"product_cat-pompeu-fabra-2","9":"first","10":"instock","11":"taxable","12":"shipping-taxable","13":"purchasable","14":"product-type-simple"},"acf":{"autor":"XURIGUERA, JOAN BAPTISTA","codart":"849136309","libros-coleccion":"FORA DE COL.LECCI\u00d3","ediciones":"16","encuadernacion":"R\u00fastica","fecha_de_publicacion":"29\/10\/2020","novedad":"0","paginas":"316","subtitulo":"LA CONJUGACI\u00d3 DELS M\u00c9S DE 8.800 VERBS INCLOSOS EN EL DIEC","orden":"0","portada":"0","idioma":"cat","autores-libros":[{"ID":46564,"post_author":"3","post_date":"2022-10-24 13:03:48","post_date_gmt":"2022-10-24 11:03:48","post_content":"","post_title":"JOAN BAPTISTA XURIGUERA","post_excerpt":"","post_status":"publish","comment_status":"closed","ping_status":"closed","post_password":"","post_name":"joan-baptista-xuriguera","to_ping":"","pinged":"","post_modified":"2022-10-24 13:03:48","post_modified_gmt":"2022-10-24 11:03:48","post_content_filtered":"","post_parent":0,"guid":"http:\/\/dev.editorialclaret.cat\/autor\/joan-baptista-xuriguera\/","menu_order":0,"post_type":"autor","post_mime_type":"","comment_count":"0","filter":"raw"}],"booktrailer":"","linkebook":"","ficha":"849136309_1688650899.pdf","muestra":"","precioebook":"0","presentacion":"","resenas":""},"yoast_head":"<!-- This site is optimized with the Yoast SEO plugin v27.3 - https:\/\/yoast.com\/product\/yoast-seo-wordpress\/ -->\n<title>Editorial Claret<\/title>\n<meta name=\"robots\" content=\"noindex, follow, max-snippet:-1, max-image-preview:large, max-video-preview:-1\" \/>\n<meta property=\"og:locale\" content=\"es_ES\" \/>\n<meta property=\"og:type\" content=\"article\" \/>\n<meta property=\"og:title\" content=\"ELS VERBS CONJUGATS - Editorial Claret\" \/>\n<meta property=\"og:description\" content=\"XURIGUERA, JOAN BAPTISTA\" \/>\n<meta property=\"og:url\" content=\"https:\/\/www.editorialclaret.cat\/producte\/els-verbs-conjugats-9788491363095\/\" \/>\n<meta property=\"og:site_name\" content=\"Editorial Claret\" \/>\n<meta property=\"article:modified_time\" content=\"2025-05-30T14:21:19+00:00\" \/>\n<meta property=\"og:image\" content=\"https:\/\/www.editorialclaret.cat\/wp-content\/uploads\/.\/9788491363095.jpg\" \/>\n\t<meta property=\"og:image:width\" content=\"225\" \/>\n\t<meta property=\"og:image:height\" content=\"331\" \/>\n\t<meta property=\"og:image:type\" content=\"image\/jpeg\" \/>\n<meta name=\"twitter:card\" content=\"summary_large_image\" \/>\n<meta name=\"twitter:label1\" content=\"Tiempo de lectura\" \/>\n\t<meta name=\"twitter:data1\" content=\"1 minuto\" \/>\n<script type=\"application\/ld+json\" class=\"yoast-schema-graph\">{\"@context\":\"https:\\\/\\\/schema.org\",\"@graph\":[{\"@type\":\"WebPage\",\"@id\":\"https:\\\/\\\/www.editorialclaret.cat\\\/producte\\\/els-verbs-conjugats-9788491363095\\\/\",\"url\":\"https:\\\/\\\/www.editorialclaret.cat\\\/producte\\\/els-verbs-conjugats-9788491363095\\\/\",\"name\":\"ELS VERBS CONJUGATS - Editorial Claret\",\"isPartOf\":{\"@id\":\"https:\\\/\\\/www.editorialclaret.cat\\\/#website\"},\"primaryImageOfPage\":{\"@id\":\"https:\\\/\\\/www.editorialclaret.cat\\\/producte\\\/els-verbs-conjugats-9788491363095\\\/#primaryimage\"},\"image\":{\"@id\":\"https:\\\/\\\/www.editorialclaret.cat\\\/producte\\\/els-verbs-conjugats-9788491363095\\\/#primaryimage\"},\"thumbnailUrl\":\"https:\\\/\\\/www.editorialclaret.cat\\\/wp-content\\\/uploads\\\/.\\\/9788491363095.jpg\",\"datePublished\":\"2022-10-18T07:00:24+00:00\",\"dateModified\":\"2025-05-30T14:21:19+00:00\",\"breadcrumb\":{\"@id\":\"https:\\\/\\\/www.editorialclaret.cat\\\/producte\\\/els-verbs-conjugats-9788491363095\\\/#breadcrumb\"},\"inLanguage\":\"es\",\"potentialAction\":[{\"@type\":\"ReadAction\",\"target\":[\"https:\\\/\\\/www.editorialclaret.cat\\\/producte\\\/els-verbs-conjugats-9788491363095\\\/\"]}]},{\"@type\":\"ImageObject\",\"inLanguage\":\"es\",\"@id\":\"https:\\\/\\\/www.editorialclaret.cat\\\/producte\\\/els-verbs-conjugats-9788491363095\\\/#primaryimage\",\"url\":\"https:\\\/\\\/www.editorialclaret.cat\\\/wp-content\\\/uploads\\\/.\\\/9788491363095.jpg\",\"contentUrl\":\"https:\\\/\\\/www.editorialclaret.cat\\\/wp-content\\\/uploads\\\/.\\\/9788491363095.jpg\",\"width\":225,\"height\":331,\"caption\":\"9788491363095.jpg\"},{\"@type\":\"BreadcrumbList\",\"@id\":\"https:\\\/\\\/www.editorialclaret.cat\\\/producte\\\/els-verbs-conjugats-9788491363095\\\/#breadcrumb\",\"itemListElement\":[{\"@type\":\"ListItem\",\"position\":1,\"name\":\"Portada\",\"item\":\"https:\\\/\\\/www.editorialclaret.cat\\\/es\\\/\"},{\"@type\":\"ListItem\",\"position\":2,\"name\":\"Botiga\",\"item\":\"https:\\\/\\\/www.editorialclaret.cat\\\/?page_id=16\"},{\"@type\":\"ListItem\",\"position\":3,\"name\":\"ELS VERBS CONJUGATS\"}]},{\"@type\":\"WebSite\",\"@id\":\"https:\\\/\\\/www.editorialclaret.cat\\\/#website\",\"url\":\"https:\\\/\\\/www.editorialclaret.cat\\\/\",\"name\":\"Editorial Claret\",\"description\":\"\",\"publisher\":{\"@id\":\"https:\\\/\\\/www.editorialclaret.cat\\\/#organization\"},\"potentialAction\":[{\"@type\":\"SearchAction\",\"target\":{\"@type\":\"EntryPoint\",\"urlTemplate\":\"https:\\\/\\\/www.editorialclaret.cat\\\/?s={search_term_string}\"},\"query-input\":{\"@type\":\"PropertyValueSpecification\",\"valueRequired\":true,\"valueName\":\"search_term_string\"}}],\"inLanguage\":\"es\"},{\"@type\":\"Organization\",\"@id\":\"https:\\\/\\\/www.editorialclaret.cat\\\/#organization\",\"name\":\"Editorial Claret\",\"url\":\"https:\\\/\\\/www.editorialclaret.cat\\\/\",\"logo\":{\"@type\":\"ImageObject\",\"inLanguage\":\"es\",\"@id\":\"https:\\\/\\\/www.editorialclaret.cat\\\/#\\\/schema\\\/logo\\\/image\\\/\",\"url\":\"https:\\\/\\\/www.editorialclaret.cat\\\/wp-content\\\/uploads\\\/.\\\/logo-claret.png\",\"contentUrl\":\"https:\\\/\\\/www.editorialclaret.cat\\\/wp-content\\\/uploads\\\/.\\\/logo-claret.png\",\"width\":194,\"height\":79,\"caption\":\"Editorial Claret\"},\"image\":{\"@id\":\"https:\\\/\\\/www.editorialclaret.cat\\\/#\\\/schema\\\/logo\\\/image\\\/\"}}]}<\/script>\n<!-- \/ Yoast SEO plugin. -->","yoast_head_json":{"title":"Editorial Claret","robots":{"index":"noindex","follow":"follow","max-snippet":"max-snippet:-1","max-image-preview":"max-image-preview:large","max-video-preview":"max-video-preview:-1"},"og_locale":"es_ES","og_type":"article","og_title":"ELS VERBS CONJUGATS - Editorial Claret","og_description":"XURIGUERA, JOAN BAPTISTA","og_url":"https:\/\/www.editorialclaret.cat\/producte\/els-verbs-conjugats-9788491363095\/","og_site_name":"Editorial Claret","article_modified_time":"2025-05-30T14:21:19+00:00","og_image":[{"width":225,"height":331,"url":"https:\/\/www.editorialclaret.cat\/wp-content\/uploads\/.\/9788491363095.jpg","type":"image\/jpeg"}],"twitter_card":"summary_large_image","twitter_misc":{"Tiempo de lectura":"1 minuto"},"schema":{"@context":"https:\/\/schema.org","@graph":[{"@type":"WebPage","@id":"https:\/\/www.editorialclaret.cat\/producte\/els-verbs-conjugats-9788491363095\/","url":"https:\/\/www.editorialclaret.cat\/producte\/els-verbs-conjugats-9788491363095\/","name":"ELS VERBS CONJUGATS - Editorial Claret","isPartOf":{"@id":"https:\/\/www.editorialclaret.cat\/#website"},"primaryImageOfPage":{"@id":"https:\/\/www.editorialclaret.cat\/producte\/els-verbs-conjugats-9788491363095\/#primaryimage"},"image":{"@id":"https:\/\/www.editorialclaret.cat\/producte\/els-verbs-conjugats-9788491363095\/#primaryimage"},"thumbnailUrl":"https:\/\/www.editorialclaret.cat\/wp-content\/uploads\/.\/9788491363095.jpg","datePublished":"2022-10-18T07:00:24+00:00","dateModified":"2025-05-30T14:21:19+00:00","breadcrumb":{"@id":"https:\/\/www.editorialclaret.cat\/producte\/els-verbs-conjugats-9788491363095\/#breadcrumb"},"inLanguage":"es","potentialAction":[{"@type":"ReadAction","target":["https:\/\/www.editorialclaret.cat\/producte\/els-verbs-conjugats-9788491363095\/"]}]},{"@type":"ImageObject","inLanguage":"es","@id":"https:\/\/www.editorialclaret.cat\/producte\/els-verbs-conjugats-9788491363095\/#primaryimage","url":"https:\/\/www.editorialclaret.cat\/wp-content\/uploads\/.\/9788491363095.jpg","contentUrl":"https:\/\/www.editorialclaret.cat\/wp-content\/uploads\/.\/9788491363095.jpg","width":225,"height":331,"caption":"9788491363095.jpg"},{"@type":"BreadcrumbList","@id":"https:\/\/www.editorialclaret.cat\/producte\/els-verbs-conjugats-9788491363095\/#breadcrumb","itemListElement":[{"@type":"ListItem","position":1,"name":"Portada","item":"https:\/\/www.editorialclaret.cat\/es\/"},{"@type":"ListItem","position":2,"name":"Botiga","item":"https:\/\/www.editorialclaret.cat\/?page_id=16"},{"@type":"ListItem","position":3,"name":"ELS VERBS CONJUGATS"}]},{"@type":"WebSite","@id":"https:\/\/www.editorialclaret.cat\/#website","url":"https:\/\/www.editorialclaret.cat\/","name":"Editorial Claret","description":"","publisher":{"@id":"https:\/\/www.editorialclaret.cat\/#organization"},"potentialAction":[{"@type":"SearchAction","target":{"@type":"EntryPoint","urlTemplate":"https:\/\/www.editorialclaret.cat\/?s={search_term_string}"},"query-input":{"@type":"PropertyValueSpecification","valueRequired":true,"valueName":"search_term_string"}}],"inLanguage":"es"},{"@type":"Organization","@id":"https:\/\/www.editorialclaret.cat\/#organization","name":"Editorial Claret","url":"https:\/\/www.editorialclaret.cat\/","logo":{"@type":"ImageObject","inLanguage":"es","@id":"https:\/\/www.editorialclaret.cat\/#\/schema\/logo\/image\/","url":"https:\/\/www.editorialclaret.cat\/wp-content\/uploads\/.\/logo-claret.png","contentUrl":"https:\/\/www.editorialclaret.cat\/wp-content\/uploads\/.\/logo-claret.png","width":194,"height":79,"caption":"Editorial Claret"},"image":{"@id":"https:\/\/www.editorialclaret.cat\/#\/schema\/logo\/image\/"}}]}},"_links":{"self":[{"href":"https:\/\/www.editorialclaret.cat\/es\/wp-json\/wp\/v2\/product\/8365","targetHints":{"allow":["GET"]}}],"collection":[{"href":"https:\/\/www.editorialclaret.cat\/es\/wp-json\/wp\/v2\/product"}],"about":[{"href":"https:\/\/www.editorialclaret.cat\/es\/wp-json\/wp\/v2\/types\/product"}],"wp:featuredmedia":[{"embeddable":true,"href":"https:\/\/www.editorialclaret.cat\/es\/wp-json\/wp\/v2\/media\/8366"}],"wp:attachment":[{"href":"https:\/\/www.editorialclaret.cat\/es\/wp-json\/wp\/v2\/media?parent=8365"}],"wp:term":[{"taxonomy":"product_brand","embeddable":true,"href":"https:\/\/www.editorialclaret.cat\/es\/wp-json\/wp\/v2\/product_brand?post=8365"},{"taxonomy":"product_cat","embeddable":true,"href":"https:\/\/www.editorialclaret.cat\/es\/wp-json\/wp\/v2\/product_cat?post=8365"},{"taxonomy":"product_tag","embeddable":true,"href":"https:\/\/www.editorialclaret.cat\/es\/wp-json\/wp\/v2\/product_tag?post=8365"}],"curies":[{"name":"wp","href":"https:\/\/api.w.org\/{rel}","templated":true}]}}

<p>Aquest és un llibre de consulta ràpida de la conjugació dels verbs catalans. Qualsevol dubte que se li pugui presentar a l&#8217;usuari sobre qualsevol verb, el podrà resoldre consultant en l&#8217;índex de verbs el verb que li interessi; el número del costat el remetrà al verb model segons el qual es conjuga. Només cal fer la comparació entre el verb que es busca i el seu model i el dubte estarà resolt. L&#8217;índex d&#8217;Els verbs conjugats inclou tots els verbs (més de 8.800) continguts en el Diccionari de l&#8217;Institut d&#8217;Estudis<br />Catalans, el diccionari normatiu de la llengua catalana.<br />Aquesta edició ha estat actualitzada per recollir els canvis ortogràfics derivats de la nova Ortografia de la Llengua Catalana publicada recentment per l&#8217;IEC.</p>

FORA DE COL.LECCIÓ

Rústica

LA CONJUGACIÓ DELS MÉS DE 8.800 VERBS INCLOSOS EN EL DIEC
