{"id":8290,"date":"2022-10-18T08:59:34","date_gmt":"2022-10-18T06:59:34","guid":{"rendered":"http:\/\/dev.editorialclaret.cat\/producte\/persones-i-treball\/"},"modified":"2024-07-02T10:45:05","modified_gmt":"2024-07-02T08:45:05","slug":"persones-i-treball-9788491363965","status":"publish","type":"product","link":"https:\/\/www.editorialclaret.cat\/es\/producto\/persones-i-treball-9788491363965\/","title":{"rendered":"PERSONES I TREBALL"},"content":{"rendered":"<p>Per treball hem d&#8217;entendre tot tipus d&#8217;acci\u00f3 realitzada per les persones que s&#8217;ha de poder fer independentment de les caracter\u00edstiques i les circumst\u00e0ncies personals. Aquesta activitat ha de ser reconeguda per tot all\u00f2 que representa, tant en l&#8217;\u00e0mbit individual com col\u00b7lectiu. \u00c9s per aix\u00f2 que la humanitat del treball ha d&#8217;estar en el centre de la seva acci\u00f3 i del seu reconeixement.<br \/> Observar, analitzar, discernir i proposar mesures sobre el treball ha estat una constant, i m\u00e9s en les darreres d\u00e8cades, quan el model de desenvolupament en qu\u00e8 vivim ha suposat canvis i traject\u00f2ries diferents molt importants en el m\u00f3n del treball i han afectat significativament l&#8217;evoluci\u00f3 de les societats i de l&#8217;esp\u00e8cie humana en general.<br \/> L&#8217;Esgl\u00e9sia tamb\u00e9 s&#8217;ha pres el treball i el m\u00f3n del treball com un dels aspectes sobre els quals calia incidir i fer les seves aportacions doctrinals. S\u00f3n m\u00faltiples els textos en els quals, de forma continuada, es fa refer\u00e8ncia al treball. A m\u00e9s d&#8217;haver-hi un compendi doctrinal, els diferents pont\u00edfexs sempre han tractat aquesta q\u00fcesti\u00f3 en altres documents i missatges de forma m\u00e9s o menys exhaustiva. A m\u00e9s, l&#8217;acci\u00f3 individual o col\u00b7lectiva de persones laiques enriqueix el paper de l&#8217;Esgl\u00e9sia en favor d&#8217;un m\u00f3n del treball m\u00e9s just i respectu\u00f3s amb la dignitat del treball i de les persones que el realitzen.<\/p>\n<p>Pots veure la presentaci\u00f3 aqu\u00ed:<\/p>\n","protected":false},"excerpt":{"rendered":"<p>ALLEPUZ, RAFAEL<\/p>\n","protected":false},"featured_media":8291,"template":"","meta":{"_acf_changed":false,"rs_blank_template":"","rs_page_bg_color":"","slide_template_v7":"","inline_featured_image":false,"_monsterinsights_skip_tracking":false,"_monsterinsights_sitenote_active":false,"_monsterinsights_sitenote_note":"","_monsterinsights_sitenote_category":0},"product_brand":[],"product_cat":[1041,1289,1292],"product_tag":[],"class_list":{"0":"post-8290","1":"product","2":"type-product","3":"status-publish","4":"has-post-thumbnail","6":"product_cat-catala","7":"product_cat-oikos","8":"product_cat-oikos-2","10":"first","11":"instock","12":"taxable","13":"shipping-taxable","14":"purchasable","15":"product-type-simple"},"acf":{"autor":"ALLEPUZ, RAFAEL","codart":"849136396","libros-coleccion":"FORA DE COL.LECCI\u00d3","ediciones":"1","encuadernacion":"R\u00fastica","fecha_de_publicacion":"01\/12\/2021","novedad":"0","paginas":"164","subtitulo":"UNA RADIOGRAFIA DEL TREBALL I DE L'IDEARI CRISTI\u00c0","orden":"1000","portada":"0","idioma":"cat","autores-libros":[{"ID":46616,"post_author":"3","post_date":"2022-10-24 13:04:22","post_date_gmt":"2022-10-24 11:04:22","post_content":"","post_title":"RAFAEL ALLEPUZ","post_excerpt":"","post_status":"publish","comment_status":"closed","ping_status":"closed","post_password":"","post_name":"rafael-allepuz","to_ping":"","pinged":"","post_modified":"2022-10-24 13:04:22","post_modified_gmt":"2022-10-24 11:04:22","post_content_filtered":"","post_parent":0,"guid":"http:\/\/dev.editorialclaret.cat\/autor\/rafael-allepuz\/","menu_order":0,"post_type":"autor","post_mime_type":"","comment_count":"0","filter":"raw"}],"booktrailer":"","linkebook":"","ficha":"849136396_1689071016.pdf","muestra":"","precioebook":"0","presentacion":"","resenas":"<p>Full Dominical (bisbat de Lleida), 28\/04\/2024<\/p>\n<p><a href=\"https:\/\/www.bisbatlleida.org\/sites\/default\/files\/LLEIDA%2028%2004%2024%20web.pdf\" rel=\"noopener noreferrer\" target=\"_blank\">https:\/\/www.bisbatlleida.org\/sites\/default\/files\/LLEIDA%2028%2004%2024%20web.pdf<\/a><\/p>\n"},"yoast_head":"<!-- This site is optimized with the Yoast SEO plugin v27.3 - https:\/\/yoast.com\/product\/yoast-seo-wordpress\/ -->\n<title>Editorial Claret<\/title>\n<meta name=\"robots\" content=\"noindex, follow, max-snippet:-1, max-image-preview:large, max-video-preview:-1\" \/>\n<meta property=\"og:locale\" content=\"es_ES\" \/>\n<meta property=\"og:type\" content=\"article\" \/>\n<meta property=\"og:title\" content=\"PERSONES I TREBALL - Editorial Claret\" \/>\n<meta property=\"og:description\" content=\"ALLEPUZ, RAFAEL\" \/>\n<meta property=\"og:url\" content=\"https:\/\/www.editorialclaret.cat\/producte\/persones-i-treball-9788491363965\/\" \/>\n<meta property=\"og:site_name\" content=\"Editorial Claret\" \/>\n<meta property=\"article:modified_time\" content=\"2024-07-02T08:45:05+00:00\" \/>\n<meta property=\"og:image\" content=\"https:\/\/www.editorialclaret.cat\/wp-content\/uploads\/.\/9788491363965.jpg\" \/>\n\t<meta property=\"og:image:width\" content=\"225\" \/>\n\t<meta property=\"og:image:height\" content=\"334\" \/>\n\t<meta property=\"og:image:type\" content=\"image\/jpeg\" \/>\n<meta name=\"twitter:card\" content=\"summary_large_image\" \/>\n<meta name=\"twitter:label1\" content=\"Tiempo de lectura\" \/>\n\t<meta name=\"twitter:data1\" content=\"1 minuto\" \/>\n<script type=\"application\/ld+json\" class=\"yoast-schema-graph\">{\"@context\":\"https:\\\/\\\/schema.org\",\"@graph\":[{\"@type\":\"WebPage\",\"@id\":\"https:\\\/\\\/www.editorialclaret.cat\\\/producte\\\/persones-i-treball-9788491363965\\\/\",\"url\":\"https:\\\/\\\/www.editorialclaret.cat\\\/producte\\\/persones-i-treball-9788491363965\\\/\",\"name\":\"PERSONES I TREBALL - Editorial Claret\",\"isPartOf\":{\"@id\":\"https:\\\/\\\/www.editorialclaret.cat\\\/#website\"},\"primaryImageOfPage\":{\"@id\":\"https:\\\/\\\/www.editorialclaret.cat\\\/producte\\\/persones-i-treball-9788491363965\\\/#primaryimage\"},\"image\":{\"@id\":\"https:\\\/\\\/www.editorialclaret.cat\\\/producte\\\/persones-i-treball-9788491363965\\\/#primaryimage\"},\"thumbnailUrl\":\"https:\\\/\\\/www.editorialclaret.cat\\\/wp-content\\\/uploads\\\/.\\\/9788491363965.jpg\",\"datePublished\":\"2022-10-18T06:59:34+00:00\",\"dateModified\":\"2024-07-02T08:45:05+00:00\",\"breadcrumb\":{\"@id\":\"https:\\\/\\\/www.editorialclaret.cat\\\/producte\\\/persones-i-treball-9788491363965\\\/#breadcrumb\"},\"inLanguage\":\"es\",\"potentialAction\":[{\"@type\":\"ReadAction\",\"target\":[\"https:\\\/\\\/www.editorialclaret.cat\\\/producte\\\/persones-i-treball-9788491363965\\\/\"]}]},{\"@type\":\"ImageObject\",\"inLanguage\":\"es\",\"@id\":\"https:\\\/\\\/www.editorialclaret.cat\\\/producte\\\/persones-i-treball-9788491363965\\\/#primaryimage\",\"url\":\"https:\\\/\\\/www.editorialclaret.cat\\\/wp-content\\\/uploads\\\/.\\\/9788491363965.jpg\",\"contentUrl\":\"https:\\\/\\\/www.editorialclaret.cat\\\/wp-content\\\/uploads\\\/.\\\/9788491363965.jpg\",\"width\":225,\"height\":334,\"caption\":\"9788491363965.jpg\"},{\"@type\":\"BreadcrumbList\",\"@id\":\"https:\\\/\\\/www.editorialclaret.cat\\\/producte\\\/persones-i-treball-9788491363965\\\/#breadcrumb\",\"itemListElement\":[{\"@type\":\"ListItem\",\"position\":1,\"name\":\"Portada\",\"item\":\"https:\\\/\\\/www.editorialclaret.cat\\\/es\\\/\"},{\"@type\":\"ListItem\",\"position\":2,\"name\":\"Botiga\",\"item\":\"https:\\\/\\\/www.editorialclaret.cat\\\/?page_id=16\"},{\"@type\":\"ListItem\",\"position\":3,\"name\":\"PERSONES I TREBALL\"}]},{\"@type\":\"WebSite\",\"@id\":\"https:\\\/\\\/www.editorialclaret.cat\\\/#website\",\"url\":\"https:\\\/\\\/www.editorialclaret.cat\\\/\",\"name\":\"Editorial Claret\",\"description\":\"\",\"publisher\":{\"@id\":\"https:\\\/\\\/www.editorialclaret.cat\\\/#organization\"},\"potentialAction\":[{\"@type\":\"SearchAction\",\"target\":{\"@type\":\"EntryPoint\",\"urlTemplate\":\"https:\\\/\\\/www.editorialclaret.cat\\\/?s={search_term_string}\"},\"query-input\":{\"@type\":\"PropertyValueSpecification\",\"valueRequired\":true,\"valueName\":\"search_term_string\"}}],\"inLanguage\":\"es\"},{\"@type\":\"Organization\",\"@id\":\"https:\\\/\\\/www.editorialclaret.cat\\\/#organization\",\"name\":\"Editorial Claret\",\"url\":\"https:\\\/\\\/www.editorialclaret.cat\\\/\",\"logo\":{\"@type\":\"ImageObject\",\"inLanguage\":\"es\",\"@id\":\"https:\\\/\\\/www.editorialclaret.cat\\\/#\\\/schema\\\/logo\\\/image\\\/\",\"url\":\"https:\\\/\\\/www.editorialclaret.cat\\\/wp-content\\\/uploads\\\/.\\\/logo-claret.png\",\"contentUrl\":\"https:\\\/\\\/www.editorialclaret.cat\\\/wp-content\\\/uploads\\\/.\\\/logo-claret.png\",\"width\":194,\"height\":79,\"caption\":\"Editorial Claret\"},\"image\":{\"@id\":\"https:\\\/\\\/www.editorialclaret.cat\\\/#\\\/schema\\\/logo\\\/image\\\/\"}}]}<\/script>\n<!-- \/ Yoast SEO plugin. -->","yoast_head_json":{"title":"Editorial Claret","robots":{"index":"noindex","follow":"follow","max-snippet":"max-snippet:-1","max-image-preview":"max-image-preview:large","max-video-preview":"max-video-preview:-1"},"og_locale":"es_ES","og_type":"article","og_title":"PERSONES I TREBALL - Editorial Claret","og_description":"ALLEPUZ, RAFAEL","og_url":"https:\/\/www.editorialclaret.cat\/producte\/persones-i-treball-9788491363965\/","og_site_name":"Editorial Claret","article_modified_time":"2024-07-02T08:45:05+00:00","og_image":[{"width":225,"height":334,"url":"https:\/\/www.editorialclaret.cat\/wp-content\/uploads\/.\/9788491363965.jpg","type":"image\/jpeg"}],"twitter_card":"summary_large_image","twitter_misc":{"Tiempo de lectura":"1 minuto"},"schema":{"@context":"https:\/\/schema.org","@graph":[{"@type":"WebPage","@id":"https:\/\/www.editorialclaret.cat\/producte\/persones-i-treball-9788491363965\/","url":"https:\/\/www.editorialclaret.cat\/producte\/persones-i-treball-9788491363965\/","name":"PERSONES I TREBALL - Editorial Claret","isPartOf":{"@id":"https:\/\/www.editorialclaret.cat\/#website"},"primaryImageOfPage":{"@id":"https:\/\/www.editorialclaret.cat\/producte\/persones-i-treball-9788491363965\/#primaryimage"},"image":{"@id":"https:\/\/www.editorialclaret.cat\/producte\/persones-i-treball-9788491363965\/#primaryimage"},"thumbnailUrl":"https:\/\/www.editorialclaret.cat\/wp-content\/uploads\/.\/9788491363965.jpg","datePublished":"2022-10-18T06:59:34+00:00","dateModified":"2024-07-02T08:45:05+00:00","breadcrumb":{"@id":"https:\/\/www.editorialclaret.cat\/producte\/persones-i-treball-9788491363965\/#breadcrumb"},"inLanguage":"es","potentialAction":[{"@type":"ReadAction","target":["https:\/\/www.editorialclaret.cat\/producte\/persones-i-treball-9788491363965\/"]}]},{"@type":"ImageObject","inLanguage":"es","@id":"https:\/\/www.editorialclaret.cat\/producte\/persones-i-treball-9788491363965\/#primaryimage","url":"https:\/\/www.editorialclaret.cat\/wp-content\/uploads\/.\/9788491363965.jpg","contentUrl":"https:\/\/www.editorialclaret.cat\/wp-content\/uploads\/.\/9788491363965.jpg","width":225,"height":334,"caption":"9788491363965.jpg"},{"@type":"BreadcrumbList","@id":"https:\/\/www.editorialclaret.cat\/producte\/persones-i-treball-9788491363965\/#breadcrumb","itemListElement":[{"@type":"ListItem","position":1,"name":"Portada","item":"https:\/\/www.editorialclaret.cat\/es\/"},{"@type":"ListItem","position":2,"name":"Botiga","item":"https:\/\/www.editorialclaret.cat\/?page_id=16"},{"@type":"ListItem","position":3,"name":"PERSONES I TREBALL"}]},{"@type":"WebSite","@id":"https:\/\/www.editorialclaret.cat\/#website","url":"https:\/\/www.editorialclaret.cat\/","name":"Editorial Claret","description":"","publisher":{"@id":"https:\/\/www.editorialclaret.cat\/#organization"},"potentialAction":[{"@type":"SearchAction","target":{"@type":"EntryPoint","urlTemplate":"https:\/\/www.editorialclaret.cat\/?s={search_term_string}"},"query-input":{"@type":"PropertyValueSpecification","valueRequired":true,"valueName":"search_term_string"}}],"inLanguage":"es"},{"@type":"Organization","@id":"https:\/\/www.editorialclaret.cat\/#organization","name":"Editorial Claret","url":"https:\/\/www.editorialclaret.cat\/","logo":{"@type":"ImageObject","inLanguage":"es","@id":"https:\/\/www.editorialclaret.cat\/#\/schema\/logo\/image\/","url":"https:\/\/www.editorialclaret.cat\/wp-content\/uploads\/.\/logo-claret.png","contentUrl":"https:\/\/www.editorialclaret.cat\/wp-content\/uploads\/.\/logo-claret.png","width":194,"height":79,"caption":"Editorial Claret"},"image":{"@id":"https:\/\/www.editorialclaret.cat\/#\/schema\/logo\/image\/"}}]}},"_links":{"self":[{"href":"https:\/\/www.editorialclaret.cat\/es\/wp-json\/wp\/v2\/product\/8290","targetHints":{"allow":["GET"]}}],"collection":[{"href":"https:\/\/www.editorialclaret.cat\/es\/wp-json\/wp\/v2\/product"}],"about":[{"href":"https:\/\/www.editorialclaret.cat\/es\/wp-json\/wp\/v2\/types\/product"}],"wp:featuredmedia":[{"embeddable":true,"href":"https:\/\/www.editorialclaret.cat\/es\/wp-json\/wp\/v2\/media\/8291"}],"wp:attachment":[{"href":"https:\/\/www.editorialclaret.cat\/es\/wp-json\/wp\/v2\/media?parent=8290"}],"wp:term":[{"taxonomy":"product_brand","embeddable":true,"href":"https:\/\/www.editorialclaret.cat\/es\/wp-json\/wp\/v2\/product_brand?post=8290"},{"taxonomy":"product_cat","embeddable":true,"href":"https:\/\/www.editorialclaret.cat\/es\/wp-json\/wp\/v2\/product_cat?post=8290"},{"taxonomy":"product_tag","embeddable":true,"href":"https:\/\/www.editorialclaret.cat\/es\/wp-json\/wp\/v2\/product_tag?post=8290"}],"curies":[{"name":"wp","href":"https:\/\/api.w.org\/{rel}","templated":true}]}}

<p>Per treball hem d&#8217;entendre tot tipus d&#8217;acció realitzada per les persones que s&#8217;ha de poder fer independentment de les característiques i les circumstàncies personals. Aquesta activitat ha de ser reconeguda per tot allò que representa, tant en l&#8217;àmbit individual com col·lectiu. És per això que la humanitat del treball ha d&#8217;estar en el centre de la seva acció i del seu reconeixement.<br /> Observar, analitzar, discernir i proposar mesures sobre el treball ha estat una constant, i més en les darreres dècades, quan el model de desenvolupament en què vivim ha suposat canvis i trajectòries diferents molt importants en el món del treball i han afectat significativament l&#8217;evolució de les societats i de l&#8217;espècie humana en general.<br /> L&#8217;Església també s&#8217;ha pres el treball i el món del treball com un dels aspectes sobre els quals calia incidir i fer les seves aportacions doctrinals. Són múltiples els textos en els quals, de forma continuada, es fa referència al treball. A més d&#8217;haver-hi un compendi doctrinal, els diferents pontífexs sempre han tractat aquesta qüestió en altres documents i missatges de forma més o menys exhaustiva. A més, l&#8217;acció individual o col·lectiva de persones laiques enriqueix el paper de l&#8217;Església en favor d&#8217;un món del treball més just i respectuós amb la dignitat del treball i de les persones que el realitzen.</p>
<p>Pots veure la presentació aquí:</p>

FORA DE COL.LECCIÓ

Rústica

UNA RADIOGRAFIA DEL TREBALL I DE L'IDEARI CRISTIÀ
