{"id":70735,"date":"2026-04-25T13:10:02","date_gmt":"2026-04-25T11:10:02","guid":{"rendered":"https:\/\/www.editorialclaret.cat\/producte\/prosa-completa-9788491366492\/"},"modified":"2026-04-28T09:26:06","modified_gmt":"2026-04-28T07:26:06","slug":"prosa-completa-19552025-9788491366492","status":"publish","type":"product","link":"https:\/\/www.editorialclaret.cat\/es\/producto\/prosa-completa-19552025-9788491366492\/","title":{"rendered":"PROSA COMPLETA (1955-2025)"},"content":{"rendered":"<p>Aquest <strong>recull de textos en prosa<\/strong> ofereix una visi\u00f3 \u00e0mplia i profunda de m\u00e9s de <strong>setanta anys de producci\u00f3 liter\u00e0ria<\/strong>, m\u00e9s enll\u00e0 de l\u2019<strong>obra ling\u00fc\u00edstica acad\u00e8mica<\/strong> de l\u2019autor. L\u2019obra reuneix un ric ventall de <strong>temes literaris, hist\u00f2rics, period\u00edstics, religiosos i memorial\u00edstics<\/strong>, aix\u00ed com textos <strong>erudits<\/strong>, <strong>patri\u00f2tics<\/strong> i de <strong>reflexi\u00f3 sobre la llengua<\/strong>.<\/p>\n<p>Amb una clara vocaci\u00f3 <strong>humanista<\/strong>, el volum inclou tamb\u00e9 aportacions de <strong>ling\u00fc\u00edstica d\u2019inter\u00e8s local<\/strong>, configurant una obra diversa que explora la <strong>cultura<\/strong>, la <strong>identitat<\/strong> i el <strong>pensament<\/strong> des de m\u00faltiples perspectives. La majoria dels textos estan escrits en <strong>catal\u00e0<\/strong>, amb incursions puntuals en <strong>castell\u00e0<\/strong>, <strong>llat\u00ed<\/strong> i <strong>itali\u00e0<\/strong>, fet que refor\u00e7a el seu valor com a <strong>testimoni cultural i filol\u00f2gic<\/strong>.<\/p>\n<p>Una obra que esdev\u00e9 una <strong>mostra rica i variada d\u2019humanisme<\/strong>, ideal per a lectors interessats en la <strong>literatura catalana<\/strong>, la <strong>hist\u00f2ria cultural<\/strong>, la <strong>filologia<\/strong> i la <strong>reflexi\u00f3 intel\u00b7lectual<\/strong>.<\/p>\n<p class='ql-align-justify'><\/p>\n","protected":false},"excerpt":{"rendered":"<p>RUAIX I VINYET, JOSEP<\/p>\n","protected":false},"featured_media":70757,"template":"","meta":{"_acf_changed":false,"rs_blank_template":"","rs_page_bg_color":"","slide_template_v7":"","inline_featured_image":false,"_monsterinsights_skip_tracking":false,"_monsterinsights_sitenote_active":false,"_monsterinsights_sitenote_note":"","_monsterinsights_sitenote_category":0},"product_brand":[],"product_cat":[1204,967,1074,837,1073,836,1284],"product_tag":[],"class_list":{"0":"post-70735","1":"product","2":"type-product","3":"status-publish","4":"has-post-thumbnail","6":"product_cat-autores-espiritualidad-espiritualidad","7":"product_cat-autors-espiritualitat-espiritualitat","8":"product_cat-biografias","9":"product_cat-biografies","10":"product_cat-diccionarios","11":"product_cat-diccionaris","12":"product_cat-portada","14":"first","15":"instock","16":"taxable","17":"shipping-taxable","18":"purchasable","19":"product-type-simple"},"acf":{"autor":"RUAIX I VINYET, JOSEP","codart":"849136649","libros-coleccion":"FORA DE COL.LECCI\u00d3","ediciones":"1","encuadernacion":"R\u00fastica","fecha_de_publicacion":"05\/05\/2026","novedad":"0","paginas":"666","subtitulo":"","orden":"0","portada":"1","idioma":"cat","booktrailer":"","resenas":"","autores-libros":[{"ID":17467,"post_author":"3","post_date":"2022-10-19 01:12:42","post_date_gmt":"2022-10-18 23:12:42","post_content":"Eclesi\u00e0stic, gram\u00e0tic i escriptor. Estudi\u00e0\u00a0la carrera eclesi\u00e0stica i la de magisteri al\u00a0Seminari de Vic i a la Facultat de Teologia de Catalunya; es llicenci\u00e0 en humanitats al Pontifici Institut Superior de\u00a0Llatinitat en 1969 i en filologia cl\u00e0ssica a\u00a0la Universitat de Barcelona en 1979. Ordenat de prevere en 1966, ha exercit el ministeri sacerdotal en diverses parr\u00f2quies de Roma i del bisbat de Vic. Ha exercit\u00a0com a docent en nombrosos centres i ha publicat una\u00a0seixantena de t\u00edtols d\u2019obres sobre gram\u00e0tica.","post_title":"JOSEP RUAIX I VINYET","post_excerpt":"","post_status":"publish","comment_status":"closed","ping_status":"closed","post_password":"","post_name":"josep-ruaix-i-vinyet","to_ping":"","pinged":"","post_modified":"2025-07-02 13:12:52","post_modified_gmt":"2025-07-02 11:12:52","post_content_filtered":"","post_parent":0,"guid":"http:\/\/dev.editorialclaret.cat\/autor\/josep-ruaix-i-vinyet\/","menu_order":0,"post_type":"autor","post_mime_type":"","comment_count":"0","filter":"raw"}],"linkebook":"","ficha":"849136649_1777276774.pdf","muestra":"","precioebook":"0","presentacion":""},"yoast_head":"<!-- This site is optimized with the Yoast SEO plugin v27.3 - https:\/\/yoast.com\/product\/yoast-seo-wordpress\/ -->\n<title>Editorial Claret<\/title>\n<meta name=\"robots\" content=\"noindex, follow, max-snippet:-1, max-image-preview:large, max-video-preview:-1\" \/>\n<meta property=\"og:locale\" content=\"es_ES\" \/>\n<meta property=\"og:type\" content=\"article\" \/>\n<meta property=\"og:title\" content=\"PROSA COMPLETA (1955-2025) - Editorial Claret\" \/>\n<meta property=\"og:description\" content=\"RUAIX I VINYET, JOSEP\" \/>\n<meta property=\"og:url\" content=\"https:\/\/www.editorialclaret.cat\/producte\/prosa-completa-19552025-9788491366492\/\" \/>\n<meta property=\"og:site_name\" content=\"Editorial Claret\" \/>\n<meta property=\"article:modified_time\" content=\"2026-04-28T07:26:06+00:00\" \/>\n<meta property=\"og:image\" content=\"https:\/\/www.editorialclaret.cat\/wp-content\/uploads\/9788491366492-3.jpg\" \/>\n\t<meta property=\"og:image:width\" content=\"250\" \/>\n\t<meta property=\"og:image:height\" content=\"389\" \/>\n\t<meta property=\"og:image:type\" content=\"image\/jpeg\" \/>\n<meta name=\"twitter:card\" content=\"summary_large_image\" \/>\n<meta name=\"twitter:label1\" content=\"Tiempo de lectura\" \/>\n\t<meta name=\"twitter:data1\" content=\"1 minuto\" \/>\n<script type=\"application\/ld+json\" class=\"yoast-schema-graph\">{\"@context\":\"https:\\\/\\\/schema.org\",\"@graph\":[{\"@type\":\"WebPage\",\"@id\":\"https:\\\/\\\/www.editorialclaret.cat\\\/producte\\\/prosa-completa-19552025-9788491366492\\\/\",\"url\":\"https:\\\/\\\/www.editorialclaret.cat\\\/producte\\\/prosa-completa-19552025-9788491366492\\\/\",\"name\":\"PROSA COMPLETA (1955-2025) - Editorial Claret\",\"isPartOf\":{\"@id\":\"https:\\\/\\\/www.editorialclaret.cat\\\/#website\"},\"primaryImageOfPage\":{\"@id\":\"https:\\\/\\\/www.editorialclaret.cat\\\/producte\\\/prosa-completa-19552025-9788491366492\\\/#primaryimage\"},\"image\":{\"@id\":\"https:\\\/\\\/www.editorialclaret.cat\\\/producte\\\/prosa-completa-19552025-9788491366492\\\/#primaryimage\"},\"thumbnailUrl\":\"https:\\\/\\\/www.editorialclaret.cat\\\/wp-content\\\/uploads\\\/9788491366492-3.jpg\",\"datePublished\":\"2026-04-25T11:10:02+00:00\",\"dateModified\":\"2026-04-28T07:26:06+00:00\",\"breadcrumb\":{\"@id\":\"https:\\\/\\\/www.editorialclaret.cat\\\/producte\\\/prosa-completa-19552025-9788491366492\\\/#breadcrumb\"},\"inLanguage\":\"es\",\"potentialAction\":[{\"@type\":\"ReadAction\",\"target\":[\"https:\\\/\\\/www.editorialclaret.cat\\\/producte\\\/prosa-completa-19552025-9788491366492\\\/\"]}]},{\"@type\":\"ImageObject\",\"inLanguage\":\"es\",\"@id\":\"https:\\\/\\\/www.editorialclaret.cat\\\/producte\\\/prosa-completa-19552025-9788491366492\\\/#primaryimage\",\"url\":\"https:\\\/\\\/www.editorialclaret.cat\\\/wp-content\\\/uploads\\\/9788491366492-3.jpg\",\"contentUrl\":\"https:\\\/\\\/www.editorialclaret.cat\\\/wp-content\\\/uploads\\\/9788491366492-3.jpg\",\"width\":250,\"height\":389,\"caption\":\"9788491366492.jpg\"},{\"@type\":\"BreadcrumbList\",\"@id\":\"https:\\\/\\\/www.editorialclaret.cat\\\/producte\\\/prosa-completa-19552025-9788491366492\\\/#breadcrumb\",\"itemListElement\":[{\"@type\":\"ListItem\",\"position\":1,\"name\":\"Portada\",\"item\":\"https:\\\/\\\/www.editorialclaret.cat\\\/es\\\/\"},{\"@type\":\"ListItem\",\"position\":2,\"name\":\"Botiga\",\"item\":\"https:\\\/\\\/www.editorialclaret.cat\\\/?page_id=16\"},{\"@type\":\"ListItem\",\"position\":3,\"name\":\"PROSA COMPLETA (1955-2025)\"}]},{\"@type\":\"WebSite\",\"@id\":\"https:\\\/\\\/www.editorialclaret.cat\\\/#website\",\"url\":\"https:\\\/\\\/www.editorialclaret.cat\\\/\",\"name\":\"Editorial Claret\",\"description\":\"\",\"publisher\":{\"@id\":\"https:\\\/\\\/www.editorialclaret.cat\\\/#organization\"},\"potentialAction\":[{\"@type\":\"SearchAction\",\"target\":{\"@type\":\"EntryPoint\",\"urlTemplate\":\"https:\\\/\\\/www.editorialclaret.cat\\\/?s={search_term_string}\"},\"query-input\":{\"@type\":\"PropertyValueSpecification\",\"valueRequired\":true,\"valueName\":\"search_term_string\"}}],\"inLanguage\":\"es\"},{\"@type\":\"Organization\",\"@id\":\"https:\\\/\\\/www.editorialclaret.cat\\\/#organization\",\"name\":\"Editorial Claret\",\"url\":\"https:\\\/\\\/www.editorialclaret.cat\\\/\",\"logo\":{\"@type\":\"ImageObject\",\"inLanguage\":\"es\",\"@id\":\"https:\\\/\\\/www.editorialclaret.cat\\\/#\\\/schema\\\/logo\\\/image\\\/\",\"url\":\"https:\\\/\\\/www.editorialclaret.cat\\\/wp-content\\\/uploads\\\/.\\\/logo-claret.png\",\"contentUrl\":\"https:\\\/\\\/www.editorialclaret.cat\\\/wp-content\\\/uploads\\\/.\\\/logo-claret.png\",\"width\":194,\"height\":79,\"caption\":\"Editorial Claret\"},\"image\":{\"@id\":\"https:\\\/\\\/www.editorialclaret.cat\\\/#\\\/schema\\\/logo\\\/image\\\/\"}}]}<\/script>\n<!-- \/ Yoast SEO plugin. -->","yoast_head_json":{"title":"Editorial Claret","robots":{"index":"noindex","follow":"follow","max-snippet":"max-snippet:-1","max-image-preview":"max-image-preview:large","max-video-preview":"max-video-preview:-1"},"og_locale":"es_ES","og_type":"article","og_title":"PROSA COMPLETA (1955-2025) - Editorial Claret","og_description":"RUAIX I VINYET, JOSEP","og_url":"https:\/\/www.editorialclaret.cat\/producte\/prosa-completa-19552025-9788491366492\/","og_site_name":"Editorial Claret","article_modified_time":"2026-04-28T07:26:06+00:00","og_image":[{"width":250,"height":389,"url":"https:\/\/www.editorialclaret.cat\/wp-content\/uploads\/9788491366492-3.jpg","type":"image\/jpeg"}],"twitter_card":"summary_large_image","twitter_misc":{"Tiempo de lectura":"1 minuto"},"schema":{"@context":"https:\/\/schema.org","@graph":[{"@type":"WebPage","@id":"https:\/\/www.editorialclaret.cat\/producte\/prosa-completa-19552025-9788491366492\/","url":"https:\/\/www.editorialclaret.cat\/producte\/prosa-completa-19552025-9788491366492\/","name":"PROSA COMPLETA (1955-2025) - Editorial Claret","isPartOf":{"@id":"https:\/\/www.editorialclaret.cat\/#website"},"primaryImageOfPage":{"@id":"https:\/\/www.editorialclaret.cat\/producte\/prosa-completa-19552025-9788491366492\/#primaryimage"},"image":{"@id":"https:\/\/www.editorialclaret.cat\/producte\/prosa-completa-19552025-9788491366492\/#primaryimage"},"thumbnailUrl":"https:\/\/www.editorialclaret.cat\/wp-content\/uploads\/9788491366492-3.jpg","datePublished":"2026-04-25T11:10:02+00:00","dateModified":"2026-04-28T07:26:06+00:00","breadcrumb":{"@id":"https:\/\/www.editorialclaret.cat\/producte\/prosa-completa-19552025-9788491366492\/#breadcrumb"},"inLanguage":"es","potentialAction":[{"@type":"ReadAction","target":["https:\/\/www.editorialclaret.cat\/producte\/prosa-completa-19552025-9788491366492\/"]}]},{"@type":"ImageObject","inLanguage":"es","@id":"https:\/\/www.editorialclaret.cat\/producte\/prosa-completa-19552025-9788491366492\/#primaryimage","url":"https:\/\/www.editorialclaret.cat\/wp-content\/uploads\/9788491366492-3.jpg","contentUrl":"https:\/\/www.editorialclaret.cat\/wp-content\/uploads\/9788491366492-3.jpg","width":250,"height":389,"caption":"9788491366492.jpg"},{"@type":"BreadcrumbList","@id":"https:\/\/www.editorialclaret.cat\/producte\/prosa-completa-19552025-9788491366492\/#breadcrumb","itemListElement":[{"@type":"ListItem","position":1,"name":"Portada","item":"https:\/\/www.editorialclaret.cat\/es\/"},{"@type":"ListItem","position":2,"name":"Botiga","item":"https:\/\/www.editorialclaret.cat\/?page_id=16"},{"@type":"ListItem","position":3,"name":"PROSA COMPLETA (1955-2025)"}]},{"@type":"WebSite","@id":"https:\/\/www.editorialclaret.cat\/#website","url":"https:\/\/www.editorialclaret.cat\/","name":"Editorial Claret","description":"","publisher":{"@id":"https:\/\/www.editorialclaret.cat\/#organization"},"potentialAction":[{"@type":"SearchAction","target":{"@type":"EntryPoint","urlTemplate":"https:\/\/www.editorialclaret.cat\/?s={search_term_string}"},"query-input":{"@type":"PropertyValueSpecification","valueRequired":true,"valueName":"search_term_string"}}],"inLanguage":"es"},{"@type":"Organization","@id":"https:\/\/www.editorialclaret.cat\/#organization","name":"Editorial Claret","url":"https:\/\/www.editorialclaret.cat\/","logo":{"@type":"ImageObject","inLanguage":"es","@id":"https:\/\/www.editorialclaret.cat\/#\/schema\/logo\/image\/","url":"https:\/\/www.editorialclaret.cat\/wp-content\/uploads\/.\/logo-claret.png","contentUrl":"https:\/\/www.editorialclaret.cat\/wp-content\/uploads\/.\/logo-claret.png","width":194,"height":79,"caption":"Editorial Claret"},"image":{"@id":"https:\/\/www.editorialclaret.cat\/#\/schema\/logo\/image\/"}}]}},"_links":{"self":[{"href":"https:\/\/www.editorialclaret.cat\/es\/wp-json\/wp\/v2\/product\/70735","targetHints":{"allow":["GET"]}}],"collection":[{"href":"https:\/\/www.editorialclaret.cat\/es\/wp-json\/wp\/v2\/product"}],"about":[{"href":"https:\/\/www.editorialclaret.cat\/es\/wp-json\/wp\/v2\/types\/product"}],"wp:featuredmedia":[{"embeddable":true,"href":"https:\/\/www.editorialclaret.cat\/es\/wp-json\/wp\/v2\/media\/70757"}],"wp:attachment":[{"href":"https:\/\/www.editorialclaret.cat\/es\/wp-json\/wp\/v2\/media?parent=70735"}],"wp:term":[{"taxonomy":"product_brand","embeddable":true,"href":"https:\/\/www.editorialclaret.cat\/es\/wp-json\/wp\/v2\/product_brand?post=70735"},{"taxonomy":"product_cat","embeddable":true,"href":"https:\/\/www.editorialclaret.cat\/es\/wp-json\/wp\/v2\/product_cat?post=70735"},{"taxonomy":"product_tag","embeddable":true,"href":"https:\/\/www.editorialclaret.cat\/es\/wp-json\/wp\/v2\/product_tag?post=70735"}],"curies":[{"name":"wp","href":"https:\/\/api.w.org\/{rel}","templated":true}]}}

<p>Aquest <strong>recull de textos en prosa</strong> ofereix una visió àmplia i profunda de més de <strong>setanta anys de producció literària</strong>, més enllà de l’<strong>obra lingüística acadèmica</strong> de l’autor. L’obra reuneix un ric ventall de <strong>temes literaris, històrics, periodístics, religiosos i memorialístics</strong>, així com textos <strong>erudits</strong>, <strong>patriòtics</strong> i de <strong>reflexió sobre la llengua</strong>.</p>
<p>Amb una clara vocació <strong>humanista</strong>, el volum inclou també aportacions de <strong>lingüística d’interès local</strong>, configurant una obra diversa que explora la <strong>cultura</strong>, la <strong>identitat</strong> i el <strong>pensament</strong> des de múltiples perspectives. La majoria dels textos estan escrits en <strong>català</strong>, amb incursions puntuals en <strong>castellà</strong>, <strong>llatí</strong> i <strong>italià</strong>, fet que reforça el seu valor com a <strong>testimoni cultural i filològic</strong>.</p>
<p>Una obra que esdevé una <strong>mostra rica i variada d’humanisme</strong>, ideal per a lectors interessats en la <strong>literatura catalana</strong>, la <strong>història cultural</strong>, la <strong>filologia</strong> i la <strong>reflexió intel·lectual</strong>.</p>
<p class='ql-align-justify'></p>

FORA DE COL.LECCIÓ

Rústica

Eclesiàstic, gramàtic i escriptor. Estudià la carrera eclesiàstica i la de magisteri al Seminari de Vic i a la Facultat de Teologia de Catalunya; es llicencià en humanitats al Pontifici Institut Superior de Llatinitat en 1969 i en filologia clàssica a la Universitat de Barcelona en 1979. Ordenat de prevere en 1966, ha exercit el ministeri sacerdotal en diverses parròquies de Roma i del bisbat de Vic. Ha exercit com a docent en nombrosos centres i ha publicat una seixantena de títols d’obres sobre gramàtica.
