{"id":70729,"date":"2026-04-25T12:35:06","date_gmt":"2026-04-25T10:35:06","guid":{"rendered":"https:\/\/www.editorialclaret.cat\/producte\/els-verbs-conjugats-17-ed-9788491367000\/"},"modified":"2026-04-27T10:51:17","modified_gmt":"2026-04-27T08:51:17","slug":"els-verbs-conjugats-17-ed-9788491367000","status":"publish","type":"product","link":"https:\/\/www.editorialclaret.cat\/es\/producto\/els-verbs-conjugats-17-ed-9788491367000\/","title":{"rendered":"ELS VERBS CONJUGATS (17 ED.)"},"content":{"rendered":"<p>Aquest <strong>llibre de conjugaci\u00f3 de verbs catalans<\/strong> \u00e9s una eina essencial de <strong>consulta r\u00e0pida<\/strong> per resoldre qualsevol dubte sobre la <strong>conjugaci\u00f3 verbal en catal\u00e0<\/strong>. L\u2019usuari pot localitzar f\u00e0cilment qualsevol <strong>verb catal\u00e0<\/strong> gr\u00e0cies a un complet <strong>\u00edndex de verbs<\/strong>, que indica el <strong>model de conjugaci\u00f3<\/strong> corresponent mitjan\u00e7ant un sistema pr\u00e0ctic i intu\u00eftiu.<\/p>\n<p>Els verbs conjugats inclou m\u00e9s de <strong>8.800 verbs catalans<\/strong>, tots ells recollits segons el Diccionari de l\u2019Institut d\u2019Estudis Catalans, la refer\u00e8ncia normativa de la <strong>llengua catalana<\/strong>. Aquesta obra permet comparar f\u00e0cilment qualsevol verb amb el seu <strong>verb model<\/strong>, facilitant un <strong>aprenentatge r\u00e0pid i efica\u00e7<\/strong>.<\/p>\n<p>A m\u00e9s, aquesta edici\u00f3 ha estat <strong>actualitzada segons la nova Ortografia de la llengua catalana<\/strong>, establerta per l&#8217;Institut d\u2019Estudis Catalans, incorporant els darrers <strong>canvis ortogr\u00e0fics<\/strong> i garantint un \u00fas correcte i actual de la <strong>gram\u00e0tica catalana<\/strong>.<\/p>\n<p>Un recurs imprescindible per a <strong>estudiants<\/strong>, <strong>docents<\/strong>, <strong>professionals de la llengua<\/strong> i qualsevol persona interessada en dominar la <strong>conjugaci\u00f3 dels verbs en catal\u00e0<\/strong> amb precisi\u00f3 i seguretat.<\/p>\n","protected":false},"excerpt":{"rendered":"<p>XURIGUERA PARRAMONA, JOAN BAPTISTA<\/p>\n","protected":false},"featured_media":70746,"template":"","meta":{"_acf_changed":false,"rs_blank_template":"","rs_page_bg_color":"","slide_template_v7":"","inline_featured_image":false,"_monsterinsights_skip_tracking":false,"_monsterinsights_sitenote_active":false,"_monsterinsights_sitenote_note":"","_monsterinsights_sitenote_category":0},"product_brand":[],"product_cat":[1114,877,1119,882,925,1162,1113,876],"product_tag":[],"class_list":{"0":"post-70729","1":"product","2":"type-product","3":"status-publish","4":"has-post-thumbnail","6":"product_cat-bachillerato","7":"product_cat-batxillerat","8":"product_cat-diccionarios-y-libros-de-consulta","9":"product_cat-diccionaris-i-llibres-de-consulta","10":"product_cat-didactica-i-praxi-escolar","11":"product_cat-didactica-y-praxis-escolar","12":"product_cat-secundaria-2","13":"product_cat-secundaria","15":"first","16":"instock","17":"taxable","18":"shipping-taxable","19":"purchasable","20":"product-type-simple"},"acf":{"autor":"XURIGUERA PARRAMONA, JOAN BAPTISTA","codart":"849136700","libros-coleccion":"POMPEU FABRA","ediciones":"17","encuadernacion":"R\u00fastica","fecha_de_publicacion":"24\/04\/2026","novedad":"0","paginas":"320","subtitulo":"ELS VERBS CONJUGATS","orden":"0","portada":"1","idioma":"cat","booktrailer":"","resenas":"","autores-libros":[{"ID":16561,"post_author":"3","post_date":"2022-10-19 01:06:38","post_date_gmt":"2022-10-18 23:06:38","post_content":"","post_title":"JOAN BAPTISTA XURIGUERA PARRAMONA","post_excerpt":"","post_status":"publish","comment_status":"closed","ping_status":"closed","post_password":"","post_name":"joan-baptista-xuriguera-parramona","to_ping":"","pinged":"","post_modified":"2022-10-19 01:06:38","post_modified_gmt":"2022-10-18 23:06:38","post_content_filtered":"","post_parent":0,"guid":"http:\/\/dev.editorialclaret.cat\/autor\/joan-baptista-xuriguera-parramona\/","menu_order":0,"post_type":"autor","post_mime_type":"","comment_count":"0","filter":"raw"}],"linkebook":"","ficha":"849136700_1777277818.pdf","muestra":"","precioebook":"0","presentacion":""},"yoast_head":"<!-- This site is optimized with the Yoast SEO plugin v27.3 - https:\/\/yoast.com\/product\/yoast-seo-wordpress\/ -->\n<title>Editorial Claret<\/title>\n<meta name=\"robots\" content=\"noindex, follow, max-snippet:-1, max-image-preview:large, max-video-preview:-1\" \/>\n<meta property=\"og:locale\" content=\"es_ES\" \/>\n<meta property=\"og:type\" content=\"article\" \/>\n<meta property=\"og:title\" content=\"ELS VERBS CONJUGATS (17 ED.) - Editorial Claret\" \/>\n<meta property=\"og:description\" content=\"XURIGUERA PARRAMONA, JOAN BAPTISTA\" \/>\n<meta property=\"og:url\" content=\"https:\/\/www.editorialclaret.cat\/producte\/els-verbs-conjugats-17-ed-9788491367000\/\" \/>\n<meta property=\"og:site_name\" content=\"Editorial Claret\" \/>\n<meta property=\"article:modified_time\" content=\"2026-04-27T08:51:17+00:00\" \/>\n<meta property=\"og:image\" content=\"https:\/\/www.editorialclaret.cat\/wp-content\/uploads\/9788491367000-2.jpg\" \/>\n\t<meta property=\"og:image:width\" content=\"250\" \/>\n\t<meta property=\"og:image:height\" content=\"389\" \/>\n\t<meta property=\"og:image:type\" content=\"image\/jpeg\" \/>\n<meta name=\"twitter:card\" content=\"summary_large_image\" \/>\n<meta name=\"twitter:label1\" content=\"Tiempo de lectura\" \/>\n\t<meta name=\"twitter:data1\" content=\"1 minuto\" \/>\n<script type=\"application\/ld+json\" class=\"yoast-schema-graph\">{\"@context\":\"https:\\\/\\\/schema.org\",\"@graph\":[{\"@type\":\"WebPage\",\"@id\":\"https:\\\/\\\/www.editorialclaret.cat\\\/producte\\\/els-verbs-conjugats-17-ed-9788491367000\\\/\",\"url\":\"https:\\\/\\\/www.editorialclaret.cat\\\/producte\\\/els-verbs-conjugats-17-ed-9788491367000\\\/\",\"name\":\"ELS VERBS CONJUGATS (17 ED.) - Editorial Claret\",\"isPartOf\":{\"@id\":\"https:\\\/\\\/www.editorialclaret.cat\\\/#website\"},\"primaryImageOfPage\":{\"@id\":\"https:\\\/\\\/www.editorialclaret.cat\\\/producte\\\/els-verbs-conjugats-17-ed-9788491367000\\\/#primaryimage\"},\"image\":{\"@id\":\"https:\\\/\\\/www.editorialclaret.cat\\\/producte\\\/els-verbs-conjugats-17-ed-9788491367000\\\/#primaryimage\"},\"thumbnailUrl\":\"https:\\\/\\\/www.editorialclaret.cat\\\/wp-content\\\/uploads\\\/9788491367000-2.jpg\",\"datePublished\":\"2026-04-25T10:35:06+00:00\",\"dateModified\":\"2026-04-27T08:51:17+00:00\",\"breadcrumb\":{\"@id\":\"https:\\\/\\\/www.editorialclaret.cat\\\/producte\\\/els-verbs-conjugats-17-ed-9788491367000\\\/#breadcrumb\"},\"inLanguage\":\"es\",\"potentialAction\":[{\"@type\":\"ReadAction\",\"target\":[\"https:\\\/\\\/www.editorialclaret.cat\\\/producte\\\/els-verbs-conjugats-17-ed-9788491367000\\\/\"]}]},{\"@type\":\"ImageObject\",\"inLanguage\":\"es\",\"@id\":\"https:\\\/\\\/www.editorialclaret.cat\\\/producte\\\/els-verbs-conjugats-17-ed-9788491367000\\\/#primaryimage\",\"url\":\"https:\\\/\\\/www.editorialclaret.cat\\\/wp-content\\\/uploads\\\/9788491367000-2.jpg\",\"contentUrl\":\"https:\\\/\\\/www.editorialclaret.cat\\\/wp-content\\\/uploads\\\/9788491367000-2.jpg\",\"width\":250,\"height\":389,\"caption\":\"9788491367000.jpg\"},{\"@type\":\"BreadcrumbList\",\"@id\":\"https:\\\/\\\/www.editorialclaret.cat\\\/producte\\\/els-verbs-conjugats-17-ed-9788491367000\\\/#breadcrumb\",\"itemListElement\":[{\"@type\":\"ListItem\",\"position\":1,\"name\":\"Portada\",\"item\":\"https:\\\/\\\/www.editorialclaret.cat\\\/es\\\/\"},{\"@type\":\"ListItem\",\"position\":2,\"name\":\"Botiga\",\"item\":\"https:\\\/\\\/www.editorialclaret.cat\\\/?page_id=16\"},{\"@type\":\"ListItem\",\"position\":3,\"name\":\"ELS VERBS CONJUGATS (17 ED.)\"}]},{\"@type\":\"WebSite\",\"@id\":\"https:\\\/\\\/www.editorialclaret.cat\\\/#website\",\"url\":\"https:\\\/\\\/www.editorialclaret.cat\\\/\",\"name\":\"Editorial Claret\",\"description\":\"\",\"publisher\":{\"@id\":\"https:\\\/\\\/www.editorialclaret.cat\\\/#organization\"},\"potentialAction\":[{\"@type\":\"SearchAction\",\"target\":{\"@type\":\"EntryPoint\",\"urlTemplate\":\"https:\\\/\\\/www.editorialclaret.cat\\\/?s={search_term_string}\"},\"query-input\":{\"@type\":\"PropertyValueSpecification\",\"valueRequired\":true,\"valueName\":\"search_term_string\"}}],\"inLanguage\":\"es\"},{\"@type\":\"Organization\",\"@id\":\"https:\\\/\\\/www.editorialclaret.cat\\\/#organization\",\"name\":\"Editorial Claret\",\"url\":\"https:\\\/\\\/www.editorialclaret.cat\\\/\",\"logo\":{\"@type\":\"ImageObject\",\"inLanguage\":\"es\",\"@id\":\"https:\\\/\\\/www.editorialclaret.cat\\\/#\\\/schema\\\/logo\\\/image\\\/\",\"url\":\"https:\\\/\\\/www.editorialclaret.cat\\\/wp-content\\\/uploads\\\/.\\\/logo-claret.png\",\"contentUrl\":\"https:\\\/\\\/www.editorialclaret.cat\\\/wp-content\\\/uploads\\\/.\\\/logo-claret.png\",\"width\":194,\"height\":79,\"caption\":\"Editorial Claret\"},\"image\":{\"@id\":\"https:\\\/\\\/www.editorialclaret.cat\\\/#\\\/schema\\\/logo\\\/image\\\/\"}}]}<\/script>\n<!-- \/ Yoast SEO plugin. -->","yoast_head_json":{"title":"Editorial Claret","robots":{"index":"noindex","follow":"follow","max-snippet":"max-snippet:-1","max-image-preview":"max-image-preview:large","max-video-preview":"max-video-preview:-1"},"og_locale":"es_ES","og_type":"article","og_title":"ELS VERBS CONJUGATS (17 ED.) - Editorial Claret","og_description":"XURIGUERA PARRAMONA, JOAN BAPTISTA","og_url":"https:\/\/www.editorialclaret.cat\/producte\/els-verbs-conjugats-17-ed-9788491367000\/","og_site_name":"Editorial Claret","article_modified_time":"2026-04-27T08:51:17+00:00","og_image":[{"width":250,"height":389,"url":"https:\/\/www.editorialclaret.cat\/wp-content\/uploads\/9788491367000-2.jpg","type":"image\/jpeg"}],"twitter_card":"summary_large_image","twitter_misc":{"Tiempo de lectura":"1 minuto"},"schema":{"@context":"https:\/\/schema.org","@graph":[{"@type":"WebPage","@id":"https:\/\/www.editorialclaret.cat\/producte\/els-verbs-conjugats-17-ed-9788491367000\/","url":"https:\/\/www.editorialclaret.cat\/producte\/els-verbs-conjugats-17-ed-9788491367000\/","name":"ELS VERBS CONJUGATS (17 ED.) - Editorial Claret","isPartOf":{"@id":"https:\/\/www.editorialclaret.cat\/#website"},"primaryImageOfPage":{"@id":"https:\/\/www.editorialclaret.cat\/producte\/els-verbs-conjugats-17-ed-9788491367000\/#primaryimage"},"image":{"@id":"https:\/\/www.editorialclaret.cat\/producte\/els-verbs-conjugats-17-ed-9788491367000\/#primaryimage"},"thumbnailUrl":"https:\/\/www.editorialclaret.cat\/wp-content\/uploads\/9788491367000-2.jpg","datePublished":"2026-04-25T10:35:06+00:00","dateModified":"2026-04-27T08:51:17+00:00","breadcrumb":{"@id":"https:\/\/www.editorialclaret.cat\/producte\/els-verbs-conjugats-17-ed-9788491367000\/#breadcrumb"},"inLanguage":"es","potentialAction":[{"@type":"ReadAction","target":["https:\/\/www.editorialclaret.cat\/producte\/els-verbs-conjugats-17-ed-9788491367000\/"]}]},{"@type":"ImageObject","inLanguage":"es","@id":"https:\/\/www.editorialclaret.cat\/producte\/els-verbs-conjugats-17-ed-9788491367000\/#primaryimage","url":"https:\/\/www.editorialclaret.cat\/wp-content\/uploads\/9788491367000-2.jpg","contentUrl":"https:\/\/www.editorialclaret.cat\/wp-content\/uploads\/9788491367000-2.jpg","width":250,"height":389,"caption":"9788491367000.jpg"},{"@type":"BreadcrumbList","@id":"https:\/\/www.editorialclaret.cat\/producte\/els-verbs-conjugats-17-ed-9788491367000\/#breadcrumb","itemListElement":[{"@type":"ListItem","position":1,"name":"Portada","item":"https:\/\/www.editorialclaret.cat\/es\/"},{"@type":"ListItem","position":2,"name":"Botiga","item":"https:\/\/www.editorialclaret.cat\/?page_id=16"},{"@type":"ListItem","position":3,"name":"ELS VERBS CONJUGATS (17 ED.)"}]},{"@type":"WebSite","@id":"https:\/\/www.editorialclaret.cat\/#website","url":"https:\/\/www.editorialclaret.cat\/","name":"Editorial Claret","description":"","publisher":{"@id":"https:\/\/www.editorialclaret.cat\/#organization"},"potentialAction":[{"@type":"SearchAction","target":{"@type":"EntryPoint","urlTemplate":"https:\/\/www.editorialclaret.cat\/?s={search_term_string}"},"query-input":{"@type":"PropertyValueSpecification","valueRequired":true,"valueName":"search_term_string"}}],"inLanguage":"es"},{"@type":"Organization","@id":"https:\/\/www.editorialclaret.cat\/#organization","name":"Editorial Claret","url":"https:\/\/www.editorialclaret.cat\/","logo":{"@type":"ImageObject","inLanguage":"es","@id":"https:\/\/www.editorialclaret.cat\/#\/schema\/logo\/image\/","url":"https:\/\/www.editorialclaret.cat\/wp-content\/uploads\/.\/logo-claret.png","contentUrl":"https:\/\/www.editorialclaret.cat\/wp-content\/uploads\/.\/logo-claret.png","width":194,"height":79,"caption":"Editorial Claret"},"image":{"@id":"https:\/\/www.editorialclaret.cat\/#\/schema\/logo\/image\/"}}]}},"_links":{"self":[{"href":"https:\/\/www.editorialclaret.cat\/es\/wp-json\/wp\/v2\/product\/70729","targetHints":{"allow":["GET"]}}],"collection":[{"href":"https:\/\/www.editorialclaret.cat\/es\/wp-json\/wp\/v2\/product"}],"about":[{"href":"https:\/\/www.editorialclaret.cat\/es\/wp-json\/wp\/v2\/types\/product"}],"wp:featuredmedia":[{"embeddable":true,"href":"https:\/\/www.editorialclaret.cat\/es\/wp-json\/wp\/v2\/media\/70746"}],"wp:attachment":[{"href":"https:\/\/www.editorialclaret.cat\/es\/wp-json\/wp\/v2\/media?parent=70729"}],"wp:term":[{"taxonomy":"product_brand","embeddable":true,"href":"https:\/\/www.editorialclaret.cat\/es\/wp-json\/wp\/v2\/product_brand?post=70729"},{"taxonomy":"product_cat","embeddable":true,"href":"https:\/\/www.editorialclaret.cat\/es\/wp-json\/wp\/v2\/product_cat?post=70729"},{"taxonomy":"product_tag","embeddable":true,"href":"https:\/\/www.editorialclaret.cat\/es\/wp-json\/wp\/v2\/product_tag?post=70729"}],"curies":[{"name":"wp","href":"https:\/\/api.w.org\/{rel}","templated":true}]}}

<p>Aquest <strong>llibre de conjugació de verbs catalans</strong> és una eina essencial de <strong>consulta ràpida</strong> per resoldre qualsevol dubte sobre la <strong>conjugació verbal en català</strong>. L’usuari pot localitzar fàcilment qualsevol <strong>verb català</strong> gràcies a un complet <strong>índex de verbs</strong>, que indica el <strong>model de conjugació</strong> corresponent mitjançant un sistema pràctic i intuïtiu.</p>
<p>Els verbs conjugats inclou més de <strong>8.800 verbs catalans</strong>, tots ells recollits segons el Diccionari de l’Institut d’Estudis Catalans, la referència normativa de la <strong>llengua catalana</strong>. Aquesta obra permet comparar fàcilment qualsevol verb amb el seu <strong>verb model</strong>, facilitant un <strong>aprenentatge ràpid i eficaç</strong>.</p>
<p>A més, aquesta edició ha estat <strong>actualitzada segons la nova Ortografia de la llengua catalana</strong>, establerta per l&#8217;Institut d’Estudis Catalans, incorporant els darrers <strong>canvis ortogràfics</strong> i garantint un ús correcte i actual de la <strong>gramàtica catalana</strong>.</p>
<p>Un recurs imprescindible per a <strong>estudiants</strong>, <strong>docents</strong>, <strong>professionals de la llengua</strong> i qualsevol persona interessada en dominar la <strong>conjugació dels verbs en català</strong> amb precisió i seguretat.</p>

Rústica
