{"id":68946,"date":"2025-08-04T11:01:57","date_gmt":"2025-08-04T09:01:57","guid":{"rendered":"https:\/\/www.editorialclaret.cat\/producte\/iniciar-un-centre-desplai-8472639932\/"},"modified":"2025-08-04T11:02:20","modified_gmt":"2025-08-04T09:02:20","slug":"iniciar-un-centre-desplai-8472639932","status":"publish","type":"product","link":"https:\/\/www.editorialclaret.cat\/es\/producto\/iniciar-un-centre-desplai-8472639932\/","title":{"rendered":"INICIAR UN CENTRE D&#8217;ESPLAI"},"content":{"rendered":"<p>Un ajut per posar en marxa aquesta aventura que es diu centre d&#8217;esplai. Centre necessari per a molts nois i noies, que dif\u00edcilment juguen i fan festa en el seu temps lliure.<br \/>Els nois i noies dif\u00edcilment juguen i fan festa en el seu temps lliure. Les influ\u00e8ncies de l&#8217;entorn acaben per convertir el temps lliure en un moment de passivitat: molt sovint, mirar la TV o consumir \u00e9s l&#8217;\u00fanica alternativa en aquest temps lliure. Per aix\u00f2, educar en l&#8217;esplai, fer d&#8217;aquest temps lliure un temps autoeducatiu, \u00e9s una manera de fer alguna cosa. \u00c9s una manera, si m\u00e9s no, de comen\u00e7ar a ser m\u00e9s actors de la vida i no nom\u00e9s espectadors. \u00c9s una manera de comen\u00e7ar a ser protagonistes. Aquest llibre vol ser un ajut per tal de posar en marxa aquesta aventura que es diu un centre d&#8217;esplai.<\/p>\n","protected":false},"excerpt":{"rendered":"<p>ARMENGOL, CARLES<\/p>\n","protected":false},"featured_media":68947,"template":"","meta":{"_acf_changed":false,"rs_blank_template":"","rs_page_bg_color":"","slide_template_v7":"","inline_featured_image":false,"_monsterinsights_skip_tracking":false,"_monsterinsights_sitenote_active":false,"_monsterinsights_sitenote_note":"","_monsterinsights_sitenote_category":0},"product_brand":[],"product_cat":[880,1117,923,1160,1137,900],"product_tag":[],"class_list":{"0":"post-68946","1":"product","2":"type-product","3":"status-publish","4":"has-post-thumbnail","6":"product_cat-educacio-en-valors","7":"product_cat-educacion-en-valores","8":"product_cat-organitzacio-i-gestio","9":"product_cat-organizacion-y-gestion","10":"product_cat-valores-y-convivencia","11":"product_cat-valors-i-convivencia","13":"first","14":"instock","15":"taxable","16":"shipping-taxable","17":"purchasable","18":"product-type-simple"},"acf":{"autor":"ARMENGOL, CARLES","codart":"847263993","libros-coleccion":"ELS DAUS","ediciones":"1","encuadernacion":"R\u00fastica","fecha_de_publicacion":"01\/11\/1995","novedad":"0","paginas":"86","subtitulo":"","orden":"999","portada":"0","idioma":"cat","booktrailer":"","resenas":"","autores-libros":[{"ID":11190,"post_author":"3","post_date":"2022-10-18 21:40:18","post_date_gmt":"2022-10-18 19:40:18","post_content":"Carles Armengol Siscares. (Barcelona,\u00a01960). Est\u00e0 casat i t\u00e9 un fill i una filla.\u00a0Mestre, educador social i pedagog. Ha\u00a0treballat en diverses fundacions socials\u00a0i educatives (Pere Tarr\u00e9s, Escola Cristiana...). Va crear els estudis d\u2019Educaci\u00f3\u00a0Social a la Universitat Ramon Llull i va ser\u00a0director de l\u2019Institut Cat\u00f2lic d\u2019Estudis Socials de Barcelona. \u00c9s funcionari de la Generalitat de Catalunya on ha treballat a Joventut, Afers Socials i Afers Religiosos.\u00a0Actualment \u00e9s director general d\u2019Afers Religiosos.\u00a0Desenvolupa una intensa activitat c\u00edvica i eclesial des de diferents entitats: Fundaci\u00f3 d\u2019Escoles Parroquials de Barcelona,\u00a0Lliga Espiritual de la Mare de D\u00e9u de Montserrat, Grup Sant\u00a0Jordi de Drets Humans, Fundaci\u00f3 Quatre Vents per a la petita\u00a0inf\u00e0ncia... Ha impulsat iniciatives pedag\u00f2giques de comprom\u00eds amb el medi ambient i de desenvolupament de nous\u00a0estils de vida amb la comissi\u00f3 d\u2019Ecologia i Just\u00edcia de Just\u00edcia\u00a0i Pau Barcelona.\u00a0Amb l\u2019editorial Claret ha publicat, entre altres: Canviar el\u00a0consum per canviar la vida, 2019; Perspectives de l\u2019educaci\u00f3\u00a0en el lleure (en col\u00b7laboraci\u00f3), 2006.","post_title":"CARLES ARMENGOL SISCARES","post_excerpt":"","post_status":"publish","comment_status":"closed","ping_status":"closed","post_password":"","post_name":"carles-armengol-siscares","to_ping":"","pinged":"","post_modified":"2023-06-28 12:15:59","post_modified_gmt":"2023-06-28 10:15:59","post_content_filtered":"","post_parent":0,"guid":"http:\/\/dev.editorialclaret.cat\/autor\/carles-armengol-siscares\/","menu_order":0,"post_type":"autor","post_mime_type":"","comment_count":"0","filter":"raw"}]},"yoast_head":"<!-- This site is optimized with the Yoast SEO plugin v27.3 - https:\/\/yoast.com\/product\/yoast-seo-wordpress\/ -->\n<title>Editorial Claret<\/title>\n<meta name=\"robots\" content=\"noindex, follow, max-snippet:-1, max-image-preview:large, max-video-preview:-1\" \/>\n<meta property=\"og:locale\" content=\"es_ES\" \/>\n<meta property=\"og:type\" content=\"article\" \/>\n<meta property=\"og:title\" content=\"INICIAR UN CENTRE D&#039;ESPLAI - Editorial Claret\" \/>\n<meta property=\"og:description\" content=\"ARMENGOL, CARLES\" \/>\n<meta property=\"og:url\" content=\"https:\/\/www.editorialclaret.cat\/producte\/iniciar-un-centre-desplai-8472639932\/\" \/>\n<meta property=\"og:site_name\" content=\"Editorial Claret\" \/>\n<meta property=\"article:modified_time\" content=\"2025-08-04T09:02:20+00:00\" \/>\n<meta property=\"og:image\" content=\"https:\/\/www.editorialclaret.cat\/wp-content\/uploads\/9788472639935.jpg\" \/>\n\t<meta property=\"og:image:width\" content=\"1600\" \/>\n\t<meta property=\"og:image:height\" content=\"2166\" \/>\n\t<meta property=\"og:image:type\" content=\"image\/jpeg\" \/>\n<meta name=\"twitter:card\" content=\"summary_large_image\" \/>\n<meta name=\"twitter:label1\" content=\"Tiempo de lectura\" \/>\n\t<meta name=\"twitter:data1\" content=\"1 minuto\" \/>\n<script type=\"application\/ld+json\" class=\"yoast-schema-graph\">{\"@context\":\"https:\\\/\\\/schema.org\",\"@graph\":[{\"@type\":\"WebPage\",\"@id\":\"https:\\\/\\\/www.editorialclaret.cat\\\/producte\\\/iniciar-un-centre-desplai-8472639932\\\/\",\"url\":\"https:\\\/\\\/www.editorialclaret.cat\\\/producte\\\/iniciar-un-centre-desplai-8472639932\\\/\",\"name\":\"INICIAR UN CENTRE D'ESPLAI - Editorial Claret\",\"isPartOf\":{\"@id\":\"https:\\\/\\\/www.editorialclaret.cat\\\/#website\"},\"primaryImageOfPage\":{\"@id\":\"https:\\\/\\\/www.editorialclaret.cat\\\/producte\\\/iniciar-un-centre-desplai-8472639932\\\/#primaryimage\"},\"image\":{\"@id\":\"https:\\\/\\\/www.editorialclaret.cat\\\/producte\\\/iniciar-un-centre-desplai-8472639932\\\/#primaryimage\"},\"thumbnailUrl\":\"https:\\\/\\\/www.editorialclaret.cat\\\/wp-content\\\/uploads\\\/9788472639935.jpg\",\"datePublished\":\"2025-08-04T09:01:57+00:00\",\"dateModified\":\"2025-08-04T09:02:20+00:00\",\"breadcrumb\":{\"@id\":\"https:\\\/\\\/www.editorialclaret.cat\\\/producte\\\/iniciar-un-centre-desplai-8472639932\\\/#breadcrumb\"},\"inLanguage\":\"es\",\"potentialAction\":[{\"@type\":\"ReadAction\",\"target\":[\"https:\\\/\\\/www.editorialclaret.cat\\\/producte\\\/iniciar-un-centre-desplai-8472639932\\\/\"]}]},{\"@type\":\"ImageObject\",\"inLanguage\":\"es\",\"@id\":\"https:\\\/\\\/www.editorialclaret.cat\\\/producte\\\/iniciar-un-centre-desplai-8472639932\\\/#primaryimage\",\"url\":\"https:\\\/\\\/www.editorialclaret.cat\\\/wp-content\\\/uploads\\\/9788472639935.jpg\",\"contentUrl\":\"https:\\\/\\\/www.editorialclaret.cat\\\/wp-content\\\/uploads\\\/9788472639935.jpg\",\"width\":1600,\"height\":2166,\"caption\":\"9788472639935.jpg\"},{\"@type\":\"BreadcrumbList\",\"@id\":\"https:\\\/\\\/www.editorialclaret.cat\\\/producte\\\/iniciar-un-centre-desplai-8472639932\\\/#breadcrumb\",\"itemListElement\":[{\"@type\":\"ListItem\",\"position\":1,\"name\":\"Portada\",\"item\":\"https:\\\/\\\/www.editorialclaret.cat\\\/es\\\/\"},{\"@type\":\"ListItem\",\"position\":2,\"name\":\"Botiga\",\"item\":\"https:\\\/\\\/www.editorialclaret.cat\\\/?page_id=16\"},{\"@type\":\"ListItem\",\"position\":3,\"name\":\"INICIAR UN CENTRE D&#8217;ESPLAI\"}]},{\"@type\":\"WebSite\",\"@id\":\"https:\\\/\\\/www.editorialclaret.cat\\\/#website\",\"url\":\"https:\\\/\\\/www.editorialclaret.cat\\\/\",\"name\":\"Editorial Claret\",\"description\":\"\",\"publisher\":{\"@id\":\"https:\\\/\\\/www.editorialclaret.cat\\\/#organization\"},\"potentialAction\":[{\"@type\":\"SearchAction\",\"target\":{\"@type\":\"EntryPoint\",\"urlTemplate\":\"https:\\\/\\\/www.editorialclaret.cat\\\/?s={search_term_string}\"},\"query-input\":{\"@type\":\"PropertyValueSpecification\",\"valueRequired\":true,\"valueName\":\"search_term_string\"}}],\"inLanguage\":\"es\"},{\"@type\":\"Organization\",\"@id\":\"https:\\\/\\\/www.editorialclaret.cat\\\/#organization\",\"name\":\"Editorial Claret\",\"url\":\"https:\\\/\\\/www.editorialclaret.cat\\\/\",\"logo\":{\"@type\":\"ImageObject\",\"inLanguage\":\"es\",\"@id\":\"https:\\\/\\\/www.editorialclaret.cat\\\/#\\\/schema\\\/logo\\\/image\\\/\",\"url\":\"https:\\\/\\\/www.editorialclaret.cat\\\/wp-content\\\/uploads\\\/.\\\/logo-claret.png\",\"contentUrl\":\"https:\\\/\\\/www.editorialclaret.cat\\\/wp-content\\\/uploads\\\/.\\\/logo-claret.png\",\"width\":194,\"height\":79,\"caption\":\"Editorial Claret\"},\"image\":{\"@id\":\"https:\\\/\\\/www.editorialclaret.cat\\\/#\\\/schema\\\/logo\\\/image\\\/\"}}]}<\/script>\n<!-- \/ Yoast SEO plugin. -->","yoast_head_json":{"title":"Editorial Claret","robots":{"index":"noindex","follow":"follow","max-snippet":"max-snippet:-1","max-image-preview":"max-image-preview:large","max-video-preview":"max-video-preview:-1"},"og_locale":"es_ES","og_type":"article","og_title":"INICIAR UN CENTRE D'ESPLAI - Editorial Claret","og_description":"ARMENGOL, CARLES","og_url":"https:\/\/www.editorialclaret.cat\/producte\/iniciar-un-centre-desplai-8472639932\/","og_site_name":"Editorial Claret","article_modified_time":"2025-08-04T09:02:20+00:00","og_image":[{"width":1600,"height":2166,"url":"https:\/\/www.editorialclaret.cat\/wp-content\/uploads\/9788472639935.jpg","type":"image\/jpeg"}],"twitter_card":"summary_large_image","twitter_misc":{"Tiempo de lectura":"1 minuto"},"schema":{"@context":"https:\/\/schema.org","@graph":[{"@type":"WebPage","@id":"https:\/\/www.editorialclaret.cat\/producte\/iniciar-un-centre-desplai-8472639932\/","url":"https:\/\/www.editorialclaret.cat\/producte\/iniciar-un-centre-desplai-8472639932\/","name":"INICIAR UN CENTRE D'ESPLAI - Editorial Claret","isPartOf":{"@id":"https:\/\/www.editorialclaret.cat\/#website"},"primaryImageOfPage":{"@id":"https:\/\/www.editorialclaret.cat\/producte\/iniciar-un-centre-desplai-8472639932\/#primaryimage"},"image":{"@id":"https:\/\/www.editorialclaret.cat\/producte\/iniciar-un-centre-desplai-8472639932\/#primaryimage"},"thumbnailUrl":"https:\/\/www.editorialclaret.cat\/wp-content\/uploads\/9788472639935.jpg","datePublished":"2025-08-04T09:01:57+00:00","dateModified":"2025-08-04T09:02:20+00:00","breadcrumb":{"@id":"https:\/\/www.editorialclaret.cat\/producte\/iniciar-un-centre-desplai-8472639932\/#breadcrumb"},"inLanguage":"es","potentialAction":[{"@type":"ReadAction","target":["https:\/\/www.editorialclaret.cat\/producte\/iniciar-un-centre-desplai-8472639932\/"]}]},{"@type":"ImageObject","inLanguage":"es","@id":"https:\/\/www.editorialclaret.cat\/producte\/iniciar-un-centre-desplai-8472639932\/#primaryimage","url":"https:\/\/www.editorialclaret.cat\/wp-content\/uploads\/9788472639935.jpg","contentUrl":"https:\/\/www.editorialclaret.cat\/wp-content\/uploads\/9788472639935.jpg","width":1600,"height":2166,"caption":"9788472639935.jpg"},{"@type":"BreadcrumbList","@id":"https:\/\/www.editorialclaret.cat\/producte\/iniciar-un-centre-desplai-8472639932\/#breadcrumb","itemListElement":[{"@type":"ListItem","position":1,"name":"Portada","item":"https:\/\/www.editorialclaret.cat\/es\/"},{"@type":"ListItem","position":2,"name":"Botiga","item":"https:\/\/www.editorialclaret.cat\/?page_id=16"},{"@type":"ListItem","position":3,"name":"INICIAR UN CENTRE D&#8217;ESPLAI"}]},{"@type":"WebSite","@id":"https:\/\/www.editorialclaret.cat\/#website","url":"https:\/\/www.editorialclaret.cat\/","name":"Editorial Claret","description":"","publisher":{"@id":"https:\/\/www.editorialclaret.cat\/#organization"},"potentialAction":[{"@type":"SearchAction","target":{"@type":"EntryPoint","urlTemplate":"https:\/\/www.editorialclaret.cat\/?s={search_term_string}"},"query-input":{"@type":"PropertyValueSpecification","valueRequired":true,"valueName":"search_term_string"}}],"inLanguage":"es"},{"@type":"Organization","@id":"https:\/\/www.editorialclaret.cat\/#organization","name":"Editorial Claret","url":"https:\/\/www.editorialclaret.cat\/","logo":{"@type":"ImageObject","inLanguage":"es","@id":"https:\/\/www.editorialclaret.cat\/#\/schema\/logo\/image\/","url":"https:\/\/www.editorialclaret.cat\/wp-content\/uploads\/.\/logo-claret.png","contentUrl":"https:\/\/www.editorialclaret.cat\/wp-content\/uploads\/.\/logo-claret.png","width":194,"height":79,"caption":"Editorial Claret"},"image":{"@id":"https:\/\/www.editorialclaret.cat\/#\/schema\/logo\/image\/"}}]}},"_links":{"self":[{"href":"https:\/\/www.editorialclaret.cat\/es\/wp-json\/wp\/v2\/product\/68946","targetHints":{"allow":["GET"]}}],"collection":[{"href":"https:\/\/www.editorialclaret.cat\/es\/wp-json\/wp\/v2\/product"}],"about":[{"href":"https:\/\/www.editorialclaret.cat\/es\/wp-json\/wp\/v2\/types\/product"}],"wp:featuredmedia":[{"embeddable":true,"href":"https:\/\/www.editorialclaret.cat\/es\/wp-json\/wp\/v2\/media\/68947"}],"wp:attachment":[{"href":"https:\/\/www.editorialclaret.cat\/es\/wp-json\/wp\/v2\/media?parent=68946"}],"wp:term":[{"taxonomy":"product_brand","embeddable":true,"href":"https:\/\/www.editorialclaret.cat\/es\/wp-json\/wp\/v2\/product_brand?post=68946"},{"taxonomy":"product_cat","embeddable":true,"href":"https:\/\/www.editorialclaret.cat\/es\/wp-json\/wp\/v2\/product_cat?post=68946"},{"taxonomy":"product_tag","embeddable":true,"href":"https:\/\/www.editorialclaret.cat\/es\/wp-json\/wp\/v2\/product_tag?post=68946"}],"curies":[{"name":"wp","href":"https:\/\/api.w.org\/{rel}","templated":true}]}}

<p>Un ajut per posar en marxa aquesta aventura que es diu centre d&#8217;esplai. Centre necessari per a molts nois i noies, que difícilment juguen i fan festa en el seu temps lliure.<br />Els nois i noies difícilment juguen i fan festa en el seu temps lliure. Les influències de l&#8217;entorn acaben per convertir el temps lliure en un moment de passivitat: molt sovint, mirar la TV o consumir és l&#8217;única alternativa en aquest temps lliure. Per això, educar en l&#8217;esplai, fer d&#8217;aquest temps lliure un temps autoeducatiu, és una manera de fer alguna cosa. És una manera, si més no, de començar a ser més actors de la vida i no només espectadors. És una manera de començar a ser protagonistes. Aquest llibre vol ser un ajut per tal de posar en marxa aquesta aventura que es diu un centre d&#8217;esplai.</p>

Rústica

Carles Armengol Siscares. (Barcelona, 1960). Està casat i té un fill i una filla. Mestre, educador social i pedagog. Ha treballat en diverses fundacions socials i educatives (Pere Tarrés, Escola Cristiana...). Va crear els estudis d’Educació Social a la Universitat Ramon Llull i va ser director de l’Institut Catòlic d’Estudis Socials de Barcelona. És funcionari de la Generalitat de Catalunya on ha treballat a Joventut, Afers Socials i Afers Religiosos. Actualment és director general d’Afers Religiosos. Desenvolupa una intensa activitat cívica i eclesial des de diferents entitats: Fundació d’Escoles Parroquials de Barcelona, Lliga Espiritual de la Mare de Déu de Montserrat, Grup Sant Jordi de Drets Humans, Fundació Quatre Vents per a la petita infància... Ha impulsat iniciatives pedagògiques de compromís amb el medi ambient i de desenvolupament de nous estils de vida amb la comissió d’Ecologia i Justícia de Justícia i Pau Barcelona. Amb l’editorial Claret ha publicat, entre altres: Canviar el consum per canviar la vida, 2019; Perspectives de l’educació en el lleure (en col·laboració), 2006.
