{"id":68103,"date":"2025-02-14T17:00:13","date_gmt":"2025-02-14T16:00:13","guid":{"rendered":"https:\/\/www.editorialclaret.cat\/producte\/la-comunio-dels-sants-8482978578\/"},"modified":"2025-02-14T17:00:18","modified_gmt":"2025-02-14T16:00:18","slug":"la-comunio-dels-sants-8482978578","status":"publish","type":"product","link":"https:\/\/www.editorialclaret.cat\/es\/producto\/la-comunio-dels-sants-8482978578\/","title":{"rendered":"LA COMUNI\u00d3 DELS SANTS"},"content":{"rendered":"<p>La comuni\u00f3 dels sants constitueix, en primer lloc, una realitat teol\u00f2gica i eclesiol\u00f2gica, \u00e9s a dir, \u00e9s l\u2019Esgl\u00e9sia de Jesucrist en la seva ess\u00e8ncia espiritual i en la seva estructura sacramental; per\u00f2 tamb\u00e9 la comuni\u00f3 dels sants expressa la comuni\u00f3 de tots els creients i de totes les Esgl\u00e9sies en l\u2019oraci\u00f3 i en els sagraments.<br \/>La lit\u00fargia constitueix i edifica l\u2019\u00fanica Esgl\u00e9sia com a comuni\u00f3, com a Cos de Crist en la seva unitat ecum\u00e8nica; aix\u00ed doncs, si volem fer experi\u00e8ncia d\u2019aquesta realitat que anomenem comuni\u00f3 dels sants hem de participar de la vida lit\u00fargica de l\u2019Esgl\u00e9sia, especialment de l\u2019Eucaristia dominical.<br \/>La comuni\u00f3 dels sants manifesta, doncs, la comuni\u00f3 de cada cristi\u00e0 i cristiana amb D\u00e9u i amb la resta dels cristians, aix\u00ed com la seva dignitat de fill i filla en el Fill i la seva condici\u00f3 de sant i santa (ja ho \u00e9s, encara que no s\u2019hagi manifestat plenament). Aquesta dignitat i condici\u00f3 ens fa part\u00edcips i alhora responsables de l\u2019edificaci\u00f3 de l\u2019\u00fanica Esgl\u00e9sia de D\u00e9u i de la construcci\u00f3 del seu Regne, que l\u2019Esgl\u00e9sia n\u2019\u00e9s germen i inici en aquest m\u00f3n.<\/p>\n","protected":false},"excerpt":{"rendered":"<p>FONTBONA, JAUME<\/p>\n","protected":false},"featured_media":68104,"template":"","meta":{"_acf_changed":false,"rs_blank_template":"","rs_page_bg_color":"","slide_template_v7":"","inline_featured_image":false,"_monsterinsights_skip_tracking":false,"_monsterinsights_sitenote_active":false,"_monsterinsights_sitenote_note":"","_monsterinsights_sitenote_category":0},"product_brand":[],"product_cat":[1254,1017,1252,1015,1009,1246],"product_tag":[],"class_list":{"0":"post-68103","1":"product","2":"type-product","3":"status-publish","4":"has-post-thumbnail","6":"product_cat-eclesiologia-teologia-espiritualidad","7":"product_cat-eclesiologia-teologia","8":"product_cat-escatologia-teologia-espiritualidad","9":"product_cat-escatologia","10":"product_cat-fonamental","11":"product_cat-fundamental","13":"first","14":"instock","15":"taxable","16":"shipping-taxable","17":"purchasable","18":"product-type-simple"},"acf":{"autor":"FONTBONA, JAUME","codart":"848297857","libros-coleccion":"HORITZONS","ediciones":"1","encuadernacion":"R\u00fastica","fecha_de_publicacion":"27\/09\/2005","novedad":"0","paginas":"92","subtitulo":"","orden":"999","portada":"0","idioma":"cat","autores-libros":[{"ID":16253,"post_author":"3","post_date":"2022-10-19 01:04:33","post_date_gmt":"2022-10-18 23:04:33","post_content":"","post_title":"JAUME FONTBONA","post_excerpt":"","post_status":"publish","comment_status":"closed","ping_status":"closed","post_password":"","post_name":"jaume-fontbona","to_ping":"","pinged":"","post_modified":"2022-10-19 01:04:33","post_modified_gmt":"2022-10-18 23:04:33","post_content_filtered":"","post_parent":0,"guid":"http:\/\/dev.editorialclaret.cat\/autor\/jaume-fontbona\/","menu_order":0,"post_type":"autor","post_mime_type":"","comment_count":"0","filter":"raw"}]},"yoast_head":"<!-- This site is optimized with the Yoast SEO plugin v27.3 - https:\/\/yoast.com\/product\/yoast-seo-wordpress\/ -->\n<title>Editorial Claret<\/title>\n<meta name=\"robots\" content=\"noindex, follow, max-snippet:-1, max-image-preview:large, max-video-preview:-1\" \/>\n<meta property=\"og:locale\" content=\"es_ES\" \/>\n<meta property=\"og:type\" content=\"article\" \/>\n<meta property=\"og:title\" content=\"LA COMUNI\u00d3 DELS SANTS - Editorial Claret\" \/>\n<meta property=\"og:description\" content=\"FONTBONA, JAUME\" \/>\n<meta property=\"og:url\" content=\"https:\/\/www.editorialclaret.cat\/producte\/la-comunio-dels-sants-8482978578\/\" \/>\n<meta property=\"og:site_name\" content=\"Editorial Claret\" \/>\n<meta property=\"article:modified_time\" content=\"2025-02-14T16:00:18+00:00\" \/>\n<meta property=\"og:image\" content=\"https:\/\/www.editorialclaret.cat\/wp-content\/uploads\/9788482978574.jpg\" \/>\n\t<meta property=\"og:image:width\" content=\"289\" \/>\n\t<meta property=\"og:image:height\" content=\"389\" \/>\n\t<meta property=\"og:image:type\" content=\"image\/jpeg\" \/>\n<meta name=\"twitter:card\" content=\"summary_large_image\" \/>\n<meta name=\"twitter:label1\" content=\"Tiempo de lectura\" \/>\n\t<meta name=\"twitter:data1\" content=\"1 minuto\" \/>\n<script type=\"application\/ld+json\" class=\"yoast-schema-graph\">{\"@context\":\"https:\\\/\\\/schema.org\",\"@graph\":[{\"@type\":\"WebPage\",\"@id\":\"https:\\\/\\\/www.editorialclaret.cat\\\/producte\\\/la-comunio-dels-sants-8482978578\\\/\",\"url\":\"https:\\\/\\\/www.editorialclaret.cat\\\/producte\\\/la-comunio-dels-sants-8482978578\\\/\",\"name\":\"LA COMUNI\u00d3 DELS SANTS - Editorial Claret\",\"isPartOf\":{\"@id\":\"https:\\\/\\\/www.editorialclaret.cat\\\/#website\"},\"primaryImageOfPage\":{\"@id\":\"https:\\\/\\\/www.editorialclaret.cat\\\/producte\\\/la-comunio-dels-sants-8482978578\\\/#primaryimage\"},\"image\":{\"@id\":\"https:\\\/\\\/www.editorialclaret.cat\\\/producte\\\/la-comunio-dels-sants-8482978578\\\/#primaryimage\"},\"thumbnailUrl\":\"https:\\\/\\\/www.editorialclaret.cat\\\/wp-content\\\/uploads\\\/9788482978574.jpg\",\"datePublished\":\"2025-02-14T16:00:13+00:00\",\"dateModified\":\"2025-02-14T16:00:18+00:00\",\"breadcrumb\":{\"@id\":\"https:\\\/\\\/www.editorialclaret.cat\\\/producte\\\/la-comunio-dels-sants-8482978578\\\/#breadcrumb\"},\"inLanguage\":\"es\",\"potentialAction\":[{\"@type\":\"ReadAction\",\"target\":[\"https:\\\/\\\/www.editorialclaret.cat\\\/producte\\\/la-comunio-dels-sants-8482978578\\\/\"]}]},{\"@type\":\"ImageObject\",\"inLanguage\":\"es\",\"@id\":\"https:\\\/\\\/www.editorialclaret.cat\\\/producte\\\/la-comunio-dels-sants-8482978578\\\/#primaryimage\",\"url\":\"https:\\\/\\\/www.editorialclaret.cat\\\/wp-content\\\/uploads\\\/9788482978574.jpg\",\"contentUrl\":\"https:\\\/\\\/www.editorialclaret.cat\\\/wp-content\\\/uploads\\\/9788482978574.jpg\",\"width\":289,\"height\":389,\"caption\":\"9788482978574.jpg\"},{\"@type\":\"BreadcrumbList\",\"@id\":\"https:\\\/\\\/www.editorialclaret.cat\\\/producte\\\/la-comunio-dels-sants-8482978578\\\/#breadcrumb\",\"itemListElement\":[{\"@type\":\"ListItem\",\"position\":1,\"name\":\"Portada\",\"item\":\"https:\\\/\\\/www.editorialclaret.cat\\\/es\\\/\"},{\"@type\":\"ListItem\",\"position\":2,\"name\":\"Botiga\",\"item\":\"https:\\\/\\\/www.editorialclaret.cat\\\/?page_id=16\"},{\"@type\":\"ListItem\",\"position\":3,\"name\":\"LA COMUNI\u00d3 DELS SANTS\"}]},{\"@type\":\"WebSite\",\"@id\":\"https:\\\/\\\/www.editorialclaret.cat\\\/#website\",\"url\":\"https:\\\/\\\/www.editorialclaret.cat\\\/\",\"name\":\"Editorial Claret\",\"description\":\"\",\"publisher\":{\"@id\":\"https:\\\/\\\/www.editorialclaret.cat\\\/#organization\"},\"potentialAction\":[{\"@type\":\"SearchAction\",\"target\":{\"@type\":\"EntryPoint\",\"urlTemplate\":\"https:\\\/\\\/www.editorialclaret.cat\\\/?s={search_term_string}\"},\"query-input\":{\"@type\":\"PropertyValueSpecification\",\"valueRequired\":true,\"valueName\":\"search_term_string\"}}],\"inLanguage\":\"es\"},{\"@type\":\"Organization\",\"@id\":\"https:\\\/\\\/www.editorialclaret.cat\\\/#organization\",\"name\":\"Editorial Claret\",\"url\":\"https:\\\/\\\/www.editorialclaret.cat\\\/\",\"logo\":{\"@type\":\"ImageObject\",\"inLanguage\":\"es\",\"@id\":\"https:\\\/\\\/www.editorialclaret.cat\\\/#\\\/schema\\\/logo\\\/image\\\/\",\"url\":\"https:\\\/\\\/www.editorialclaret.cat\\\/wp-content\\\/uploads\\\/.\\\/logo-claret.png\",\"contentUrl\":\"https:\\\/\\\/www.editorialclaret.cat\\\/wp-content\\\/uploads\\\/.\\\/logo-claret.png\",\"width\":194,\"height\":79,\"caption\":\"Editorial Claret\"},\"image\":{\"@id\":\"https:\\\/\\\/www.editorialclaret.cat\\\/#\\\/schema\\\/logo\\\/image\\\/\"}}]}<\/script>\n<!-- \/ Yoast SEO plugin. -->","yoast_head_json":{"title":"Editorial Claret","robots":{"index":"noindex","follow":"follow","max-snippet":"max-snippet:-1","max-image-preview":"max-image-preview:large","max-video-preview":"max-video-preview:-1"},"og_locale":"es_ES","og_type":"article","og_title":"LA COMUNI\u00d3 DELS SANTS - Editorial Claret","og_description":"FONTBONA, JAUME","og_url":"https:\/\/www.editorialclaret.cat\/producte\/la-comunio-dels-sants-8482978578\/","og_site_name":"Editorial Claret","article_modified_time":"2025-02-14T16:00:18+00:00","og_image":[{"width":289,"height":389,"url":"https:\/\/www.editorialclaret.cat\/wp-content\/uploads\/9788482978574.jpg","type":"image\/jpeg"}],"twitter_card":"summary_large_image","twitter_misc":{"Tiempo de lectura":"1 minuto"},"schema":{"@context":"https:\/\/schema.org","@graph":[{"@type":"WebPage","@id":"https:\/\/www.editorialclaret.cat\/producte\/la-comunio-dels-sants-8482978578\/","url":"https:\/\/www.editorialclaret.cat\/producte\/la-comunio-dels-sants-8482978578\/","name":"LA COMUNI\u00d3 DELS SANTS - Editorial Claret","isPartOf":{"@id":"https:\/\/www.editorialclaret.cat\/#website"},"primaryImageOfPage":{"@id":"https:\/\/www.editorialclaret.cat\/producte\/la-comunio-dels-sants-8482978578\/#primaryimage"},"image":{"@id":"https:\/\/www.editorialclaret.cat\/producte\/la-comunio-dels-sants-8482978578\/#primaryimage"},"thumbnailUrl":"https:\/\/www.editorialclaret.cat\/wp-content\/uploads\/9788482978574.jpg","datePublished":"2025-02-14T16:00:13+00:00","dateModified":"2025-02-14T16:00:18+00:00","breadcrumb":{"@id":"https:\/\/www.editorialclaret.cat\/producte\/la-comunio-dels-sants-8482978578\/#breadcrumb"},"inLanguage":"es","potentialAction":[{"@type":"ReadAction","target":["https:\/\/www.editorialclaret.cat\/producte\/la-comunio-dels-sants-8482978578\/"]}]},{"@type":"ImageObject","inLanguage":"es","@id":"https:\/\/www.editorialclaret.cat\/producte\/la-comunio-dels-sants-8482978578\/#primaryimage","url":"https:\/\/www.editorialclaret.cat\/wp-content\/uploads\/9788482978574.jpg","contentUrl":"https:\/\/www.editorialclaret.cat\/wp-content\/uploads\/9788482978574.jpg","width":289,"height":389,"caption":"9788482978574.jpg"},{"@type":"BreadcrumbList","@id":"https:\/\/www.editorialclaret.cat\/producte\/la-comunio-dels-sants-8482978578\/#breadcrumb","itemListElement":[{"@type":"ListItem","position":1,"name":"Portada","item":"https:\/\/www.editorialclaret.cat\/es\/"},{"@type":"ListItem","position":2,"name":"Botiga","item":"https:\/\/www.editorialclaret.cat\/?page_id=16"},{"@type":"ListItem","position":3,"name":"LA COMUNI\u00d3 DELS SANTS"}]},{"@type":"WebSite","@id":"https:\/\/www.editorialclaret.cat\/#website","url":"https:\/\/www.editorialclaret.cat\/","name":"Editorial Claret","description":"","publisher":{"@id":"https:\/\/www.editorialclaret.cat\/#organization"},"potentialAction":[{"@type":"SearchAction","target":{"@type":"EntryPoint","urlTemplate":"https:\/\/www.editorialclaret.cat\/?s={search_term_string}"},"query-input":{"@type":"PropertyValueSpecification","valueRequired":true,"valueName":"search_term_string"}}],"inLanguage":"es"},{"@type":"Organization","@id":"https:\/\/www.editorialclaret.cat\/#organization","name":"Editorial Claret","url":"https:\/\/www.editorialclaret.cat\/","logo":{"@type":"ImageObject","inLanguage":"es","@id":"https:\/\/www.editorialclaret.cat\/#\/schema\/logo\/image\/","url":"https:\/\/www.editorialclaret.cat\/wp-content\/uploads\/.\/logo-claret.png","contentUrl":"https:\/\/www.editorialclaret.cat\/wp-content\/uploads\/.\/logo-claret.png","width":194,"height":79,"caption":"Editorial Claret"},"image":{"@id":"https:\/\/www.editorialclaret.cat\/#\/schema\/logo\/image\/"}}]}},"_links":{"self":[{"href":"https:\/\/www.editorialclaret.cat\/es\/wp-json\/wp\/v2\/product\/68103","targetHints":{"allow":["GET"]}}],"collection":[{"href":"https:\/\/www.editorialclaret.cat\/es\/wp-json\/wp\/v2\/product"}],"about":[{"href":"https:\/\/www.editorialclaret.cat\/es\/wp-json\/wp\/v2\/types\/product"}],"wp:featuredmedia":[{"embeddable":true,"href":"https:\/\/www.editorialclaret.cat\/es\/wp-json\/wp\/v2\/media\/68104"}],"wp:attachment":[{"href":"https:\/\/www.editorialclaret.cat\/es\/wp-json\/wp\/v2\/media?parent=68103"}],"wp:term":[{"taxonomy":"product_brand","embeddable":true,"href":"https:\/\/www.editorialclaret.cat\/es\/wp-json\/wp\/v2\/product_brand?post=68103"},{"taxonomy":"product_cat","embeddable":true,"href":"https:\/\/www.editorialclaret.cat\/es\/wp-json\/wp\/v2\/product_cat?post=68103"},{"taxonomy":"product_tag","embeddable":true,"href":"https:\/\/www.editorialclaret.cat\/es\/wp-json\/wp\/v2\/product_tag?post=68103"}],"curies":[{"name":"wp","href":"https:\/\/api.w.org\/{rel}","templated":true}]}}

LA COMUNIÓ DELS SANTS

<p>La comunió dels sants constitueix, en primer lloc, una realitat teològica i eclesiològica, és a dir, és l’Església de Jesucrist en la seva essència espiritual i en la seva estructura sacramental; però també la comunió dels sants expressa la comunió de tots els creients i de totes les Esglésies en l’oració i en els sagraments.<br />La litúrgia constitueix i edifica l’única Església com a comunió, com a Cos de Crist en la seva unitat ecumènica; així doncs, si volem fer experiència d’aquesta realitat que anomenem comunió dels sants hem de participar de la vida litúrgica de l’Església, especialment de l’Eucaristia dominical.<br />La comunió dels sants manifesta, doncs, la comunió de cada cristià i cristiana amb Déu i amb la resta dels cristians, així com la seva dignitat de fill i filla en el Fill i la seva condició de sant i santa (ja ho és, encara que no s’hagi manifestat plenament). Aquesta dignitat i condició ens fa partícips i alhora responsables de l’edificació de l’única Església de Déu i de la construcció del seu Regne, que l’Església n’és germen i inici en aquest món.</p>

Rústica

<!-- This site is optimized with the Yoast SEO plugin v27.3 - https://yoast.com/product/yoast-seo-wordpress/ -->
<title>Editorial Claret</title>
<meta name="robots" content="noindex, follow, max-snippet:-1, max-image-preview:large, max-video-preview:-1" />
<meta property="og:locale" content="es_ES" />
<meta property="og:type" content="article" />
<meta property="og:title" content="LA COMUNIÓ DELS SANTS - Editorial Claret" />
<meta property="og:description" content="FONTBONA, JAUME" />
<meta property="og:url" content="https://www.editorialclaret.cat/producte/la-comunio-dels-sants-8482978578/" />
<meta property="og:site_name" content="Editorial Claret" />
<meta property="article:modified_time" content="2025-02-14T16:00:18+00:00" />
<meta property="og:image" content="https://www.editorialclaret.cat/wp-content/uploads/9788482978574.jpg" />
	<meta property="og:image:width" content="289" />
	<meta property="og:image:height" content="389" />
	<meta property="og:image:type" content="image/jpeg" />
<meta name="twitter:card" content="summary_large_image" />
<meta name="twitter:label1" content="Tiempo de lectura" />
	<meta name="twitter:data1" content="1 minuto" />
<script type="application/ld+json" class="yoast-schema-graph">{"@context":"https:\/\/schema.org","@graph":[{"@type":"WebPage","@id":"https:\/\/www.editorialclaret.cat\/producte\/la-comunio-dels-sants-8482978578\/","url":"https:\/\/www.editorialclaret.cat\/producte\/la-comunio-dels-sants-8482978578\/","name":"LA COMUNIÓ DELS SANTS - Editorial Claret","isPartOf":{"@id":"https:\/\/www.editorialclaret.cat\/#website"},"primaryImageOfPage":{"@id":"https:\/\/www.editorialclaret.cat\/producte\/la-comunio-dels-sants-8482978578\/#primaryimage"},"image":{"@id":"https:\/\/www.editorialclaret.cat\/producte\/la-comunio-dels-sants-8482978578\/#primaryimage"},"thumbnailUrl":"https:\/\/www.editorialclaret.cat\/wp-content\/uploads\/9788482978574.jpg","datePublished":"2025-02-14T16:00:13+00:00","dateModified":"2025-02-14T16:00:18+00:00","breadcrumb":{"@id":"https:\/\/www.editorialclaret.cat\/producte\/la-comunio-dels-sants-8482978578\/#breadcrumb"},"inLanguage":"es","potentialAction":[{"@type":"ReadAction","target":["https:\/\/www.editorialclaret.cat\/producte\/la-comunio-dels-sants-8482978578\/"]}]},{"@type":"ImageObject","inLanguage":"es","@id":"https:\/\/www.editorialclaret.cat\/producte\/la-comunio-dels-sants-8482978578\/#primaryimage","url":"https:\/\/www.editorialclaret.cat\/wp-content\/uploads\/9788482978574.jpg","contentUrl":"https:\/\/www.editorialclaret.cat\/wp-content\/uploads\/9788482978574.jpg","width":289,"height":389,"caption":"9788482978574.jpg"},{"@type":"BreadcrumbList","@id":"https:\/\/www.editorialclaret.cat\/producte\/la-comunio-dels-sants-8482978578\/#breadcrumb","itemListElement":[{"@type":"ListItem","position":1,"name":"Portada","item":"https:\/\/www.editorialclaret.cat\/es\/"},{"@type":"ListItem","position":2,"name":"Botiga","item":"https:\/\/www.editorialclaret.cat\/?page_id=16"},{"@type":"ListItem","position":3,"name":"LA COMUNIÓ DELS SANTS"}]},{"@type":"WebSite","@id":"https:\/\/www.editorialclaret.cat\/#website","url":"https:\/\/www.editorialclaret.cat\/","name":"Editorial Claret","description":"","publisher":{"@id":"https:\/\/www.editorialclaret.cat\/#organization"},"potentialAction":[{"@type":"SearchAction","target":{"@type":"EntryPoint","urlTemplate":"https:\/\/www.editorialclaret.cat\/?s={search_term_string}"},"query-input":{"@type":"PropertyValueSpecification","valueRequired":true,"valueName":"search_term_string"}}],"inLanguage":"es"},{"@type":"Organization","@id":"https:\/\/www.editorialclaret.cat\/#organization","name":"Editorial Claret","url":"https:\/\/www.editorialclaret.cat\/","logo":{"@type":"ImageObject","inLanguage":"es","@id":"https:\/\/www.editorialclaret.cat\/#\/schema\/logo\/image\/","url":"https:\/\/www.editorialclaret.cat\/wp-content\/uploads\/.\/logo-claret.png","contentUrl":"https:\/\/www.editorialclaret.cat\/wp-content\/uploads\/.\/logo-claret.png","width":194,"height":79,"caption":"Editorial Claret"},"image":{"@id":"https:\/\/www.editorialclaret.cat\/#\/schema\/logo\/image\/"}}]}</script>
<!-- / Yoast SEO plugin. -->

LA COMUNIÓ DELS SANTS - Editorial Claret
