{"id":63359,"date":"2023-11-03T12:40:02","date_gmt":"2023-11-03T11:40:02","guid":{"rendered":"https:\/\/www.editorialclaret.cat\/producte\/coordinant-activitats-educatives-en-el-lleure-9788491362296\/"},"modified":"2025-07-30T18:11:03","modified_gmt":"2025-07-30T16:11:03","slug":"coordinant-activitats-educatives-en-el-lleure-9788491362296","status":"publish","type":"product","link":"https:\/\/www.editorialclaret.cat\/es\/producto\/coordinant-activitats-educatives-en-el-lleure-9788491362296\/","title":{"rendered":"COORDINANT ACTIVITATS EDUCATIVES EN EL LLEURE"},"content":{"rendered":"<p>La direcci\u00f3 i coordinaci\u00f3 de les activitats de lleure educatiu, com en qualsevol projecte, entitat, iniciativa, acci\u00f3&#8230; esdev\u00e9 capital per a facilitar-ne l&#8217;\u00e8xit. M\u00e9s enll\u00e0, encara que tamb\u00e9, de la planificaci\u00f3, la gesti\u00f3, l&#8217;organitzaci\u00f3, l&#8217;avaluaci\u00f3&#8230; el repte acostuma a ser el fet d&#8217;adoptar una perspectiva directiva de totes aquestes dimensions i funcions. I aquesta perspectiva directiva, es fa m\u00e9s evident, quan el prop\u00f2sit o enc\u00e0rrec \u00e9s la coordinaci\u00f3 i dinamitzaci\u00f3 de l&#8217;equip de monitors i monitores.<br \/>Aquesta nova obra, que recull l&#8217;expertesa i el bagatge de les escoles de formadors d&#8217;educadors en el lleure amb m\u00e9s traject\u00f2ria i m\u00e9s pres\u00e8ncia en el nostre pa\u00eds, ens brinda una molt bona aproximaci\u00f3 a aquesta perspectiva directiva. Un manual elaborat pluralment i que incorpora mirades, reflexions, continguts i coneixements sobre aquesta direcci\u00f3 d&#8217;activitats en el lleure.<\/p>\n","protected":false},"excerpt":{"rendered":"<p>FUNDACI\u00d3 PERE TARR\u00c9S<\/p>\n","protected":false},"featured_media":65042,"template":"","meta":{"_acf_changed":false,"rs_blank_template":"","rs_page_bg_color":"","slide_template_v7":"","inline_featured_image":false,"_monsterinsights_skip_tracking":false,"_monsterinsights_sitenote_active":false,"_monsterinsights_sitenote_note":"","_monsterinsights_sitenote_category":0},"product_brand":[],"product_cat":[926,1163],"product_tag":[],"class_list":{"0":"post-63359","1":"product","2":"type-product","3":"status-publish","4":"has-post-thumbnail","6":"product_cat-orientacio-professional-pedagogia","7":"product_cat-orientacion-profesional-pedagogia-humanidades","9":"first","10":"instock","11":"taxable","12":"shipping-taxable","13":"purchasable","14":"product-type-simple"},"acf":{"autor":"FUNDACI\u00d3 PERE TARR\u00c9S","codart":"849136229","libros-coleccion":"","ediciones":"1","encuadernacion":"R\u00fastica","fecha_de_publicacion":"26\/07\/2022","novedad":"1","paginas":"240","subtitulo":"FORMACI\u00d3 PER A DIRECTORES I DIRECTORS","orden":"999","portada":"1","idioma":"cat","autores-libros":[{"ID":46554,"post_author":"3","post_date":"2022-10-24 13:03:39","post_date_gmt":"2022-10-24 11:03:39","post_content":"<span class=\"fontstyle0\">La Fundaci\u00f3 Pere Tarr\u00e9s, amb 60 anys d\u2019exist\u00e8ncia, \u00e9s una organitzaci\u00f3 no lucrativa educativa i d\u2019acci\u00f3 social que va n\u00e9ixer amb la finalitat de promoure l\u2019educaci\u00f3 en el lleure d\u2019infants i joves.<\/span>\r\n\r\n<span class=\"fontstyle0\">Dedicada a la promoci\u00f3 de l\u2019educaci\u00f3 en el temps lliure, el voluntariat, la millora de la intervenci\u00f3 social i l\u2019enfortiment del teixit associatiu, amb el temps la seva acci\u00f3 s\u2019ha ampliat a altres \u00e0mbits de l\u2019acci\u00f3 social com ara la formaci\u00f3, la recerca i la gesti\u00f3.<\/span>","post_title":"FUNDACI\u00d3 PERE TARR\u00c9S","post_excerpt":"","post_status":"publish","comment_status":"closed","ping_status":"closed","post_password":"","post_name":"fundacio-pere-tarres","to_ping":"","pinged":"","post_modified":"2024-02-08 10:38:22","post_modified_gmt":"2024-02-08 09:38:22","post_content_filtered":"","post_parent":0,"guid":"http:\/\/dev.editorialclaret.cat\/autor\/fundacio-pere-tarres\/","menu_order":0,"post_type":"autor","post_mime_type":"","comment_count":"0","filter":"raw"}],"booktrailer":"","resenas":""},"yoast_head":"<!-- This site is optimized with the Yoast SEO plugin v27.3 - https:\/\/yoast.com\/product\/yoast-seo-wordpress\/ -->\n<title>Editorial Claret<\/title>\n<meta name=\"robots\" content=\"noindex, follow, max-snippet:-1, max-image-preview:large, max-video-preview:-1\" \/>\n<meta property=\"og:locale\" content=\"es_ES\" \/>\n<meta property=\"og:type\" content=\"article\" \/>\n<meta property=\"og:title\" content=\"COORDINANT ACTIVITATS EDUCATIVES EN EL LLEURE - Editorial Claret\" \/>\n<meta property=\"og:description\" content=\"FUNDACI\u00d3 PERE TARR\u00c9S\" \/>\n<meta property=\"og:url\" content=\"https:\/\/www.editorialclaret.cat\/producte\/coordinant-activitats-educatives-en-el-lleure-9788491362296\/\" \/>\n<meta property=\"og:site_name\" content=\"Editorial Claret\" \/>\n<meta property=\"article:modified_time\" content=\"2025-07-30T16:11:03+00:00\" \/>\n<meta property=\"og:image\" content=\"https:\/\/www.editorialclaret.cat\/wp-content\/uploads\/.\/9788491362296-831.jpg\" \/>\n\t<meta property=\"og:image:width\" content=\"1160\" \/>\n\t<meta property=\"og:image:height\" content=\"1536\" \/>\n\t<meta property=\"og:image:type\" content=\"image\/jpeg\" \/>\n<meta name=\"twitter:card\" content=\"summary_large_image\" \/>\n<meta name=\"twitter:label1\" content=\"Tiempo de lectura\" \/>\n\t<meta name=\"twitter:data1\" content=\"1 minuto\" \/>\n<script type=\"application\/ld+json\" class=\"yoast-schema-graph\">{\"@context\":\"https:\\\/\\\/schema.org\",\"@graph\":[{\"@type\":\"WebPage\",\"@id\":\"https:\\\/\\\/www.editorialclaret.cat\\\/producte\\\/coordinant-activitats-educatives-en-el-lleure-9788491362296\\\/\",\"url\":\"https:\\\/\\\/www.editorialclaret.cat\\\/producte\\\/coordinant-activitats-educatives-en-el-lleure-9788491362296\\\/\",\"name\":\"COORDINANT ACTIVITATS EDUCATIVES EN EL LLEURE - Editorial Claret\",\"isPartOf\":{\"@id\":\"https:\\\/\\\/www.editorialclaret.cat\\\/#website\"},\"primaryImageOfPage\":{\"@id\":\"https:\\\/\\\/www.editorialclaret.cat\\\/producte\\\/coordinant-activitats-educatives-en-el-lleure-9788491362296\\\/#primaryimage\"},\"image\":{\"@id\":\"https:\\\/\\\/www.editorialclaret.cat\\\/producte\\\/coordinant-activitats-educatives-en-el-lleure-9788491362296\\\/#primaryimage\"},\"thumbnailUrl\":\"https:\\\/\\\/www.editorialclaret.cat\\\/wp-content\\\/uploads\\\/.\\\/9788491362296-831.jpg\",\"datePublished\":\"2023-11-03T11:40:02+00:00\",\"dateModified\":\"2025-07-30T16:11:03+00:00\",\"breadcrumb\":{\"@id\":\"https:\\\/\\\/www.editorialclaret.cat\\\/producte\\\/coordinant-activitats-educatives-en-el-lleure-9788491362296\\\/#breadcrumb\"},\"inLanguage\":\"es\",\"potentialAction\":[{\"@type\":\"ReadAction\",\"target\":[\"https:\\\/\\\/www.editorialclaret.cat\\\/producte\\\/coordinant-activitats-educatives-en-el-lleure-9788491362296\\\/\"]}]},{\"@type\":\"ImageObject\",\"inLanguage\":\"es\",\"@id\":\"https:\\\/\\\/www.editorialclaret.cat\\\/producte\\\/coordinant-activitats-educatives-en-el-lleure-9788491362296\\\/#primaryimage\",\"url\":\"https:\\\/\\\/www.editorialclaret.cat\\\/wp-content\\\/uploads\\\/.\\\/9788491362296-831.jpg\",\"contentUrl\":\"https:\\\/\\\/www.editorialclaret.cat\\\/wp-content\\\/uploads\\\/.\\\/9788491362296-831.jpg\",\"width\":1160,\"height\":1536,\"caption\":\"9788491362296.jpg\"},{\"@type\":\"BreadcrumbList\",\"@id\":\"https:\\\/\\\/www.editorialclaret.cat\\\/producte\\\/coordinant-activitats-educatives-en-el-lleure-9788491362296\\\/#breadcrumb\",\"itemListElement\":[{\"@type\":\"ListItem\",\"position\":1,\"name\":\"Portada\",\"item\":\"https:\\\/\\\/www.editorialclaret.cat\\\/es\\\/\"},{\"@type\":\"ListItem\",\"position\":2,\"name\":\"Botiga\",\"item\":\"https:\\\/\\\/www.editorialclaret.cat\\\/?page_id=16\"},{\"@type\":\"ListItem\",\"position\":3,\"name\":\"COORDINANT ACTIVITATS EDUCATIVES EN EL LLEURE\"}]},{\"@type\":\"WebSite\",\"@id\":\"https:\\\/\\\/www.editorialclaret.cat\\\/#website\",\"url\":\"https:\\\/\\\/www.editorialclaret.cat\\\/\",\"name\":\"Editorial Claret\",\"description\":\"\",\"publisher\":{\"@id\":\"https:\\\/\\\/www.editorialclaret.cat\\\/#organization\"},\"potentialAction\":[{\"@type\":\"SearchAction\",\"target\":{\"@type\":\"EntryPoint\",\"urlTemplate\":\"https:\\\/\\\/www.editorialclaret.cat\\\/?s={search_term_string}\"},\"query-input\":{\"@type\":\"PropertyValueSpecification\",\"valueRequired\":true,\"valueName\":\"search_term_string\"}}],\"inLanguage\":\"es\"},{\"@type\":\"Organization\",\"@id\":\"https:\\\/\\\/www.editorialclaret.cat\\\/#organization\",\"name\":\"Editorial Claret\",\"url\":\"https:\\\/\\\/www.editorialclaret.cat\\\/\",\"logo\":{\"@type\":\"ImageObject\",\"inLanguage\":\"es\",\"@id\":\"https:\\\/\\\/www.editorialclaret.cat\\\/#\\\/schema\\\/logo\\\/image\\\/\",\"url\":\"https:\\\/\\\/www.editorialclaret.cat\\\/wp-content\\\/uploads\\\/.\\\/logo-claret.png\",\"contentUrl\":\"https:\\\/\\\/www.editorialclaret.cat\\\/wp-content\\\/uploads\\\/.\\\/logo-claret.png\",\"width\":194,\"height\":79,\"caption\":\"Editorial Claret\"},\"image\":{\"@id\":\"https:\\\/\\\/www.editorialclaret.cat\\\/#\\\/schema\\\/logo\\\/image\\\/\"}}]}<\/script>\n<!-- \/ Yoast SEO plugin. -->","yoast_head_json":{"title":"Editorial Claret","robots":{"index":"noindex","follow":"follow","max-snippet":"max-snippet:-1","max-image-preview":"max-image-preview:large","max-video-preview":"max-video-preview:-1"},"og_locale":"es_ES","og_type":"article","og_title":"COORDINANT ACTIVITATS EDUCATIVES EN EL LLEURE - Editorial Claret","og_description":"FUNDACI\u00d3 PERE TARR\u00c9S","og_url":"https:\/\/www.editorialclaret.cat\/producte\/coordinant-activitats-educatives-en-el-lleure-9788491362296\/","og_site_name":"Editorial Claret","article_modified_time":"2025-07-30T16:11:03+00:00","og_image":[{"width":1160,"height":1536,"url":"https:\/\/www.editorialclaret.cat\/wp-content\/uploads\/.\/9788491362296-831.jpg","type":"image\/jpeg"}],"twitter_card":"summary_large_image","twitter_misc":{"Tiempo de lectura":"1 minuto"},"schema":{"@context":"https:\/\/schema.org","@graph":[{"@type":"WebPage","@id":"https:\/\/www.editorialclaret.cat\/producte\/coordinant-activitats-educatives-en-el-lleure-9788491362296\/","url":"https:\/\/www.editorialclaret.cat\/producte\/coordinant-activitats-educatives-en-el-lleure-9788491362296\/","name":"COORDINANT ACTIVITATS EDUCATIVES EN EL LLEURE - Editorial Claret","isPartOf":{"@id":"https:\/\/www.editorialclaret.cat\/#website"},"primaryImageOfPage":{"@id":"https:\/\/www.editorialclaret.cat\/producte\/coordinant-activitats-educatives-en-el-lleure-9788491362296\/#primaryimage"},"image":{"@id":"https:\/\/www.editorialclaret.cat\/producte\/coordinant-activitats-educatives-en-el-lleure-9788491362296\/#primaryimage"},"thumbnailUrl":"https:\/\/www.editorialclaret.cat\/wp-content\/uploads\/.\/9788491362296-831.jpg","datePublished":"2023-11-03T11:40:02+00:00","dateModified":"2025-07-30T16:11:03+00:00","breadcrumb":{"@id":"https:\/\/www.editorialclaret.cat\/producte\/coordinant-activitats-educatives-en-el-lleure-9788491362296\/#breadcrumb"},"inLanguage":"es","potentialAction":[{"@type":"ReadAction","target":["https:\/\/www.editorialclaret.cat\/producte\/coordinant-activitats-educatives-en-el-lleure-9788491362296\/"]}]},{"@type":"ImageObject","inLanguage":"es","@id":"https:\/\/www.editorialclaret.cat\/producte\/coordinant-activitats-educatives-en-el-lleure-9788491362296\/#primaryimage","url":"https:\/\/www.editorialclaret.cat\/wp-content\/uploads\/.\/9788491362296-831.jpg","contentUrl":"https:\/\/www.editorialclaret.cat\/wp-content\/uploads\/.\/9788491362296-831.jpg","width":1160,"height":1536,"caption":"9788491362296.jpg"},{"@type":"BreadcrumbList","@id":"https:\/\/www.editorialclaret.cat\/producte\/coordinant-activitats-educatives-en-el-lleure-9788491362296\/#breadcrumb","itemListElement":[{"@type":"ListItem","position":1,"name":"Portada","item":"https:\/\/www.editorialclaret.cat\/es\/"},{"@type":"ListItem","position":2,"name":"Botiga","item":"https:\/\/www.editorialclaret.cat\/?page_id=16"},{"@type":"ListItem","position":3,"name":"COORDINANT ACTIVITATS EDUCATIVES EN EL LLEURE"}]},{"@type":"WebSite","@id":"https:\/\/www.editorialclaret.cat\/#website","url":"https:\/\/www.editorialclaret.cat\/","name":"Editorial Claret","description":"","publisher":{"@id":"https:\/\/www.editorialclaret.cat\/#organization"},"potentialAction":[{"@type":"SearchAction","target":{"@type":"EntryPoint","urlTemplate":"https:\/\/www.editorialclaret.cat\/?s={search_term_string}"},"query-input":{"@type":"PropertyValueSpecification","valueRequired":true,"valueName":"search_term_string"}}],"inLanguage":"es"},{"@type":"Organization","@id":"https:\/\/www.editorialclaret.cat\/#organization","name":"Editorial Claret","url":"https:\/\/www.editorialclaret.cat\/","logo":{"@type":"ImageObject","inLanguage":"es","@id":"https:\/\/www.editorialclaret.cat\/#\/schema\/logo\/image\/","url":"https:\/\/www.editorialclaret.cat\/wp-content\/uploads\/.\/logo-claret.png","contentUrl":"https:\/\/www.editorialclaret.cat\/wp-content\/uploads\/.\/logo-claret.png","width":194,"height":79,"caption":"Editorial Claret"},"image":{"@id":"https:\/\/www.editorialclaret.cat\/#\/schema\/logo\/image\/"}}]}},"_links":{"self":[{"href":"https:\/\/www.editorialclaret.cat\/es\/wp-json\/wp\/v2\/product\/63359","targetHints":{"allow":["GET"]}}],"collection":[{"href":"https:\/\/www.editorialclaret.cat\/es\/wp-json\/wp\/v2\/product"}],"about":[{"href":"https:\/\/www.editorialclaret.cat\/es\/wp-json\/wp\/v2\/types\/product"}],"wp:featuredmedia":[{"embeddable":true,"href":"https:\/\/www.editorialclaret.cat\/es\/wp-json\/wp\/v2\/media\/65042"}],"wp:attachment":[{"href":"https:\/\/www.editorialclaret.cat\/es\/wp-json\/wp\/v2\/media?parent=63359"}],"wp:term":[{"taxonomy":"product_brand","embeddable":true,"href":"https:\/\/www.editorialclaret.cat\/es\/wp-json\/wp\/v2\/product_brand?post=63359"},{"taxonomy":"product_cat","embeddable":true,"href":"https:\/\/www.editorialclaret.cat\/es\/wp-json\/wp\/v2\/product_cat?post=63359"},{"taxonomy":"product_tag","embeddable":true,"href":"https:\/\/www.editorialclaret.cat\/es\/wp-json\/wp\/v2\/product_tag?post=63359"}],"curies":[{"name":"wp","href":"https:\/\/api.w.org\/{rel}","templated":true}]}}

<p>La direcció i coordinació de les activitats de lleure educatiu, com en qualsevol projecte, entitat, iniciativa, acció&#8230; esdevé capital per a facilitar-ne l&#8217;èxit. Més enllà, encara que també, de la planificació, la gestió, l&#8217;organització, l&#8217;avaluació&#8230; el repte acostuma a ser el fet d&#8217;adoptar una perspectiva directiva de totes aquestes dimensions i funcions. I aquesta perspectiva directiva, es fa més evident, quan el propòsit o encàrrec és la coordinació i dinamització de l&#8217;equip de monitors i monitores.<br />Aquesta nova obra, que recull l&#8217;expertesa i el bagatge de les escoles de formadors d&#8217;educadors en el lleure amb més trajectòria i més presència en el nostre país, ens brinda una molt bona aproximació a aquesta perspectiva directiva. Un manual elaborat pluralment i que incorpora mirades, reflexions, continguts i coneixements sobre aquesta direcció d&#8217;activitats en el lleure.</p>

<p>FUNDACIÓ PERE TARRÉS</p>

FUNDACIÓ PERE TARRÉS

Rústica

FORMACIÓ PER A DIRECTORES I DIRECTORS

<span class="fontstyle0">La Fundació Pere Tarrés, amb 60 anys d’existència, és una organització no lucrativa educativa i d’acció social que va néixer amb la finalitat de promoure l’educació en el lleure d’infants i joves.</span>

<span class="fontstyle0">Dedicada a la promoció de l’educació en el temps lliure, el voluntariat, la millora de la intervenció social i l’enfortiment del teixit associatiu, amb el temps la seva acció s’ha ampliat a altres àmbits de l’acció social com ara la formació, la recerca i la gestió.</span>

<!-- This site is optimized with the Yoast SEO plugin v27.3 - https://yoast.com/product/yoast-seo-wordpress/ -->
<title>Editorial Claret</title>
<meta name="robots" content="noindex, follow, max-snippet:-1, max-image-preview:large, max-video-preview:-1" />
<meta property="og:locale" content="es_ES" />
<meta property="og:type" content="article" />
<meta property="og:title" content="COORDINANT ACTIVITATS EDUCATIVES EN EL LLEURE - Editorial Claret" />
<meta property="og:description" content="FUNDACIÓ PERE TARRÉS" />
<meta property="og:url" content="https://www.editorialclaret.cat/producte/coordinant-activitats-educatives-en-el-lleure-9788491362296/" />
<meta property="og:site_name" content="Editorial Claret" />
<meta property="article:modified_time" content="2025-07-30T16:11:03+00:00" />
<meta property="og:image" content="https://www.editorialclaret.cat/wp-content/uploads/./9788491362296-831.jpg" />
	<meta property="og:image:width" content="1160" />
	<meta property="og:image:height" content="1536" />
	<meta property="og:image:type" content="image/jpeg" />
<meta name="twitter:card" content="summary_large_image" />
<meta name="twitter:label1" content="Tiempo de lectura" />
	<meta name="twitter:data1" content="1 minuto" />
<script type="application/ld+json" class="yoast-schema-graph">{"@context":"https:\/\/schema.org","@graph":[{"@type":"WebPage","@id":"https:\/\/www.editorialclaret.cat\/producte\/coordinant-activitats-educatives-en-el-lleure-9788491362296\/","url":"https:\/\/www.editorialclaret.cat\/producte\/coordinant-activitats-educatives-en-el-lleure-9788491362296\/","name":"COORDINANT ACTIVITATS EDUCATIVES EN EL LLEURE - Editorial Claret","isPartOf":{"@id":"https:\/\/www.editorialclaret.cat\/#website"},"primaryImageOfPage":{"@id":"https:\/\/www.editorialclaret.cat\/producte\/coordinant-activitats-educatives-en-el-lleure-9788491362296\/#primaryimage"},"image":{"@id":"https:\/\/www.editorialclaret.cat\/producte\/coordinant-activitats-educatives-en-el-lleure-9788491362296\/#primaryimage"},"thumbnailUrl":"https:\/\/www.editorialclaret.cat\/wp-content\/uploads\/.\/9788491362296-831.jpg","datePublished":"2023-11-03T11:40:02+00:00","dateModified":"2025-07-30T16:11:03+00:00","breadcrumb":{"@id":"https:\/\/www.editorialclaret.cat\/producte\/coordinant-activitats-educatives-en-el-lleure-9788491362296\/#breadcrumb"},"inLanguage":"es","potentialAction":[{"@type":"ReadAction","target":["https:\/\/www.editorialclaret.cat\/producte\/coordinant-activitats-educatives-en-el-lleure-9788491362296\/"]}]},{"@type":"ImageObject","inLanguage":"es","@id":"https:\/\/www.editorialclaret.cat\/producte\/coordinant-activitats-educatives-en-el-lleure-9788491362296\/#primaryimage","url":"https:\/\/www.editorialclaret.cat\/wp-content\/uploads\/.\/9788491362296-831.jpg","contentUrl":"https:\/\/www.editorialclaret.cat\/wp-content\/uploads\/.\/9788491362296-831.jpg","width":1160,"height":1536,"caption":"9788491362296.jpg"},{"@type":"BreadcrumbList","@id":"https:\/\/www.editorialclaret.cat\/producte\/coordinant-activitats-educatives-en-el-lleure-9788491362296\/#breadcrumb","itemListElement":[{"@type":"ListItem","position":1,"name":"Portada","item":"https:\/\/www.editorialclaret.cat\/es\/"},{"@type":"ListItem","position":2,"name":"Botiga","item":"https:\/\/www.editorialclaret.cat\/?page_id=16"},{"@type":"ListItem","position":3,"name":"COORDINANT ACTIVITATS EDUCATIVES EN EL LLEURE"}]},{"@type":"WebSite","@id":"https:\/\/www.editorialclaret.cat\/#website","url":"https:\/\/www.editorialclaret.cat\/","name":"Editorial Claret","description":"","publisher":{"@id":"https:\/\/www.editorialclaret.cat\/#organization"},"potentialAction":[{"@type":"SearchAction","target":{"@type":"EntryPoint","urlTemplate":"https:\/\/www.editorialclaret.cat\/?s={search_term_string}"},"query-input":{"@type":"PropertyValueSpecification","valueRequired":true,"valueName":"search_term_string"}}],"inLanguage":"es"},{"@type":"Organization","@id":"https:\/\/www.editorialclaret.cat\/#organization","name":"Editorial Claret","url":"https:\/\/www.editorialclaret.cat\/","logo":{"@type":"ImageObject","inLanguage":"es","@id":"https:\/\/www.editorialclaret.cat\/#\/schema\/logo\/image\/","url":"https:\/\/www.editorialclaret.cat\/wp-content\/uploads\/.\/logo-claret.png","contentUrl":"https:\/\/www.editorialclaret.cat\/wp-content\/uploads\/.\/logo-claret.png","width":194,"height":79,"caption":"Editorial Claret"},"image":{"@id":"https:\/\/www.editorialclaret.cat\/#\/schema\/logo\/image\/"}}]}</script>
<!-- / Yoast SEO plugin. -->
