{"id":50244,"date":"2023-05-18T14:31:31","date_gmt":"2023-05-18T12:31:31","guid":{"rendered":"http:\/\/dev.editorialclaret.cat\/producte\/brotes-de-vida-9788491360278\/"},"modified":"2024-07-08T12:00:25","modified_gmt":"2024-07-08T10:00:25","slug":"brotes-de-vida-9788491360278","status":"publish","type":"product","link":"https:\/\/www.editorialclaret.cat\/es\/producto\/brotes-de-vida-9788491360278\/","title":{"rendered":"BROTES DE VIDA"},"content":{"rendered":"<p>Hay mucha realidad seca a nuestro alrededor y no resulta f\u00e1cil hacer una lectura que entusiasme cuando el mundo que se nos muestra en el telediario y en las redes sociales es m\u00e1s un escenario de decepciones que una bocanada de coraje. Una sociedad l\u00edquida, ciertamente, que va deshaciendo aquellos v\u00ednculos indiscutibles que la manten\u00edan cohesionada. El incremento de la violencia, el desarraigo familiar, la desconfianza hacia lo institucional, el desamparo social, la vulnerabilidad de los m\u00e1s pobres, la p\u00e9rdida de sentido de lo sagrado y del respeto a las personas, las heridas del ambiente social, las disfunciones de la econom\u00eda y la falta de protecci\u00f3n del medio natural, y un largo etc\u00e9tera, configuran la sequ\u00eda personal, social y ambiental que nos preocupa.<\/p>\n","protected":false},"excerpt":{"rendered":"<p>TALTAVULL, SEBASTI\u00c0<\/p>\n","protected":false},"featured_media":66564,"template":"","meta":{"_acf_changed":false,"rs_blank_template":"","rs_page_bg_color":"","slide_template_v7":"","inline_featured_image":false,"_monsterinsights_skip_tracking":false,"_monsterinsights_sitenote_active":false,"_monsterinsights_sitenote_note":"","_monsterinsights_sitenote_category":0},"product_brand":[],"product_cat":[1068,831,1055,817,1303,1299],"product_tag":[],"class_list":{"0":"post-50244","1":"product","2":"type-product","3":"status-publish","4":"has-post-thumbnail","6":"product_cat-eclesiologia-espiritualidad","7":"product_cat-eclesiologia","8":"product_cat-espiritualidad-espiritualidad","9":"product_cat-espiritualitat-espiritualitat","10":"product_cat-sabidurias","11":"product_cat-savieses","13":"first","14":"instock","15":"taxable","16":"shipping-taxable","17":"purchasable","18":"product-type-simple"},"acf":{"autor":"TALTAVULL, SEBASTI\u00c0","codart":"849136027","libros-coleccion":"","ediciones":"1","encuadernacion":"R\u00fastica","fecha_de_publicacion":"22\/02\/2018","novedad":"0","paginas":"192","subtitulo":"","orden":"4","portada":"0","idioma":"spa","autores-libros":[{"ID":46622,"post_author":"3","post_date":"2022-10-24 13:04:26","post_date_gmt":"2022-10-24 11:04:26","post_content":"","post_title":"SEBASTI\u00c0 TALTAVULL","post_excerpt":"","post_status":"publish","comment_status":"closed","ping_status":"closed","post_password":"","post_name":"sebastia-taltavull","to_ping":"","pinged":"","post_modified":"2022-10-24 13:04:26","post_modified_gmt":"2022-10-24 11:04:26","post_content_filtered":"","post_parent":0,"guid":"http:\/\/dev.editorialclaret.cat\/autor\/sebastia-taltavull\/","menu_order":0,"post_type":"autor","post_mime_type":"","comment_count":"0","filter":"raw"}],"booktrailer":"","linkebook":"","ficha":"849136027_1688648434.pdf","muestra":"","precioebook":"0","presentacion":"","resenas":""},"yoast_head":"<!-- This site is optimized with the Yoast SEO plugin v27.3 - https:\/\/yoast.com\/product\/yoast-seo-wordpress\/ -->\n<title>Editorial Claret<\/title>\n<meta name=\"robots\" content=\"noindex, follow, max-snippet:-1, max-image-preview:large, max-video-preview:-1\" \/>\n<meta property=\"og:locale\" content=\"es_ES\" \/>\n<meta property=\"og:type\" content=\"article\" \/>\n<meta property=\"og:title\" content=\"BROTES DE VIDA - Editorial Claret\" \/>\n<meta property=\"og:description\" content=\"TALTAVULL, SEBASTI\u00c0\" \/>\n<meta property=\"og:url\" content=\"https:\/\/www.editorialclaret.cat\/producte\/brotes-de-vida-9788491360278\/\" \/>\n<meta property=\"og:site_name\" content=\"Editorial Claret\" \/>\n<meta property=\"article:modified_time\" content=\"2024-07-08T10:00:25+00:00\" \/>\n<meta property=\"og:image\" content=\"https:\/\/www.editorialclaret.cat\/wp-content\/uploads\/9788491360278-2.jpg\" \/>\n\t<meta property=\"og:image:width\" content=\"350\" \/>\n\t<meta property=\"og:image:height\" content=\"519\" \/>\n\t<meta property=\"og:image:type\" content=\"image\/jpeg\" \/>\n<meta name=\"twitter:card\" content=\"summary_large_image\" \/>\n<meta name=\"twitter:label1\" content=\"Tiempo de lectura\" \/>\n\t<meta name=\"twitter:data1\" content=\"1 minuto\" \/>\n<script type=\"application\/ld+json\" class=\"yoast-schema-graph\">{\"@context\":\"https:\\\/\\\/schema.org\",\"@graph\":[{\"@type\":\"WebPage\",\"@id\":\"https:\\\/\\\/www.editorialclaret.cat\\\/producte\\\/brotes-de-vida-9788491360278\\\/\",\"url\":\"https:\\\/\\\/www.editorialclaret.cat\\\/producte\\\/brotes-de-vida-9788491360278\\\/\",\"name\":\"BROTES DE VIDA - Editorial Claret\",\"isPartOf\":{\"@id\":\"https:\\\/\\\/www.editorialclaret.cat\\\/#website\"},\"primaryImageOfPage\":{\"@id\":\"https:\\\/\\\/www.editorialclaret.cat\\\/producte\\\/brotes-de-vida-9788491360278\\\/#primaryimage\"},\"image\":{\"@id\":\"https:\\\/\\\/www.editorialclaret.cat\\\/producte\\\/brotes-de-vida-9788491360278\\\/#primaryimage\"},\"thumbnailUrl\":\"https:\\\/\\\/www.editorialclaret.cat\\\/wp-content\\\/uploads\\\/9788491360278-2.jpg\",\"datePublished\":\"2023-05-18T12:31:31+00:00\",\"dateModified\":\"2024-07-08T10:00:25+00:00\",\"breadcrumb\":{\"@id\":\"https:\\\/\\\/www.editorialclaret.cat\\\/producte\\\/brotes-de-vida-9788491360278\\\/#breadcrumb\"},\"inLanguage\":\"es\",\"potentialAction\":[{\"@type\":\"ReadAction\",\"target\":[\"https:\\\/\\\/www.editorialclaret.cat\\\/producte\\\/brotes-de-vida-9788491360278\\\/\"]}]},{\"@type\":\"ImageObject\",\"inLanguage\":\"es\",\"@id\":\"https:\\\/\\\/www.editorialclaret.cat\\\/producte\\\/brotes-de-vida-9788491360278\\\/#primaryimage\",\"url\":\"https:\\\/\\\/www.editorialclaret.cat\\\/wp-content\\\/uploads\\\/9788491360278-2.jpg\",\"contentUrl\":\"https:\\\/\\\/www.editorialclaret.cat\\\/wp-content\\\/uploads\\\/9788491360278-2.jpg\",\"width\":350,\"height\":519,\"caption\":\"9788491360278.jpg\"},{\"@type\":\"BreadcrumbList\",\"@id\":\"https:\\\/\\\/www.editorialclaret.cat\\\/producte\\\/brotes-de-vida-9788491360278\\\/#breadcrumb\",\"itemListElement\":[{\"@type\":\"ListItem\",\"position\":1,\"name\":\"Portada\",\"item\":\"https:\\\/\\\/www.editorialclaret.cat\\\/es\\\/\"},{\"@type\":\"ListItem\",\"position\":2,\"name\":\"Botiga\",\"item\":\"https:\\\/\\\/www.editorialclaret.cat\\\/?page_id=16\"},{\"@type\":\"ListItem\",\"position\":3,\"name\":\"BROTES DE VIDA\"}]},{\"@type\":\"WebSite\",\"@id\":\"https:\\\/\\\/www.editorialclaret.cat\\\/#website\",\"url\":\"https:\\\/\\\/www.editorialclaret.cat\\\/\",\"name\":\"Editorial Claret\",\"description\":\"\",\"publisher\":{\"@id\":\"https:\\\/\\\/www.editorialclaret.cat\\\/#organization\"},\"potentialAction\":[{\"@type\":\"SearchAction\",\"target\":{\"@type\":\"EntryPoint\",\"urlTemplate\":\"https:\\\/\\\/www.editorialclaret.cat\\\/?s={search_term_string}\"},\"query-input\":{\"@type\":\"PropertyValueSpecification\",\"valueRequired\":true,\"valueName\":\"search_term_string\"}}],\"inLanguage\":\"es\"},{\"@type\":\"Organization\",\"@id\":\"https:\\\/\\\/www.editorialclaret.cat\\\/#organization\",\"name\":\"Editorial Claret\",\"url\":\"https:\\\/\\\/www.editorialclaret.cat\\\/\",\"logo\":{\"@type\":\"ImageObject\",\"inLanguage\":\"es\",\"@id\":\"https:\\\/\\\/www.editorialclaret.cat\\\/#\\\/schema\\\/logo\\\/image\\\/\",\"url\":\"https:\\\/\\\/www.editorialclaret.cat\\\/wp-content\\\/uploads\\\/.\\\/logo-claret.png\",\"contentUrl\":\"https:\\\/\\\/www.editorialclaret.cat\\\/wp-content\\\/uploads\\\/.\\\/logo-claret.png\",\"width\":194,\"height\":79,\"caption\":\"Editorial Claret\"},\"image\":{\"@id\":\"https:\\\/\\\/www.editorialclaret.cat\\\/#\\\/schema\\\/logo\\\/image\\\/\"}}]}<\/script>\n<!-- \/ Yoast SEO plugin. -->","yoast_head_json":{"title":"Editorial Claret","robots":{"index":"noindex","follow":"follow","max-snippet":"max-snippet:-1","max-image-preview":"max-image-preview:large","max-video-preview":"max-video-preview:-1"},"og_locale":"es_ES","og_type":"article","og_title":"BROTES DE VIDA - Editorial Claret","og_description":"TALTAVULL, SEBASTI\u00c0","og_url":"https:\/\/www.editorialclaret.cat\/producte\/brotes-de-vida-9788491360278\/","og_site_name":"Editorial Claret","article_modified_time":"2024-07-08T10:00:25+00:00","og_image":[{"width":350,"height":519,"url":"https:\/\/www.editorialclaret.cat\/wp-content\/uploads\/9788491360278-2.jpg","type":"image\/jpeg"}],"twitter_card":"summary_large_image","twitter_misc":{"Tiempo de lectura":"1 minuto"},"schema":{"@context":"https:\/\/schema.org","@graph":[{"@type":"WebPage","@id":"https:\/\/www.editorialclaret.cat\/producte\/brotes-de-vida-9788491360278\/","url":"https:\/\/www.editorialclaret.cat\/producte\/brotes-de-vida-9788491360278\/","name":"BROTES DE VIDA - Editorial Claret","isPartOf":{"@id":"https:\/\/www.editorialclaret.cat\/#website"},"primaryImageOfPage":{"@id":"https:\/\/www.editorialclaret.cat\/producte\/brotes-de-vida-9788491360278\/#primaryimage"},"image":{"@id":"https:\/\/www.editorialclaret.cat\/producte\/brotes-de-vida-9788491360278\/#primaryimage"},"thumbnailUrl":"https:\/\/www.editorialclaret.cat\/wp-content\/uploads\/9788491360278-2.jpg","datePublished":"2023-05-18T12:31:31+00:00","dateModified":"2024-07-08T10:00:25+00:00","breadcrumb":{"@id":"https:\/\/www.editorialclaret.cat\/producte\/brotes-de-vida-9788491360278\/#breadcrumb"},"inLanguage":"es","potentialAction":[{"@type":"ReadAction","target":["https:\/\/www.editorialclaret.cat\/producte\/brotes-de-vida-9788491360278\/"]}]},{"@type":"ImageObject","inLanguage":"es","@id":"https:\/\/www.editorialclaret.cat\/producte\/brotes-de-vida-9788491360278\/#primaryimage","url":"https:\/\/www.editorialclaret.cat\/wp-content\/uploads\/9788491360278-2.jpg","contentUrl":"https:\/\/www.editorialclaret.cat\/wp-content\/uploads\/9788491360278-2.jpg","width":350,"height":519,"caption":"9788491360278.jpg"},{"@type":"BreadcrumbList","@id":"https:\/\/www.editorialclaret.cat\/producte\/brotes-de-vida-9788491360278\/#breadcrumb","itemListElement":[{"@type":"ListItem","position":1,"name":"Portada","item":"https:\/\/www.editorialclaret.cat\/es\/"},{"@type":"ListItem","position":2,"name":"Botiga","item":"https:\/\/www.editorialclaret.cat\/?page_id=16"},{"@type":"ListItem","position":3,"name":"BROTES DE VIDA"}]},{"@type":"WebSite","@id":"https:\/\/www.editorialclaret.cat\/#website","url":"https:\/\/www.editorialclaret.cat\/","name":"Editorial Claret","description":"","publisher":{"@id":"https:\/\/www.editorialclaret.cat\/#organization"},"potentialAction":[{"@type":"SearchAction","target":{"@type":"EntryPoint","urlTemplate":"https:\/\/www.editorialclaret.cat\/?s={search_term_string}"},"query-input":{"@type":"PropertyValueSpecification","valueRequired":true,"valueName":"search_term_string"}}],"inLanguage":"es"},{"@type":"Organization","@id":"https:\/\/www.editorialclaret.cat\/#organization","name":"Editorial Claret","url":"https:\/\/www.editorialclaret.cat\/","logo":{"@type":"ImageObject","inLanguage":"es","@id":"https:\/\/www.editorialclaret.cat\/#\/schema\/logo\/image\/","url":"https:\/\/www.editorialclaret.cat\/wp-content\/uploads\/.\/logo-claret.png","contentUrl":"https:\/\/www.editorialclaret.cat\/wp-content\/uploads\/.\/logo-claret.png","width":194,"height":79,"caption":"Editorial Claret"},"image":{"@id":"https:\/\/www.editorialclaret.cat\/#\/schema\/logo\/image\/"}}]}},"_links":{"self":[{"href":"https:\/\/www.editorialclaret.cat\/es\/wp-json\/wp\/v2\/product\/50244","targetHints":{"allow":["GET"]}}],"collection":[{"href":"https:\/\/www.editorialclaret.cat\/es\/wp-json\/wp\/v2\/product"}],"about":[{"href":"https:\/\/www.editorialclaret.cat\/es\/wp-json\/wp\/v2\/types\/product"}],"wp:featuredmedia":[{"embeddable":true,"href":"https:\/\/www.editorialclaret.cat\/es\/wp-json\/wp\/v2\/media\/66564"}],"wp:attachment":[{"href":"https:\/\/www.editorialclaret.cat\/es\/wp-json\/wp\/v2\/media?parent=50244"}],"wp:term":[{"taxonomy":"product_brand","embeddable":true,"href":"https:\/\/www.editorialclaret.cat\/es\/wp-json\/wp\/v2\/product_brand?post=50244"},{"taxonomy":"product_cat","embeddable":true,"href":"https:\/\/www.editorialclaret.cat\/es\/wp-json\/wp\/v2\/product_cat?post=50244"},{"taxonomy":"product_tag","embeddable":true,"href":"https:\/\/www.editorialclaret.cat\/es\/wp-json\/wp\/v2\/product_tag?post=50244"}],"curies":[{"name":"wp","href":"https:\/\/api.w.org\/{rel}","templated":true}]}}

<p>Hay mucha realidad seca a nuestro alrededor y no resulta fácil hacer una lectura que entusiasme cuando el mundo que se nos muestra en el telediario y en las redes sociales es más un escenario de decepciones que una bocanada de coraje. Una sociedad líquida, ciertamente, que va deshaciendo aquellos vínculos indiscutibles que la mantenían cohesionada. El incremento de la violencia, el desarraigo familiar, la desconfianza hacia lo institucional, el desamparo social, la vulnerabilidad de los más pobres, la pérdida de sentido de lo sagrado y del respeto a las personas, las heridas del ambiente social, las disfunciones de la economía y la falta de protección del medio natural, y un largo etcétera, configuran la sequía personal, social y ambiental que nos preocupa.</p>

<p>TALTAVULL, SEBASTIÀ</p>

TALTAVULL, SEBASTIÀ

Rústica

SEBASTIÀ TALTAVULL

<!-- This site is optimized with the Yoast SEO plugin v27.3 - https://yoast.com/product/yoast-seo-wordpress/ -->
<title>Editorial Claret</title>
<meta name="robots" content="noindex, follow, max-snippet:-1, max-image-preview:large, max-video-preview:-1" />
<meta property="og:locale" content="es_ES" />
<meta property="og:type" content="article" />
<meta property="og:title" content="BROTES DE VIDA - Editorial Claret" />
<meta property="og:description" content="TALTAVULL, SEBASTIÀ" />
<meta property="og:url" content="https://www.editorialclaret.cat/producte/brotes-de-vida-9788491360278/" />
<meta property="og:site_name" content="Editorial Claret" />
<meta property="article:modified_time" content="2024-07-08T10:00:25+00:00" />
<meta property="og:image" content="https://www.editorialclaret.cat/wp-content/uploads/9788491360278-2.jpg" />
	<meta property="og:image:width" content="350" />
	<meta property="og:image:height" content="519" />
	<meta property="og:image:type" content="image/jpeg" />
<meta name="twitter:card" content="summary_large_image" />
<meta name="twitter:label1" content="Tiempo de lectura" />
	<meta name="twitter:data1" content="1 minuto" />
<script type="application/ld+json" class="yoast-schema-graph">{"@context":"https:\/\/schema.org","@graph":[{"@type":"WebPage","@id":"https:\/\/www.editorialclaret.cat\/producte\/brotes-de-vida-9788491360278\/","url":"https:\/\/www.editorialclaret.cat\/producte\/brotes-de-vida-9788491360278\/","name":"BROTES DE VIDA - Editorial Claret","isPartOf":{"@id":"https:\/\/www.editorialclaret.cat\/#website"},"primaryImageOfPage":{"@id":"https:\/\/www.editorialclaret.cat\/producte\/brotes-de-vida-9788491360278\/#primaryimage"},"image":{"@id":"https:\/\/www.editorialclaret.cat\/producte\/brotes-de-vida-9788491360278\/#primaryimage"},"thumbnailUrl":"https:\/\/www.editorialclaret.cat\/wp-content\/uploads\/9788491360278-2.jpg","datePublished":"2023-05-18T12:31:31+00:00","dateModified":"2024-07-08T10:00:25+00:00","breadcrumb":{"@id":"https:\/\/www.editorialclaret.cat\/producte\/brotes-de-vida-9788491360278\/#breadcrumb"},"inLanguage":"es","potentialAction":[{"@type":"ReadAction","target":["https:\/\/www.editorialclaret.cat\/producte\/brotes-de-vida-9788491360278\/"]}]},{"@type":"ImageObject","inLanguage":"es","@id":"https:\/\/www.editorialclaret.cat\/producte\/brotes-de-vida-9788491360278\/#primaryimage","url":"https:\/\/www.editorialclaret.cat\/wp-content\/uploads\/9788491360278-2.jpg","contentUrl":"https:\/\/www.editorialclaret.cat\/wp-content\/uploads\/9788491360278-2.jpg","width":350,"height":519,"caption":"9788491360278.jpg"},{"@type":"BreadcrumbList","@id":"https:\/\/www.editorialclaret.cat\/producte\/brotes-de-vida-9788491360278\/#breadcrumb","itemListElement":[{"@type":"ListItem","position":1,"name":"Portada","item":"https:\/\/www.editorialclaret.cat\/es\/"},{"@type":"ListItem","position":2,"name":"Botiga","item":"https:\/\/www.editorialclaret.cat\/?page_id=16"},{"@type":"ListItem","position":3,"name":"BROTES DE VIDA"}]},{"@type":"WebSite","@id":"https:\/\/www.editorialclaret.cat\/#website","url":"https:\/\/www.editorialclaret.cat\/","name":"Editorial Claret","description":"","publisher":{"@id":"https:\/\/www.editorialclaret.cat\/#organization"},"potentialAction":[{"@type":"SearchAction","target":{"@type":"EntryPoint","urlTemplate":"https:\/\/www.editorialclaret.cat\/?s={search_term_string}"},"query-input":{"@type":"PropertyValueSpecification","valueRequired":true,"valueName":"search_term_string"}}],"inLanguage":"es"},{"@type":"Organization","@id":"https:\/\/www.editorialclaret.cat\/#organization","name":"Editorial Claret","url":"https:\/\/www.editorialclaret.cat\/","logo":{"@type":"ImageObject","inLanguage":"es","@id":"https:\/\/www.editorialclaret.cat\/#\/schema\/logo\/image\/","url":"https:\/\/www.editorialclaret.cat\/wp-content\/uploads\/.\/logo-claret.png","contentUrl":"https:\/\/www.editorialclaret.cat\/wp-content\/uploads\/.\/logo-claret.png","width":194,"height":79,"caption":"Editorial Claret"},"image":{"@id":"https:\/\/www.editorialclaret.cat\/#\/schema\/logo\/image\/"}}]}</script>
<!-- / Yoast SEO plugin. -->
