{"id":50238,"date":"2023-05-18T14:30:41","date_gmt":"2023-05-18T12:30:41","guid":{"rendered":"http:\/\/dev.editorialclaret.cat\/producte\/aixecat-i-camina-8482979612\/"},"modified":"2025-11-19T18:21:14","modified_gmt":"2025-11-19T17:21:14","slug":"aixecat-i-camina-8482979612","status":"publish","type":"product","link":"https:\/\/www.editorialclaret.cat\/es\/producto\/aixecat-i-camina-8482979612\/","title":{"rendered":"AIXECA&#8217;T I CAMINA"},"content":{"rendered":"<p>L&#8217;objectiu d&#8217;aquest llibre \u00e9s ajudar a recuperar l&#8217;esperan\u00e7a i les ganes de viure, sabent que no estem sols, sin\u00f3 que hi ha Alg\u00fa que sempre ens d\u00f3na la m\u00e0. \u00c9s q\u00fcesti\u00f3 d&#8217;estar atents a una veu que parla en el fons del cor i tamb\u00e9 a trav\u00e9s de les reflexions d&#8217;una persona amiga o d&#8217;un bon llibre com aquest.<\/p>\n","protected":false},"excerpt":{"rendered":"<p>ARMENGOL, sj, LL\u00daIS<\/p>\n","protected":false},"featured_media":50314,"template":"","meta":{"_acf_changed":false,"rs_blank_template":"","rs_page_bg_color":"","slide_template_v7":"","inline_featured_image":false,"_monsterinsights_skip_tracking":false,"_monsterinsights_sitenote_active":false,"_monsterinsights_sitenote_note":"","_monsterinsights_sitenote_category":0},"product_brand":[],"product_cat":[880,1117,1220,983,1019,1256,1137,900,1208,971],"product_tag":[],"class_list":{"0":"post-50238","1":"product","2":"type-product","3":"status-publish","4":"has-post-thumbnail","6":"product_cat-educacio-en-valors","7":"product_cat-educacion-en-valores","8":"product_cat-meditaciones","9":"product_cat-meditacions","10":"product_cat-pastoral-teologia","11":"product_cat-pastoral-teologia-espiritualidad","12":"product_cat-valores-y-convivencia","13":"product_cat-valors-i-convivencia","14":"product_cat-vida-cotidiana","15":"product_cat-vida-quotidiana","17":"first","18":"instock","19":"taxable","20":"shipping-taxable","21":"purchasable","22":"product-type-simple"},"acf":{"autor":"ARMENGOL, sj, LL\u00daIS","codart":"848297961","libros-coleccion":"EINES","ediciones":"1","encuadernacion":"R\u00fastica","fecha_de_publicacion":"06\/11\/2006","novedad":"0","paginas":"142","subtitulo":"REFLEXIONS SOBRE LA VIDA QUOTIDIANA","orden":"999","portada":"0","idioma":"cat","autores-libros":[{"ID":47090,"post_author":"3","post_date":"2022-11-06 20:33:26","post_date_gmt":"2022-11-06 19:33:26","post_content":"","post_title":"sj ARMENGOL","post_excerpt":"","post_status":"publish","comment_status":"closed","ping_status":"closed","post_password":"","post_name":"sj-armengol","to_ping":"","pinged":"","post_modified":"2022-11-06 20:33:26","post_modified_gmt":"2022-11-06 19:33:26","post_content_filtered":"","post_parent":0,"guid":"http:\/\/dev.editorialclaret.cat\/autor\/sj-armengol\/","menu_order":0,"post_type":"autor","post_mime_type":"","comment_count":"0","filter":"raw"}],"booktrailer":"","resenas":""},"yoast_head":"<!-- This site is optimized with the Yoast SEO plugin v27.3 - https:\/\/yoast.com\/product\/yoast-seo-wordpress\/ -->\n<title>Editorial Claret<\/title>\n<meta name=\"robots\" content=\"noindex, follow, max-snippet:-1, max-image-preview:large, max-video-preview:-1\" \/>\n<meta property=\"og:locale\" content=\"es_ES\" \/>\n<meta property=\"og:type\" content=\"article\" \/>\n<meta property=\"og:title\" content=\"AIXECA&#039;T I CAMINA - Editorial Claret\" \/>\n<meta property=\"og:description\" content=\"ARMENGOL, sj, LL\u00daIS\" \/>\n<meta property=\"og:url\" content=\"https:\/\/www.editorialclaret.cat\/producte\/aixecat-i-camina-8482979612\/\" \/>\n<meta property=\"og:site_name\" content=\"Editorial Claret\" \/>\n<meta property=\"article:modified_time\" content=\"2025-11-19T17:21:14+00:00\" \/>\n<meta property=\"og:image\" content=\"https:\/\/www.editorialclaret.cat\/wp-content\/uploads\/.\/9788482979618-1.jpg\" \/>\n\t<meta property=\"og:image:width\" content=\"217\" \/>\n\t<meta property=\"og:image:height\" content=\"293\" \/>\n\t<meta property=\"og:image:type\" content=\"image\/jpeg\" \/>\n<meta name=\"twitter:card\" content=\"summary_large_image\" \/>\n<script type=\"application\/ld+json\" class=\"yoast-schema-graph\">{\"@context\":\"https:\\\/\\\/schema.org\",\"@graph\":[{\"@type\":\"WebPage\",\"@id\":\"https:\\\/\\\/www.editorialclaret.cat\\\/producte\\\/aixecat-i-camina-8482979612\\\/\",\"url\":\"https:\\\/\\\/www.editorialclaret.cat\\\/producte\\\/aixecat-i-camina-8482979612\\\/\",\"name\":\"AIXECA'T I CAMINA - Editorial Claret\",\"isPartOf\":{\"@id\":\"https:\\\/\\\/www.editorialclaret.cat\\\/#website\"},\"primaryImageOfPage\":{\"@id\":\"https:\\\/\\\/www.editorialclaret.cat\\\/producte\\\/aixecat-i-camina-8482979612\\\/#primaryimage\"},\"image\":{\"@id\":\"https:\\\/\\\/www.editorialclaret.cat\\\/producte\\\/aixecat-i-camina-8482979612\\\/#primaryimage\"},\"thumbnailUrl\":\"https:\\\/\\\/www.editorialclaret.cat\\\/wp-content\\\/uploads\\\/.\\\/9788482979618-1.jpg\",\"datePublished\":\"2023-05-18T12:30:41+00:00\",\"dateModified\":\"2025-11-19T17:21:14+00:00\",\"breadcrumb\":{\"@id\":\"https:\\\/\\\/www.editorialclaret.cat\\\/producte\\\/aixecat-i-camina-8482979612\\\/#breadcrumb\"},\"inLanguage\":\"es\",\"potentialAction\":[{\"@type\":\"ReadAction\",\"target\":[\"https:\\\/\\\/www.editorialclaret.cat\\\/producte\\\/aixecat-i-camina-8482979612\\\/\"]}]},{\"@type\":\"ImageObject\",\"inLanguage\":\"es\",\"@id\":\"https:\\\/\\\/www.editorialclaret.cat\\\/producte\\\/aixecat-i-camina-8482979612\\\/#primaryimage\",\"url\":\"https:\\\/\\\/www.editorialclaret.cat\\\/wp-content\\\/uploads\\\/.\\\/9788482979618-1.jpg\",\"contentUrl\":\"https:\\\/\\\/www.editorialclaret.cat\\\/wp-content\\\/uploads\\\/.\\\/9788482979618-1.jpg\",\"width\":217,\"height\":293,\"caption\":\"9788482979618.jpg\"},{\"@type\":\"BreadcrumbList\",\"@id\":\"https:\\\/\\\/www.editorialclaret.cat\\\/producte\\\/aixecat-i-camina-8482979612\\\/#breadcrumb\",\"itemListElement\":[{\"@type\":\"ListItem\",\"position\":1,\"name\":\"Portada\",\"item\":\"https:\\\/\\\/www.editorialclaret.cat\\\/es\\\/\"},{\"@type\":\"ListItem\",\"position\":2,\"name\":\"Botiga\",\"item\":\"https:\\\/\\\/www.editorialclaret.cat\\\/?page_id=16\"},{\"@type\":\"ListItem\",\"position\":3,\"name\":\"AIXECA&#8217;T I CAMINA\"}]},{\"@type\":\"WebSite\",\"@id\":\"https:\\\/\\\/www.editorialclaret.cat\\\/#website\",\"url\":\"https:\\\/\\\/www.editorialclaret.cat\\\/\",\"name\":\"Editorial Claret\",\"description\":\"\",\"publisher\":{\"@id\":\"https:\\\/\\\/www.editorialclaret.cat\\\/#organization\"},\"potentialAction\":[{\"@type\":\"SearchAction\",\"target\":{\"@type\":\"EntryPoint\",\"urlTemplate\":\"https:\\\/\\\/www.editorialclaret.cat\\\/?s={search_term_string}\"},\"query-input\":{\"@type\":\"PropertyValueSpecification\",\"valueRequired\":true,\"valueName\":\"search_term_string\"}}],\"inLanguage\":\"es\"},{\"@type\":\"Organization\",\"@id\":\"https:\\\/\\\/www.editorialclaret.cat\\\/#organization\",\"name\":\"Editorial Claret\",\"url\":\"https:\\\/\\\/www.editorialclaret.cat\\\/\",\"logo\":{\"@type\":\"ImageObject\",\"inLanguage\":\"es\",\"@id\":\"https:\\\/\\\/www.editorialclaret.cat\\\/#\\\/schema\\\/logo\\\/image\\\/\",\"url\":\"https:\\\/\\\/www.editorialclaret.cat\\\/wp-content\\\/uploads\\\/.\\\/logo-claret.png\",\"contentUrl\":\"https:\\\/\\\/www.editorialclaret.cat\\\/wp-content\\\/uploads\\\/.\\\/logo-claret.png\",\"width\":194,\"height\":79,\"caption\":\"Editorial Claret\"},\"image\":{\"@id\":\"https:\\\/\\\/www.editorialclaret.cat\\\/#\\\/schema\\\/logo\\\/image\\\/\"}}]}<\/script>\n<!-- \/ Yoast SEO plugin. -->","yoast_head_json":{"title":"Editorial Claret","robots":{"index":"noindex","follow":"follow","max-snippet":"max-snippet:-1","max-image-preview":"max-image-preview:large","max-video-preview":"max-video-preview:-1"},"og_locale":"es_ES","og_type":"article","og_title":"AIXECA'T I CAMINA - Editorial Claret","og_description":"ARMENGOL, sj, LL\u00daIS","og_url":"https:\/\/www.editorialclaret.cat\/producte\/aixecat-i-camina-8482979612\/","og_site_name":"Editorial Claret","article_modified_time":"2025-11-19T17:21:14+00:00","og_image":[{"width":217,"height":293,"url":"https:\/\/www.editorialclaret.cat\/wp-content\/uploads\/.\/9788482979618-1.jpg","type":"image\/jpeg"}],"twitter_card":"summary_large_image","schema":{"@context":"https:\/\/schema.org","@graph":[{"@type":"WebPage","@id":"https:\/\/www.editorialclaret.cat\/producte\/aixecat-i-camina-8482979612\/","url":"https:\/\/www.editorialclaret.cat\/producte\/aixecat-i-camina-8482979612\/","name":"AIXECA'T I CAMINA - Editorial Claret","isPartOf":{"@id":"https:\/\/www.editorialclaret.cat\/#website"},"primaryImageOfPage":{"@id":"https:\/\/www.editorialclaret.cat\/producte\/aixecat-i-camina-8482979612\/#primaryimage"},"image":{"@id":"https:\/\/www.editorialclaret.cat\/producte\/aixecat-i-camina-8482979612\/#primaryimage"},"thumbnailUrl":"https:\/\/www.editorialclaret.cat\/wp-content\/uploads\/.\/9788482979618-1.jpg","datePublished":"2023-05-18T12:30:41+00:00","dateModified":"2025-11-19T17:21:14+00:00","breadcrumb":{"@id":"https:\/\/www.editorialclaret.cat\/producte\/aixecat-i-camina-8482979612\/#breadcrumb"},"inLanguage":"es","potentialAction":[{"@type":"ReadAction","target":["https:\/\/www.editorialclaret.cat\/producte\/aixecat-i-camina-8482979612\/"]}]},{"@type":"ImageObject","inLanguage":"es","@id":"https:\/\/www.editorialclaret.cat\/producte\/aixecat-i-camina-8482979612\/#primaryimage","url":"https:\/\/www.editorialclaret.cat\/wp-content\/uploads\/.\/9788482979618-1.jpg","contentUrl":"https:\/\/www.editorialclaret.cat\/wp-content\/uploads\/.\/9788482979618-1.jpg","width":217,"height":293,"caption":"9788482979618.jpg"},{"@type":"BreadcrumbList","@id":"https:\/\/www.editorialclaret.cat\/producte\/aixecat-i-camina-8482979612\/#breadcrumb","itemListElement":[{"@type":"ListItem","position":1,"name":"Portada","item":"https:\/\/www.editorialclaret.cat\/es\/"},{"@type":"ListItem","position":2,"name":"Botiga","item":"https:\/\/www.editorialclaret.cat\/?page_id=16"},{"@type":"ListItem","position":3,"name":"AIXECA&#8217;T I CAMINA"}]},{"@type":"WebSite","@id":"https:\/\/www.editorialclaret.cat\/#website","url":"https:\/\/www.editorialclaret.cat\/","name":"Editorial Claret","description":"","publisher":{"@id":"https:\/\/www.editorialclaret.cat\/#organization"},"potentialAction":[{"@type":"SearchAction","target":{"@type":"EntryPoint","urlTemplate":"https:\/\/www.editorialclaret.cat\/?s={search_term_string}"},"query-input":{"@type":"PropertyValueSpecification","valueRequired":true,"valueName":"search_term_string"}}],"inLanguage":"es"},{"@type":"Organization","@id":"https:\/\/www.editorialclaret.cat\/#organization","name":"Editorial Claret","url":"https:\/\/www.editorialclaret.cat\/","logo":{"@type":"ImageObject","inLanguage":"es","@id":"https:\/\/www.editorialclaret.cat\/#\/schema\/logo\/image\/","url":"https:\/\/www.editorialclaret.cat\/wp-content\/uploads\/.\/logo-claret.png","contentUrl":"https:\/\/www.editorialclaret.cat\/wp-content\/uploads\/.\/logo-claret.png","width":194,"height":79,"caption":"Editorial Claret"},"image":{"@id":"https:\/\/www.editorialclaret.cat\/#\/schema\/logo\/image\/"}}]}},"_links":{"self":[{"href":"https:\/\/www.editorialclaret.cat\/es\/wp-json\/wp\/v2\/product\/50238","targetHints":{"allow":["GET"]}}],"collection":[{"href":"https:\/\/www.editorialclaret.cat\/es\/wp-json\/wp\/v2\/product"}],"about":[{"href":"https:\/\/www.editorialclaret.cat\/es\/wp-json\/wp\/v2\/types\/product"}],"wp:featuredmedia":[{"embeddable":true,"href":"https:\/\/www.editorialclaret.cat\/es\/wp-json\/wp\/v2\/media\/50314"}],"wp:attachment":[{"href":"https:\/\/www.editorialclaret.cat\/es\/wp-json\/wp\/v2\/media?parent=50238"}],"wp:term":[{"taxonomy":"product_brand","embeddable":true,"href":"https:\/\/www.editorialclaret.cat\/es\/wp-json\/wp\/v2\/product_brand?post=50238"},{"taxonomy":"product_cat","embeddable":true,"href":"https:\/\/www.editorialclaret.cat\/es\/wp-json\/wp\/v2\/product_cat?post=50238"},{"taxonomy":"product_tag","embeddable":true,"href":"https:\/\/www.editorialclaret.cat\/es\/wp-json\/wp\/v2\/product_tag?post=50238"}],"curies":[{"name":"wp","href":"https:\/\/api.w.org\/{rel}","templated":true}]}}

<p>L&#8217;objectiu d&#8217;aquest llibre és ajudar a recuperar l&#8217;esperança i les ganes de viure, sabent que no estem sols, sinó que hi ha Algú que sempre ens dóna la mà. És qüestió d&#8217;estar atents a una veu que parla en el fons del cor i també a través de les reflexions d&#8217;una persona amiga o d&#8217;un bon llibre com aquest.</p>

<p>ARMENGOL, sj, LLÚIS</p>

ARMENGOL, sj, LLÚIS

Rústica

<!-- This site is optimized with the Yoast SEO plugin v27.3 - https://yoast.com/product/yoast-seo-wordpress/ -->
<title>Editorial Claret</title>
<meta name="robots" content="noindex, follow, max-snippet:-1, max-image-preview:large, max-video-preview:-1" />
<meta property="og:locale" content="es_ES" />
<meta property="og:type" content="article" />
<meta property="og:title" content="AIXECA&#039;T I CAMINA - Editorial Claret" />
<meta property="og:description" content="ARMENGOL, sj, LLÚIS" />
<meta property="og:url" content="https://www.editorialclaret.cat/producte/aixecat-i-camina-8482979612/" />
<meta property="og:site_name" content="Editorial Claret" />
<meta property="article:modified_time" content="2025-11-19T17:21:14+00:00" />
<meta property="og:image" content="https://www.editorialclaret.cat/wp-content/uploads/./9788482979618-1.jpg" />
	<meta property="og:image:width" content="217" />
	<meta property="og:image:height" content="293" />
	<meta property="og:image:type" content="image/jpeg" />
<meta name="twitter:card" content="summary_large_image" />
<script type="application/ld+json" class="yoast-schema-graph">{"@context":"https:\/\/schema.org","@graph":[{"@type":"WebPage","@id":"https:\/\/www.editorialclaret.cat\/producte\/aixecat-i-camina-8482979612\/","url":"https:\/\/www.editorialclaret.cat\/producte\/aixecat-i-camina-8482979612\/","name":"AIXECA'T I CAMINA - Editorial Claret","isPartOf":{"@id":"https:\/\/www.editorialclaret.cat\/#website"},"primaryImageOfPage":{"@id":"https:\/\/www.editorialclaret.cat\/producte\/aixecat-i-camina-8482979612\/#primaryimage"},"image":{"@id":"https:\/\/www.editorialclaret.cat\/producte\/aixecat-i-camina-8482979612\/#primaryimage"},"thumbnailUrl":"https:\/\/www.editorialclaret.cat\/wp-content\/uploads\/.\/9788482979618-1.jpg","datePublished":"2023-05-18T12:30:41+00:00","dateModified":"2025-11-19T17:21:14+00:00","breadcrumb":{"@id":"https:\/\/www.editorialclaret.cat\/producte\/aixecat-i-camina-8482979612\/#breadcrumb"},"inLanguage":"es","potentialAction":[{"@type":"ReadAction","target":["https:\/\/www.editorialclaret.cat\/producte\/aixecat-i-camina-8482979612\/"]}]},{"@type":"ImageObject","inLanguage":"es","@id":"https:\/\/www.editorialclaret.cat\/producte\/aixecat-i-camina-8482979612\/#primaryimage","url":"https:\/\/www.editorialclaret.cat\/wp-content\/uploads\/.\/9788482979618-1.jpg","contentUrl":"https:\/\/www.editorialclaret.cat\/wp-content\/uploads\/.\/9788482979618-1.jpg","width":217,"height":293,"caption":"9788482979618.jpg"},{"@type":"BreadcrumbList","@id":"https:\/\/www.editorialclaret.cat\/producte\/aixecat-i-camina-8482979612\/#breadcrumb","itemListElement":[{"@type":"ListItem","position":1,"name":"Portada","item":"https:\/\/www.editorialclaret.cat\/es\/"},{"@type":"ListItem","position":2,"name":"Botiga","item":"https:\/\/www.editorialclaret.cat\/?page_id=16"},{"@type":"ListItem","position":3,"name":"AIXECA&#8217;T I CAMINA"}]},{"@type":"WebSite","@id":"https:\/\/www.editorialclaret.cat\/#website","url":"https:\/\/www.editorialclaret.cat\/","name":"Editorial Claret","description":"","publisher":{"@id":"https:\/\/www.editorialclaret.cat\/#organization"},"potentialAction":[{"@type":"SearchAction","target":{"@type":"EntryPoint","urlTemplate":"https:\/\/www.editorialclaret.cat\/?s={search_term_string}"},"query-input":{"@type":"PropertyValueSpecification","valueRequired":true,"valueName":"search_term_string"}}],"inLanguage":"es"},{"@type":"Organization","@id":"https:\/\/www.editorialclaret.cat\/#organization","name":"Editorial Claret","url":"https:\/\/www.editorialclaret.cat\/","logo":{"@type":"ImageObject","inLanguage":"es","@id":"https:\/\/www.editorialclaret.cat\/#\/schema\/logo\/image\/","url":"https:\/\/www.editorialclaret.cat\/wp-content\/uploads\/.\/logo-claret.png","contentUrl":"https:\/\/www.editorialclaret.cat\/wp-content\/uploads\/.\/logo-claret.png","width":194,"height":79,"caption":"Editorial Claret"},"image":{"@id":"https:\/\/www.editorialclaret.cat\/#\/schema\/logo\/image\/"}}]}</script>
<!-- / Yoast SEO plugin. -->
