{"id":50026,"date":"2023-02-11T21:59:09","date_gmt":"2023-02-11T20:59:09","guid":{"rendered":"http:\/\/dev.editorialclaret.cat\/producte\/amb-joan-1\/"},"modified":"2025-12-03T13:50:31","modified_gmt":"2025-12-03T12:50:31","slug":"amb-joan-1-8472637301","status":"publish","type":"product","link":"https:\/\/www.editorialclaret.cat\/es\/producto\/amb-joan-1-8472637301\/","title":{"rendered":"AMB JOAN 1"},"content":{"rendered":"<p>Aquest llibre presenta tots els textos dels dotze primers cap\u00edtols de l&#8217;Evangeli de Joan, dividits en 31 passatges.<br \/>Cadascun d&#8217;ells \u00e9s comentat amb una introducci\u00f3 hist\u00f2rica; una nota m\u00e9s \u00abt\u00e8cnica\u00bb sobre alguna realitat de l&#8217;\u00e8poca o un tema important de Joan i un comentari per acompanyar la lectura del passatge.<br \/>S&#8217;inclouen tamb\u00e9, per a cada passatge, algunes reflexions per una relectura, avui en dia, en forma de q\u00fcestions, testimoniatges, preg\u00e0ries\u2026<\/p>\n","protected":false},"excerpt":{"rendered":"<p>PECRIAUX, FRANCOIS &#8211; LAND<\/p>\n","protected":false},"featured_media":68092,"template":"","meta":{"_acf_changed":false,"rs_blank_template":"","rs_page_bg_color":"","slide_template_v7":"","inline_featured_image":false,"_monsterinsights_skip_tracking":false,"_monsterinsights_sitenote_active":false,"_monsterinsights_sitenote_note":"","_monsterinsights_sitenote_category":0},"product_brand":[],"product_cat":[1177,940,1208,971],"product_tag":[],"class_list":{"0":"post-50026","1":"product","2":"type-product","3":"status-publish","4":"has-post-thumbnail","6":"product_cat-san-juan-y-epistolas","7":"product_cat-sant-joan-i-epistoles","8":"product_cat-vida-cotidiana","9":"product_cat-vida-quotidiana","11":"first","12":"instock","13":"taxable","14":"shipping-taxable","15":"purchasable","16":"product-type-simple"},"acf":{"autor":"PECRIAUX, FRANCOIS - LAND","codart":"847263730","libros-coleccion":"EINES","ediciones":"1","encuadernacion":"R\u00fastica","fecha_de_publicacion":"01\/04\/1991","novedad":"0","paginas":"240","subtitulo":"PER ACOMPANYAR UNA LECTURA DE L'EVANGELI DE JOAN","orden":"999","portada":"0","idioma":"cat","autores-libros":[{"ID":16364,"post_author":"3","post_date":"2022-10-19 01:05:19","post_date_gmt":"2022-10-18 23:05:19","post_content":"","post_title":"JEAN LANDIER","post_excerpt":"","post_status":"publish","comment_status":"closed","ping_status":"closed","post_password":"","post_name":"jean-landier","to_ping":"","pinged":"","post_modified":"2022-10-19 01:05:19","post_modified_gmt":"2022-10-18 23:05:19","post_content_filtered":"","post_parent":0,"guid":"http:\/\/dev.editorialclaret.cat\/autor\/jean-landier\/","menu_order":0,"post_type":"autor","post_mime_type":"","comment_count":"0","filter":"raw"},{"ID":15067,"post_author":"3","post_date":"2022-10-19 00:56:27","post_date_gmt":"2022-10-18 22:56:27","post_content":"","post_title":"FRAN\u00c7OIS P\u00c9CRIAUX","post_excerpt":"","post_status":"publish","comment_status":"closed","ping_status":"closed","post_password":"","post_name":"francois-pecriaux","to_ping":"","pinged":"","post_modified":"2022-10-19 00:56:27","post_modified_gmt":"2022-10-18 22:56:27","post_content_filtered":"","post_parent":0,"guid":"http:\/\/dev.editorialclaret.cat\/autor\/francois-pecriaux\/","menu_order":0,"post_type":"autor","post_mime_type":"","comment_count":"0","filter":"raw"},{"ID":13774,"post_author":"3","post_date":"2022-10-19 00:47:48","post_date_gmt":"2022-10-18 22:47:48","post_content":"","post_title":"DANIEL PIZIVIN","post_excerpt":"","post_status":"publish","comment_status":"closed","ping_status":"closed","post_password":"","post_name":"daniel-pizivin","to_ping":"","pinged":"","post_modified":"2022-10-19 00:47:48","post_modified_gmt":"2022-10-18 22:47:48","post_content_filtered":"","post_parent":0,"guid":"http:\/\/dev.editorialclaret.cat\/autor\/daniel-pizivin\/","menu_order":0,"post_type":"autor","post_mime_type":"","comment_count":"0","filter":"raw"}],"booktrailer":"","resenas":""},"yoast_head":"<!-- This site is optimized with the Yoast SEO plugin v27.3 - https:\/\/yoast.com\/product\/yoast-seo-wordpress\/ -->\n<title>Editorial Claret<\/title>\n<meta name=\"robots\" content=\"noindex, follow, max-snippet:-1, max-image-preview:large, max-video-preview:-1\" \/>\n<meta property=\"og:locale\" content=\"es_ES\" \/>\n<meta property=\"og:type\" content=\"article\" \/>\n<meta property=\"og:title\" content=\"AMB JOAN 1 - Editorial Claret\" \/>\n<meta property=\"og:description\" content=\"PECRIAUX, FRANCOIS - LAND\" \/>\n<meta property=\"og:url\" content=\"https:\/\/www.editorialclaret.cat\/producte\/amb-joan-1-8472637301\/\" \/>\n<meta property=\"og:site_name\" content=\"Editorial Claret\" \/>\n<meta property=\"article:modified_time\" content=\"2025-12-03T12:50:31+00:00\" \/>\n<meta property=\"og:image\" content=\"https:\/\/www.editorialclaret.cat\/wp-content\/uploads\/9788472637306.jpg\" \/>\n\t<meta property=\"og:image:width\" content=\"250\" \/>\n\t<meta property=\"og:image:height\" content=\"389\" \/>\n\t<meta property=\"og:image:type\" content=\"image\/jpeg\" \/>\n<meta name=\"twitter:card\" content=\"summary_large_image\" \/>\n<script type=\"application\/ld+json\" class=\"yoast-schema-graph\">{\"@context\":\"https:\\\/\\\/schema.org\",\"@graph\":[{\"@type\":\"WebPage\",\"@id\":\"https:\\\/\\\/www.editorialclaret.cat\\\/producte\\\/amb-joan-1-8472637301\\\/\",\"url\":\"https:\\\/\\\/www.editorialclaret.cat\\\/producte\\\/amb-joan-1-8472637301\\\/\",\"name\":\"AMB JOAN 1 - Editorial Claret\",\"isPartOf\":{\"@id\":\"https:\\\/\\\/www.editorialclaret.cat\\\/#website\"},\"primaryImageOfPage\":{\"@id\":\"https:\\\/\\\/www.editorialclaret.cat\\\/producte\\\/amb-joan-1-8472637301\\\/#primaryimage\"},\"image\":{\"@id\":\"https:\\\/\\\/www.editorialclaret.cat\\\/producte\\\/amb-joan-1-8472637301\\\/#primaryimage\"},\"thumbnailUrl\":\"https:\\\/\\\/www.editorialclaret.cat\\\/wp-content\\\/uploads\\\/9788472637306.jpg\",\"datePublished\":\"2023-02-11T20:59:09+00:00\",\"dateModified\":\"2025-12-03T12:50:31+00:00\",\"breadcrumb\":{\"@id\":\"https:\\\/\\\/www.editorialclaret.cat\\\/producte\\\/amb-joan-1-8472637301\\\/#breadcrumb\"},\"inLanguage\":\"es\",\"potentialAction\":[{\"@type\":\"ReadAction\",\"target\":[\"https:\\\/\\\/www.editorialclaret.cat\\\/producte\\\/amb-joan-1-8472637301\\\/\"]}]},{\"@type\":\"ImageObject\",\"inLanguage\":\"es\",\"@id\":\"https:\\\/\\\/www.editorialclaret.cat\\\/producte\\\/amb-joan-1-8472637301\\\/#primaryimage\",\"url\":\"https:\\\/\\\/www.editorialclaret.cat\\\/wp-content\\\/uploads\\\/9788472637306.jpg\",\"contentUrl\":\"https:\\\/\\\/www.editorialclaret.cat\\\/wp-content\\\/uploads\\\/9788472637306.jpg\",\"width\":250,\"height\":389,\"caption\":\"9788472637306.jpg\"},{\"@type\":\"BreadcrumbList\",\"@id\":\"https:\\\/\\\/www.editorialclaret.cat\\\/producte\\\/amb-joan-1-8472637301\\\/#breadcrumb\",\"itemListElement\":[{\"@type\":\"ListItem\",\"position\":1,\"name\":\"Portada\",\"item\":\"https:\\\/\\\/www.editorialclaret.cat\\\/es\\\/\"},{\"@type\":\"ListItem\",\"position\":2,\"name\":\"Botiga\",\"item\":\"https:\\\/\\\/www.editorialclaret.cat\\\/?page_id=16\"},{\"@type\":\"ListItem\",\"position\":3,\"name\":\"AMB JOAN 1\"}]},{\"@type\":\"WebSite\",\"@id\":\"https:\\\/\\\/www.editorialclaret.cat\\\/#website\",\"url\":\"https:\\\/\\\/www.editorialclaret.cat\\\/\",\"name\":\"Editorial Claret\",\"description\":\"\",\"publisher\":{\"@id\":\"https:\\\/\\\/www.editorialclaret.cat\\\/#organization\"},\"potentialAction\":[{\"@type\":\"SearchAction\",\"target\":{\"@type\":\"EntryPoint\",\"urlTemplate\":\"https:\\\/\\\/www.editorialclaret.cat\\\/?s={search_term_string}\"},\"query-input\":{\"@type\":\"PropertyValueSpecification\",\"valueRequired\":true,\"valueName\":\"search_term_string\"}}],\"inLanguage\":\"es\"},{\"@type\":\"Organization\",\"@id\":\"https:\\\/\\\/www.editorialclaret.cat\\\/#organization\",\"name\":\"Editorial Claret\",\"url\":\"https:\\\/\\\/www.editorialclaret.cat\\\/\",\"logo\":{\"@type\":\"ImageObject\",\"inLanguage\":\"es\",\"@id\":\"https:\\\/\\\/www.editorialclaret.cat\\\/#\\\/schema\\\/logo\\\/image\\\/\",\"url\":\"https:\\\/\\\/www.editorialclaret.cat\\\/wp-content\\\/uploads\\\/.\\\/logo-claret.png\",\"contentUrl\":\"https:\\\/\\\/www.editorialclaret.cat\\\/wp-content\\\/uploads\\\/.\\\/logo-claret.png\",\"width\":194,\"height\":79,\"caption\":\"Editorial Claret\"},\"image\":{\"@id\":\"https:\\\/\\\/www.editorialclaret.cat\\\/#\\\/schema\\\/logo\\\/image\\\/\"}}]}<\/script>\n<!-- \/ Yoast SEO plugin. -->","yoast_head_json":{"title":"Editorial Claret","robots":{"index":"noindex","follow":"follow","max-snippet":"max-snippet:-1","max-image-preview":"max-image-preview:large","max-video-preview":"max-video-preview:-1"},"og_locale":"es_ES","og_type":"article","og_title":"AMB JOAN 1 - Editorial Claret","og_description":"PECRIAUX, FRANCOIS - LAND","og_url":"https:\/\/www.editorialclaret.cat\/producte\/amb-joan-1-8472637301\/","og_site_name":"Editorial Claret","article_modified_time":"2025-12-03T12:50:31+00:00","og_image":[{"width":250,"height":389,"url":"https:\/\/www.editorialclaret.cat\/wp-content\/uploads\/9788472637306.jpg","type":"image\/jpeg"}],"twitter_card":"summary_large_image","schema":{"@context":"https:\/\/schema.org","@graph":[{"@type":"WebPage","@id":"https:\/\/www.editorialclaret.cat\/producte\/amb-joan-1-8472637301\/","url":"https:\/\/www.editorialclaret.cat\/producte\/amb-joan-1-8472637301\/","name":"AMB JOAN 1 - Editorial Claret","isPartOf":{"@id":"https:\/\/www.editorialclaret.cat\/#website"},"primaryImageOfPage":{"@id":"https:\/\/www.editorialclaret.cat\/producte\/amb-joan-1-8472637301\/#primaryimage"},"image":{"@id":"https:\/\/www.editorialclaret.cat\/producte\/amb-joan-1-8472637301\/#primaryimage"},"thumbnailUrl":"https:\/\/www.editorialclaret.cat\/wp-content\/uploads\/9788472637306.jpg","datePublished":"2023-02-11T20:59:09+00:00","dateModified":"2025-12-03T12:50:31+00:00","breadcrumb":{"@id":"https:\/\/www.editorialclaret.cat\/producte\/amb-joan-1-8472637301\/#breadcrumb"},"inLanguage":"es","potentialAction":[{"@type":"ReadAction","target":["https:\/\/www.editorialclaret.cat\/producte\/amb-joan-1-8472637301\/"]}]},{"@type":"ImageObject","inLanguage":"es","@id":"https:\/\/www.editorialclaret.cat\/producte\/amb-joan-1-8472637301\/#primaryimage","url":"https:\/\/www.editorialclaret.cat\/wp-content\/uploads\/9788472637306.jpg","contentUrl":"https:\/\/www.editorialclaret.cat\/wp-content\/uploads\/9788472637306.jpg","width":250,"height":389,"caption":"9788472637306.jpg"},{"@type":"BreadcrumbList","@id":"https:\/\/www.editorialclaret.cat\/producte\/amb-joan-1-8472637301\/#breadcrumb","itemListElement":[{"@type":"ListItem","position":1,"name":"Portada","item":"https:\/\/www.editorialclaret.cat\/es\/"},{"@type":"ListItem","position":2,"name":"Botiga","item":"https:\/\/www.editorialclaret.cat\/?page_id=16"},{"@type":"ListItem","position":3,"name":"AMB JOAN 1"}]},{"@type":"WebSite","@id":"https:\/\/www.editorialclaret.cat\/#website","url":"https:\/\/www.editorialclaret.cat\/","name":"Editorial Claret","description":"","publisher":{"@id":"https:\/\/www.editorialclaret.cat\/#organization"},"potentialAction":[{"@type":"SearchAction","target":{"@type":"EntryPoint","urlTemplate":"https:\/\/www.editorialclaret.cat\/?s={search_term_string}"},"query-input":{"@type":"PropertyValueSpecification","valueRequired":true,"valueName":"search_term_string"}}],"inLanguage":"es"},{"@type":"Organization","@id":"https:\/\/www.editorialclaret.cat\/#organization","name":"Editorial Claret","url":"https:\/\/www.editorialclaret.cat\/","logo":{"@type":"ImageObject","inLanguage":"es","@id":"https:\/\/www.editorialclaret.cat\/#\/schema\/logo\/image\/","url":"https:\/\/www.editorialclaret.cat\/wp-content\/uploads\/.\/logo-claret.png","contentUrl":"https:\/\/www.editorialclaret.cat\/wp-content\/uploads\/.\/logo-claret.png","width":194,"height":79,"caption":"Editorial Claret"},"image":{"@id":"https:\/\/www.editorialclaret.cat\/#\/schema\/logo\/image\/"}}]}},"_links":{"self":[{"href":"https:\/\/www.editorialclaret.cat\/es\/wp-json\/wp\/v2\/product\/50026","targetHints":{"allow":["GET"]}}],"collection":[{"href":"https:\/\/www.editorialclaret.cat\/es\/wp-json\/wp\/v2\/product"}],"about":[{"href":"https:\/\/www.editorialclaret.cat\/es\/wp-json\/wp\/v2\/types\/product"}],"wp:featuredmedia":[{"embeddable":true,"href":"https:\/\/www.editorialclaret.cat\/es\/wp-json\/wp\/v2\/media\/68092"}],"wp:attachment":[{"href":"https:\/\/www.editorialclaret.cat\/es\/wp-json\/wp\/v2\/media?parent=50026"}],"wp:term":[{"taxonomy":"product_brand","embeddable":true,"href":"https:\/\/www.editorialclaret.cat\/es\/wp-json\/wp\/v2\/product_brand?post=50026"},{"taxonomy":"product_cat","embeddable":true,"href":"https:\/\/www.editorialclaret.cat\/es\/wp-json\/wp\/v2\/product_cat?post=50026"},{"taxonomy":"product_tag","embeddable":true,"href":"https:\/\/www.editorialclaret.cat\/es\/wp-json\/wp\/v2\/product_tag?post=50026"}],"curies":[{"name":"wp","href":"https:\/\/api.w.org\/{rel}","templated":true}]}}

<p>Aquest llibre presenta tots els textos dels dotze primers capítols de l&#8217;Evangeli de Joan, dividits en 31 passatges.<br />Cadascun d&#8217;ells és comentat amb una introducció històrica; una nota més «tècnica» sobre alguna realitat de l&#8217;època o un tema important de Joan i un comentari per acompanyar la lectura del passatge.<br />S&#8217;inclouen també, per a cada passatge, algunes reflexions per una relectura, avui en dia, en forma de qüestions, testimoniatges, pregàries…</p>

Rústica

FRANÇOIS PÉCRIAUX
