{"id":49427,"date":"2022-11-07T08:11:38","date_gmt":"2022-11-07T07:11:38","guid":{"rendered":"http:\/\/dev.editorialclaret.cat\/producte\/jesus-senzills-esguards-vers-el-salvador\/"},"modified":"2025-05-14T18:06:00","modified_gmt":"2025-05-14T16:06:00","slug":"jesus-senzills-esguards-vers-el-salvador-847263664x","status":"publish","type":"product","link":"https:\/\/www.editorialclaret.cat\/es\/producto\/jesus-senzills-esguards-vers-el-salvador-847263664x\/","title":{"rendered":"JES\u00daS, SENZILLS ESGUARDS VERS EL SALVADOR"},"content":{"rendered":"<p>Un llibre que ja ha esdevingut un cl\u00e0ssic de l&#8217;espiritualitat. La lectura que fa de l&#8217;evangeli aquest monjo de l&#8217;Esgl\u00e9sia d&#8217;Orient pren aqu\u00ed una resson\u00e0ncia nova nascuda del silenci i de la contemplaci\u00f3.<br \/>Llibre i autor deixen clar que la qualitat de la reflexi\u00f3 no est\u00e0 renyida amb la claredat i la senzillesa del llenguatge.<\/p>\n","protected":false},"excerpt":{"rendered":"<p>UN MONJO DE L&#8217;ESGLESIA D&#8217;<\/p>\n","protected":false},"featured_media":65226,"template":"","meta":{"_acf_changed":false,"rs_blank_template":"","rs_page_bg_color":"","slide_template_v7":"","inline_featured_image":false,"_monsterinsights_skip_tracking":false,"_monsterinsights_sitenote_active":false,"_monsterinsights_sitenote_note":"","_monsterinsights_sitenote_category":0},"product_brand":[],"product_cat":[1018,1255,1220,983,1069,832,1208,971],"product_tag":[],"class_list":{"0":"post-49427","1":"product","2":"type-product","3":"status-publish","4":"has-post-thumbnail","6":"product_cat-espiritual","7":"product_cat-espiritual-teologia-espiritualidad","8":"product_cat-meditaciones","9":"product_cat-meditacions","10":"product_cat-religiones","11":"product_cat-religions","12":"product_cat-vida-cotidiana","13":"product_cat-vida-quotidiana","15":"first","16":"instock","17":"taxable","18":"shipping-taxable","19":"purchasable","20":"product-type-simple"},"acf":{"autor":"UN MONJO DE L'ESGLESIA D'","codart":"847263664","libros-coleccion":"GRESOL","ediciones":"1","encuadernacion":"R\u00fastica","fecha_de_publicacion":"01\/04\/1990","novedad":"0","paginas":"96","subtitulo":"","orden":"999","portada":"0","idioma":"cat","autores-libros":[{"ID":21612,"post_author":"3","post_date":"2022-10-19 01:40:29","post_date_gmt":"2022-10-18 23:40:29","post_content":"","post_title":"UN MONJO DE L\u00b4ESGLESIA D\u00b4ORIENT","post_excerpt":"","post_status":"publish","comment_status":"closed","ping_status":"closed","post_password":"","post_name":"un-monjo-de-lesglesia-dorient","to_ping":"","pinged":"","post_modified":"2022-10-19 01:40:29","post_modified_gmt":"2022-10-18 23:40:29","post_content_filtered":"","post_parent":0,"guid":"http:\/\/dev.editorialclaret.cat\/autor\/un-monjo-de-lesglesia-dorient\/","menu_order":0,"post_type":"autor","post_mime_type":"","comment_count":"0","filter":"raw"}],"booktrailer":"","resenas":""},"yoast_head":"<!-- This site is optimized with the Yoast SEO plugin v27.3 - https:\/\/yoast.com\/product\/yoast-seo-wordpress\/ -->\n<title>Editorial Claret<\/title>\n<meta name=\"robots\" content=\"noindex, follow, max-snippet:-1, max-image-preview:large, max-video-preview:-1\" \/>\n<meta property=\"og:locale\" content=\"es_ES\" \/>\n<meta property=\"og:type\" content=\"article\" \/>\n<meta property=\"og:title\" content=\"JES\u00daS, SENZILLS ESGUARDS VERS EL SALVADOR - Editorial Claret\" \/>\n<meta property=\"og:description\" content=\"UN MONJO DE L&#039;ESGLESIA D&#039;\" \/>\n<meta property=\"og:url\" content=\"https:\/\/www.editorialclaret.cat\/producte\/jesus-senzills-esguards-vers-el-salvador-847263664x\/\" \/>\n<meta property=\"og:site_name\" content=\"Editorial Claret\" \/>\n<meta property=\"article:modified_time\" content=\"2025-05-14T16:06:00+00:00\" \/>\n<meta property=\"og:image\" content=\"https:\/\/www.editorialclaret.cat\/wp-content\/uploads\/.\/9788472636644-1.jpg\" \/>\n\t<meta property=\"og:image:width\" content=\"350\" \/>\n\t<meta property=\"og:image:height\" content=\"569\" \/>\n\t<meta property=\"og:image:type\" content=\"image\/jpeg\" \/>\n<meta name=\"twitter:card\" content=\"summary_large_image\" \/>\n<script type=\"application\/ld+json\" class=\"yoast-schema-graph\">{\"@context\":\"https:\\\/\\\/schema.org\",\"@graph\":[{\"@type\":\"WebPage\",\"@id\":\"https:\\\/\\\/www.editorialclaret.cat\\\/producte\\\/jesus-senzills-esguards-vers-el-salvador-847263664x\\\/\",\"url\":\"https:\\\/\\\/www.editorialclaret.cat\\\/producte\\\/jesus-senzills-esguards-vers-el-salvador-847263664x\\\/\",\"name\":\"JES\u00daS, SENZILLS ESGUARDS VERS EL SALVADOR - Editorial Claret\",\"isPartOf\":{\"@id\":\"https:\\\/\\\/www.editorialclaret.cat\\\/#website\"},\"primaryImageOfPage\":{\"@id\":\"https:\\\/\\\/www.editorialclaret.cat\\\/producte\\\/jesus-senzills-esguards-vers-el-salvador-847263664x\\\/#primaryimage\"},\"image\":{\"@id\":\"https:\\\/\\\/www.editorialclaret.cat\\\/producte\\\/jesus-senzills-esguards-vers-el-salvador-847263664x\\\/#primaryimage\"},\"thumbnailUrl\":\"https:\\\/\\\/www.editorialclaret.cat\\\/wp-content\\\/uploads\\\/.\\\/9788472636644-1.jpg\",\"datePublished\":\"2022-11-07T07:11:38+00:00\",\"dateModified\":\"2025-05-14T16:06:00+00:00\",\"breadcrumb\":{\"@id\":\"https:\\\/\\\/www.editorialclaret.cat\\\/producte\\\/jesus-senzills-esguards-vers-el-salvador-847263664x\\\/#breadcrumb\"},\"inLanguage\":\"es\",\"potentialAction\":[{\"@type\":\"ReadAction\",\"target\":[\"https:\\\/\\\/www.editorialclaret.cat\\\/producte\\\/jesus-senzills-esguards-vers-el-salvador-847263664x\\\/\"]}]},{\"@type\":\"ImageObject\",\"inLanguage\":\"es\",\"@id\":\"https:\\\/\\\/www.editorialclaret.cat\\\/producte\\\/jesus-senzills-esguards-vers-el-salvador-847263664x\\\/#primaryimage\",\"url\":\"https:\\\/\\\/www.editorialclaret.cat\\\/wp-content\\\/uploads\\\/.\\\/9788472636644-1.jpg\",\"contentUrl\":\"https:\\\/\\\/www.editorialclaret.cat\\\/wp-content\\\/uploads\\\/.\\\/9788472636644-1.jpg\",\"width\":350,\"height\":569,\"caption\":\"9788472636644.jpg\"},{\"@type\":\"BreadcrumbList\",\"@id\":\"https:\\\/\\\/www.editorialclaret.cat\\\/producte\\\/jesus-senzills-esguards-vers-el-salvador-847263664x\\\/#breadcrumb\",\"itemListElement\":[{\"@type\":\"ListItem\",\"position\":1,\"name\":\"Portada\",\"item\":\"https:\\\/\\\/www.editorialclaret.cat\\\/es\\\/\"},{\"@type\":\"ListItem\",\"position\":2,\"name\":\"Botiga\",\"item\":\"https:\\\/\\\/www.editorialclaret.cat\\\/?page_id=16\"},{\"@type\":\"ListItem\",\"position\":3,\"name\":\"JES\u00daS, SENZILLS ESGUARDS VERS EL SALVADOR\"}]},{\"@type\":\"WebSite\",\"@id\":\"https:\\\/\\\/www.editorialclaret.cat\\\/#website\",\"url\":\"https:\\\/\\\/www.editorialclaret.cat\\\/\",\"name\":\"Editorial Claret\",\"description\":\"\",\"publisher\":{\"@id\":\"https:\\\/\\\/www.editorialclaret.cat\\\/#organization\"},\"potentialAction\":[{\"@type\":\"SearchAction\",\"target\":{\"@type\":\"EntryPoint\",\"urlTemplate\":\"https:\\\/\\\/www.editorialclaret.cat\\\/?s={search_term_string}\"},\"query-input\":{\"@type\":\"PropertyValueSpecification\",\"valueRequired\":true,\"valueName\":\"search_term_string\"}}],\"inLanguage\":\"es\"},{\"@type\":\"Organization\",\"@id\":\"https:\\\/\\\/www.editorialclaret.cat\\\/#organization\",\"name\":\"Editorial Claret\",\"url\":\"https:\\\/\\\/www.editorialclaret.cat\\\/\",\"logo\":{\"@type\":\"ImageObject\",\"inLanguage\":\"es\",\"@id\":\"https:\\\/\\\/www.editorialclaret.cat\\\/#\\\/schema\\\/logo\\\/image\\\/\",\"url\":\"https:\\\/\\\/www.editorialclaret.cat\\\/wp-content\\\/uploads\\\/.\\\/logo-claret.png\",\"contentUrl\":\"https:\\\/\\\/www.editorialclaret.cat\\\/wp-content\\\/uploads\\\/.\\\/logo-claret.png\",\"width\":194,\"height\":79,\"caption\":\"Editorial Claret\"},\"image\":{\"@id\":\"https:\\\/\\\/www.editorialclaret.cat\\\/#\\\/schema\\\/logo\\\/image\\\/\"}}]}<\/script>\n<!-- \/ Yoast SEO plugin. -->","yoast_head_json":{"title":"Editorial Claret","robots":{"index":"noindex","follow":"follow","max-snippet":"max-snippet:-1","max-image-preview":"max-image-preview:large","max-video-preview":"max-video-preview:-1"},"og_locale":"es_ES","og_type":"article","og_title":"JES\u00daS, SENZILLS ESGUARDS VERS EL SALVADOR - Editorial Claret","og_description":"UN MONJO DE L'ESGLESIA D'","og_url":"https:\/\/www.editorialclaret.cat\/producte\/jesus-senzills-esguards-vers-el-salvador-847263664x\/","og_site_name":"Editorial Claret","article_modified_time":"2025-05-14T16:06:00+00:00","og_image":[{"width":350,"height":569,"url":"https:\/\/www.editorialclaret.cat\/wp-content\/uploads\/.\/9788472636644-1.jpg","type":"image\/jpeg"}],"twitter_card":"summary_large_image","schema":{"@context":"https:\/\/schema.org","@graph":[{"@type":"WebPage","@id":"https:\/\/www.editorialclaret.cat\/producte\/jesus-senzills-esguards-vers-el-salvador-847263664x\/","url":"https:\/\/www.editorialclaret.cat\/producte\/jesus-senzills-esguards-vers-el-salvador-847263664x\/","name":"JES\u00daS, SENZILLS ESGUARDS VERS EL SALVADOR - Editorial Claret","isPartOf":{"@id":"https:\/\/www.editorialclaret.cat\/#website"},"primaryImageOfPage":{"@id":"https:\/\/www.editorialclaret.cat\/producte\/jesus-senzills-esguards-vers-el-salvador-847263664x\/#primaryimage"},"image":{"@id":"https:\/\/www.editorialclaret.cat\/producte\/jesus-senzills-esguards-vers-el-salvador-847263664x\/#primaryimage"},"thumbnailUrl":"https:\/\/www.editorialclaret.cat\/wp-content\/uploads\/.\/9788472636644-1.jpg","datePublished":"2022-11-07T07:11:38+00:00","dateModified":"2025-05-14T16:06:00+00:00","breadcrumb":{"@id":"https:\/\/www.editorialclaret.cat\/producte\/jesus-senzills-esguards-vers-el-salvador-847263664x\/#breadcrumb"},"inLanguage":"es","potentialAction":[{"@type":"ReadAction","target":["https:\/\/www.editorialclaret.cat\/producte\/jesus-senzills-esguards-vers-el-salvador-847263664x\/"]}]},{"@type":"ImageObject","inLanguage":"es","@id":"https:\/\/www.editorialclaret.cat\/producte\/jesus-senzills-esguards-vers-el-salvador-847263664x\/#primaryimage","url":"https:\/\/www.editorialclaret.cat\/wp-content\/uploads\/.\/9788472636644-1.jpg","contentUrl":"https:\/\/www.editorialclaret.cat\/wp-content\/uploads\/.\/9788472636644-1.jpg","width":350,"height":569,"caption":"9788472636644.jpg"},{"@type":"BreadcrumbList","@id":"https:\/\/www.editorialclaret.cat\/producte\/jesus-senzills-esguards-vers-el-salvador-847263664x\/#breadcrumb","itemListElement":[{"@type":"ListItem","position":1,"name":"Portada","item":"https:\/\/www.editorialclaret.cat\/es\/"},{"@type":"ListItem","position":2,"name":"Botiga","item":"https:\/\/www.editorialclaret.cat\/?page_id=16"},{"@type":"ListItem","position":3,"name":"JES\u00daS, SENZILLS ESGUARDS VERS EL SALVADOR"}]},{"@type":"WebSite","@id":"https:\/\/www.editorialclaret.cat\/#website","url":"https:\/\/www.editorialclaret.cat\/","name":"Editorial Claret","description":"","publisher":{"@id":"https:\/\/www.editorialclaret.cat\/#organization"},"potentialAction":[{"@type":"SearchAction","target":{"@type":"EntryPoint","urlTemplate":"https:\/\/www.editorialclaret.cat\/?s={search_term_string}"},"query-input":{"@type":"PropertyValueSpecification","valueRequired":true,"valueName":"search_term_string"}}],"inLanguage":"es"},{"@type":"Organization","@id":"https:\/\/www.editorialclaret.cat\/#organization","name":"Editorial Claret","url":"https:\/\/www.editorialclaret.cat\/","logo":{"@type":"ImageObject","inLanguage":"es","@id":"https:\/\/www.editorialclaret.cat\/#\/schema\/logo\/image\/","url":"https:\/\/www.editorialclaret.cat\/wp-content\/uploads\/.\/logo-claret.png","contentUrl":"https:\/\/www.editorialclaret.cat\/wp-content\/uploads\/.\/logo-claret.png","width":194,"height":79,"caption":"Editorial Claret"},"image":{"@id":"https:\/\/www.editorialclaret.cat\/#\/schema\/logo\/image\/"}}]}},"_links":{"self":[{"href":"https:\/\/www.editorialclaret.cat\/es\/wp-json\/wp\/v2\/product\/49427","targetHints":{"allow":["GET"]}}],"collection":[{"href":"https:\/\/www.editorialclaret.cat\/es\/wp-json\/wp\/v2\/product"}],"about":[{"href":"https:\/\/www.editorialclaret.cat\/es\/wp-json\/wp\/v2\/types\/product"}],"wp:featuredmedia":[{"embeddable":true,"href":"https:\/\/www.editorialclaret.cat\/es\/wp-json\/wp\/v2\/media\/65226"}],"wp:attachment":[{"href":"https:\/\/www.editorialclaret.cat\/es\/wp-json\/wp\/v2\/media?parent=49427"}],"wp:term":[{"taxonomy":"product_brand","embeddable":true,"href":"https:\/\/www.editorialclaret.cat\/es\/wp-json\/wp\/v2\/product_brand?post=49427"},{"taxonomy":"product_cat","embeddable":true,"href":"https:\/\/www.editorialclaret.cat\/es\/wp-json\/wp\/v2\/product_cat?post=49427"},{"taxonomy":"product_tag","embeddable":true,"href":"https:\/\/www.editorialclaret.cat\/es\/wp-json\/wp\/v2\/product_tag?post=49427"}],"curies":[{"name":"wp","href":"https:\/\/api.w.org\/{rel}","templated":true}]}}

JESÚS, SENZILLS ESGUARDS VERS EL SALVADOR

<p>Un llibre que ja ha esdevingut un clàssic de l&#8217;espiritualitat. La lectura que fa de l&#8217;evangeli aquest monjo de l&#8217;Església d&#8217;Orient pren aquí una ressonància nova nascuda del silenci i de la contemplació.<br />Llibre i autor deixen clar que la qualitat de la reflexió no està renyida amb la claredat i la senzillesa del llenguatge.</p>

Rústica

<!-- This site is optimized with the Yoast SEO plugin v27.3 - https://yoast.com/product/yoast-seo-wordpress/ -->
<title>Editorial Claret</title>
<meta name="robots" content="noindex, follow, max-snippet:-1, max-image-preview:large, max-video-preview:-1" />
<meta property="og:locale" content="es_ES" />
<meta property="og:type" content="article" />
<meta property="og:title" content="JESÚS, SENZILLS ESGUARDS VERS EL SALVADOR - Editorial Claret" />
<meta property="og:description" content="UN MONJO DE L&#039;ESGLESIA D&#039;" />
<meta property="og:url" content="https://www.editorialclaret.cat/producte/jesus-senzills-esguards-vers-el-salvador-847263664x/" />
<meta property="og:site_name" content="Editorial Claret" />
<meta property="article:modified_time" content="2025-05-14T16:06:00+00:00" />
<meta property="og:image" content="https://www.editorialclaret.cat/wp-content/uploads/./9788472636644-1.jpg" />
	<meta property="og:image:width" content="350" />
	<meta property="og:image:height" content="569" />
	<meta property="og:image:type" content="image/jpeg" />
<meta name="twitter:card" content="summary_large_image" />
<script type="application/ld+json" class="yoast-schema-graph">{"@context":"https:\/\/schema.org","@graph":[{"@type":"WebPage","@id":"https:\/\/www.editorialclaret.cat\/producte\/jesus-senzills-esguards-vers-el-salvador-847263664x\/","url":"https:\/\/www.editorialclaret.cat\/producte\/jesus-senzills-esguards-vers-el-salvador-847263664x\/","name":"JESÚS, SENZILLS ESGUARDS VERS EL SALVADOR - Editorial Claret","isPartOf":{"@id":"https:\/\/www.editorialclaret.cat\/#website"},"primaryImageOfPage":{"@id":"https:\/\/www.editorialclaret.cat\/producte\/jesus-senzills-esguards-vers-el-salvador-847263664x\/#primaryimage"},"image":{"@id":"https:\/\/www.editorialclaret.cat\/producte\/jesus-senzills-esguards-vers-el-salvador-847263664x\/#primaryimage"},"thumbnailUrl":"https:\/\/www.editorialclaret.cat\/wp-content\/uploads\/.\/9788472636644-1.jpg","datePublished":"2022-11-07T07:11:38+00:00","dateModified":"2025-05-14T16:06:00+00:00","breadcrumb":{"@id":"https:\/\/www.editorialclaret.cat\/producte\/jesus-senzills-esguards-vers-el-salvador-847263664x\/#breadcrumb"},"inLanguage":"es","potentialAction":[{"@type":"ReadAction","target":["https:\/\/www.editorialclaret.cat\/producte\/jesus-senzills-esguards-vers-el-salvador-847263664x\/"]}]},{"@type":"ImageObject","inLanguage":"es","@id":"https:\/\/www.editorialclaret.cat\/producte\/jesus-senzills-esguards-vers-el-salvador-847263664x\/#primaryimage","url":"https:\/\/www.editorialclaret.cat\/wp-content\/uploads\/.\/9788472636644-1.jpg","contentUrl":"https:\/\/www.editorialclaret.cat\/wp-content\/uploads\/.\/9788472636644-1.jpg","width":350,"height":569,"caption":"9788472636644.jpg"},{"@type":"BreadcrumbList","@id":"https:\/\/www.editorialclaret.cat\/producte\/jesus-senzills-esguards-vers-el-salvador-847263664x\/#breadcrumb","itemListElement":[{"@type":"ListItem","position":1,"name":"Portada","item":"https:\/\/www.editorialclaret.cat\/es\/"},{"@type":"ListItem","position":2,"name":"Botiga","item":"https:\/\/www.editorialclaret.cat\/?page_id=16"},{"@type":"ListItem","position":3,"name":"JESÚS, SENZILLS ESGUARDS VERS EL SALVADOR"}]},{"@type":"WebSite","@id":"https:\/\/www.editorialclaret.cat\/#website","url":"https:\/\/www.editorialclaret.cat\/","name":"Editorial Claret","description":"","publisher":{"@id":"https:\/\/www.editorialclaret.cat\/#organization"},"potentialAction":[{"@type":"SearchAction","target":{"@type":"EntryPoint","urlTemplate":"https:\/\/www.editorialclaret.cat\/?s={search_term_string}"},"query-input":{"@type":"PropertyValueSpecification","valueRequired":true,"valueName":"search_term_string"}}],"inLanguage":"es"},{"@type":"Organization","@id":"https:\/\/www.editorialclaret.cat\/#organization","name":"Editorial Claret","url":"https:\/\/www.editorialclaret.cat\/","logo":{"@type":"ImageObject","inLanguage":"es","@id":"https:\/\/www.editorialclaret.cat\/#\/schema\/logo\/image\/","url":"https:\/\/www.editorialclaret.cat\/wp-content\/uploads\/.\/logo-claret.png","contentUrl":"https:\/\/www.editorialclaret.cat\/wp-content\/uploads\/.\/logo-claret.png","width":194,"height":79,"caption":"Editorial Claret"},"image":{"@id":"https:\/\/www.editorialclaret.cat\/#\/schema\/logo\/image\/"}}]}</script>
<!-- / Yoast SEO plugin. -->

JESÚS, SENZILLS ESGUARDS VERS EL SALVADOR - Editorial Claret
