{"id":49222,"date":"2022-11-07T08:08:03","date_gmt":"2022-11-07T07:08:03","guid":{"rendered":"http:\/\/dev.editorialclaret.cat\/producte\/joan-alsina-laltra-versio\/"},"modified":"2024-05-22T10:59:44","modified_gmt":"2024-05-22T08:59:44","slug":"joan-alsina-laltra-versio-8472639592","status":"publish","type":"product","link":"https:\/\/www.editorialclaret.cat\/es\/producto\/joan-alsina-laltra-versio-8472639592\/","title":{"rendered":"JOAN ALSINA L&#8217;ALTRA VERSI\u00f3"},"content":{"rendered":"<p>Quan la not\u00edcia de la mort de Joan Alsina va arribar a Girona, algunes veus deien que tot havia passat en un enfrontament armat amb els militars. I afegien que en Joan havia deixat el sacerdoci i s&#8217;havia afiliat a un partit d&#8217;esquerra, d&#8217;ideologia marxista. Per\u00f2 molts que l&#8217;havien conegut no s&#8217;ho acabaven de creure. I el dubte va quedar.<br \/>Han hagut de passar disset anys abans que hom no hagi pogut netejar del tot aquella imatge falsa i calumniosa. I aix\u00f2, en bona part, ha estat gr\u00e0cies a la tossuderia d&#8217;una altre capell\u00e0 giron\u00ed, moss\u00e8n Miquel Jord\u00e0 i Sureda, que fa prop de trenta anys que treballa pastoralment a Xile. Les seves investigacions ens han fornit la resposta als perqu\u00e8s m\u00e9s importants amb vista a reconstruir el \u00abpuzzle\u00bb de la vida d&#8217;en Joan Alsina; de la vida i de la mort, i de les versions que es van contraposar i solapar. Gr\u00e0cies a ell tenim l&#8217;altra versi\u00f3.<\/p>\n","protected":false},"excerpt":{"rendered":"<p>PLA, JOAQUIM<\/p>\n","protected":false},"featured_media":49223,"template":"","meta":{"_acf_changed":false,"rs_blank_template":"","rs_page_bg_color":"","slide_template_v7":"","inline_featured_image":false,"_monsterinsights_skip_tracking":false,"_monsterinsights_sitenote_active":false,"_monsterinsights_sitenote_note":"","_monsterinsights_sitenote_category":0},"product_brand":[],"product_cat":[892,1129,1213,976],"product_tag":[],"class_list":{"0":"post-49222","1":"product","2":"type-product","3":"status-publish","4":"has-post-thumbnail","6":"product_cat-america","7":"product_cat-america-historia-humanidades","8":"product_cat-testimonios","9":"product_cat-testimonis","11":"first","12":"instock","13":"taxable","14":"shipping-taxable","15":"purchasable","16":"product-type-simple"},"acf":{"autor":"PLA, JOAQUIM","codart":"847263959","libros-coleccion":"ELS DAUS","ediciones":"1","encuadernacion":"R\u00fastica","fecha_de_publicacion":"01\/04\/1995","novedad":"0","paginas":"176","subtitulo":"","orden":"999","portada":"0","idioma":"cat","autores-libros":[{"ID":16729,"post_author":"3","post_date":"2022-10-19 01:07:45","post_date_gmt":"2022-10-18 23:07:45","post_content":"","post_title":"JOAQUIM PLA GALLART","post_excerpt":"","post_status":"publish","comment_status":"closed","ping_status":"closed","post_password":"","post_name":"joaquim-pla-gallart","to_ping":"","pinged":"","post_modified":"2022-10-19 01:07:45","post_modified_gmt":"2022-10-18 23:07:45","post_content_filtered":"","post_parent":0,"guid":"http:\/\/dev.editorialclaret.cat\/autor\/joaquim-pla-gallart\/","menu_order":0,"post_type":"autor","post_mime_type":"","comment_count":"0","filter":"raw"}]},"yoast_head":"<!-- This site is optimized with the Yoast SEO plugin v27.3 - https:\/\/yoast.com\/product\/yoast-seo-wordpress\/ -->\n<title>Editorial Claret<\/title>\n<meta name=\"robots\" content=\"noindex, follow, max-snippet:-1, max-image-preview:large, max-video-preview:-1\" \/>\n<meta property=\"og:locale\" content=\"es_ES\" \/>\n<meta property=\"og:type\" content=\"article\" \/>\n<meta property=\"og:title\" content=\"JOAN ALSINA L&#039;ALTRA VERSI\u00f3 - Editorial Claret\" \/>\n<meta property=\"og:description\" content=\"PLA, JOAQUIM\" \/>\n<meta property=\"og:url\" content=\"https:\/\/www.editorialclaret.cat\/producte\/joan-alsina-laltra-versio-8472639592\/\" \/>\n<meta property=\"og:site_name\" content=\"Editorial Claret\" \/>\n<meta property=\"article:modified_time\" content=\"2024-05-22T08:59:44+00:00\" \/>\n<meta property=\"og:image\" content=\"https:\/\/www.editorialclaret.cat\/wp-content\/uploads\/.\/9788472639591.jpg\" \/>\n\t<meta property=\"og:image:width\" content=\"225\" \/>\n\t<meta property=\"og:image:height\" content=\"308\" \/>\n\t<meta property=\"og:image:type\" content=\"image\/jpeg\" \/>\n<meta name=\"twitter:card\" content=\"summary_large_image\" \/>\n<meta name=\"twitter:label1\" content=\"Tiempo de lectura\" \/>\n\t<meta name=\"twitter:data1\" content=\"1 minuto\" \/>\n<script type=\"application\/ld+json\" class=\"yoast-schema-graph\">{\"@context\":\"https:\\\/\\\/schema.org\",\"@graph\":[{\"@type\":\"WebPage\",\"@id\":\"https:\\\/\\\/www.editorialclaret.cat\\\/producte\\\/joan-alsina-laltra-versio-8472639592\\\/\",\"url\":\"https:\\\/\\\/www.editorialclaret.cat\\\/producte\\\/joan-alsina-laltra-versio-8472639592\\\/\",\"name\":\"JOAN ALSINA L'ALTRA VERSI\u00f3 - Editorial Claret\",\"isPartOf\":{\"@id\":\"https:\\\/\\\/www.editorialclaret.cat\\\/#website\"},\"primaryImageOfPage\":{\"@id\":\"https:\\\/\\\/www.editorialclaret.cat\\\/producte\\\/joan-alsina-laltra-versio-8472639592\\\/#primaryimage\"},\"image\":{\"@id\":\"https:\\\/\\\/www.editorialclaret.cat\\\/producte\\\/joan-alsina-laltra-versio-8472639592\\\/#primaryimage\"},\"thumbnailUrl\":\"https:\\\/\\\/www.editorialclaret.cat\\\/wp-content\\\/uploads\\\/.\\\/9788472639591.jpg\",\"datePublished\":\"2022-11-07T07:08:03+00:00\",\"dateModified\":\"2024-05-22T08:59:44+00:00\",\"breadcrumb\":{\"@id\":\"https:\\\/\\\/www.editorialclaret.cat\\\/producte\\\/joan-alsina-laltra-versio-8472639592\\\/#breadcrumb\"},\"inLanguage\":\"es\",\"potentialAction\":[{\"@type\":\"ReadAction\",\"target\":[\"https:\\\/\\\/www.editorialclaret.cat\\\/producte\\\/joan-alsina-laltra-versio-8472639592\\\/\"]}]},{\"@type\":\"ImageObject\",\"inLanguage\":\"es\",\"@id\":\"https:\\\/\\\/www.editorialclaret.cat\\\/producte\\\/joan-alsina-laltra-versio-8472639592\\\/#primaryimage\",\"url\":\"https:\\\/\\\/www.editorialclaret.cat\\\/wp-content\\\/uploads\\\/.\\\/9788472639591.jpg\",\"contentUrl\":\"https:\\\/\\\/www.editorialclaret.cat\\\/wp-content\\\/uploads\\\/.\\\/9788472639591.jpg\",\"width\":225,\"height\":308,\"caption\":\"9788472639591.jpg\"},{\"@type\":\"BreadcrumbList\",\"@id\":\"https:\\\/\\\/www.editorialclaret.cat\\\/producte\\\/joan-alsina-laltra-versio-8472639592\\\/#breadcrumb\",\"itemListElement\":[{\"@type\":\"ListItem\",\"position\":1,\"name\":\"Portada\",\"item\":\"https:\\\/\\\/www.editorialclaret.cat\\\/es\\\/\"},{\"@type\":\"ListItem\",\"position\":2,\"name\":\"Botiga\",\"item\":\"https:\\\/\\\/www.editorialclaret.cat\\\/?page_id=16\"},{\"@type\":\"ListItem\",\"position\":3,\"name\":\"JOAN ALSINA L&#8217;ALTRA VERSI\u00f3\"}]},{\"@type\":\"WebSite\",\"@id\":\"https:\\\/\\\/www.editorialclaret.cat\\\/#website\",\"url\":\"https:\\\/\\\/www.editorialclaret.cat\\\/\",\"name\":\"Editorial Claret\",\"description\":\"\",\"publisher\":{\"@id\":\"https:\\\/\\\/www.editorialclaret.cat\\\/#organization\"},\"potentialAction\":[{\"@type\":\"SearchAction\",\"target\":{\"@type\":\"EntryPoint\",\"urlTemplate\":\"https:\\\/\\\/www.editorialclaret.cat\\\/?s={search_term_string}\"},\"query-input\":{\"@type\":\"PropertyValueSpecification\",\"valueRequired\":true,\"valueName\":\"search_term_string\"}}],\"inLanguage\":\"es\"},{\"@type\":\"Organization\",\"@id\":\"https:\\\/\\\/www.editorialclaret.cat\\\/#organization\",\"name\":\"Editorial Claret\",\"url\":\"https:\\\/\\\/www.editorialclaret.cat\\\/\",\"logo\":{\"@type\":\"ImageObject\",\"inLanguage\":\"es\",\"@id\":\"https:\\\/\\\/www.editorialclaret.cat\\\/#\\\/schema\\\/logo\\\/image\\\/\",\"url\":\"https:\\\/\\\/www.editorialclaret.cat\\\/wp-content\\\/uploads\\\/.\\\/logo-claret.png\",\"contentUrl\":\"https:\\\/\\\/www.editorialclaret.cat\\\/wp-content\\\/uploads\\\/.\\\/logo-claret.png\",\"width\":194,\"height\":79,\"caption\":\"Editorial Claret\"},\"image\":{\"@id\":\"https:\\\/\\\/www.editorialclaret.cat\\\/#\\\/schema\\\/logo\\\/image\\\/\"}}]}<\/script>\n<!-- \/ Yoast SEO plugin. -->","yoast_head_json":{"title":"Editorial Claret","robots":{"index":"noindex","follow":"follow","max-snippet":"max-snippet:-1","max-image-preview":"max-image-preview:large","max-video-preview":"max-video-preview:-1"},"og_locale":"es_ES","og_type":"article","og_title":"JOAN ALSINA L'ALTRA VERSI\u00f3 - Editorial Claret","og_description":"PLA, JOAQUIM","og_url":"https:\/\/www.editorialclaret.cat\/producte\/joan-alsina-laltra-versio-8472639592\/","og_site_name":"Editorial Claret","article_modified_time":"2024-05-22T08:59:44+00:00","og_image":[{"width":225,"height":308,"url":"https:\/\/www.editorialclaret.cat\/wp-content\/uploads\/.\/9788472639591.jpg","type":"image\/jpeg"}],"twitter_card":"summary_large_image","twitter_misc":{"Tiempo de lectura":"1 minuto"},"schema":{"@context":"https:\/\/schema.org","@graph":[{"@type":"WebPage","@id":"https:\/\/www.editorialclaret.cat\/producte\/joan-alsina-laltra-versio-8472639592\/","url":"https:\/\/www.editorialclaret.cat\/producte\/joan-alsina-laltra-versio-8472639592\/","name":"JOAN ALSINA L'ALTRA VERSI\u00f3 - Editorial Claret","isPartOf":{"@id":"https:\/\/www.editorialclaret.cat\/#website"},"primaryImageOfPage":{"@id":"https:\/\/www.editorialclaret.cat\/producte\/joan-alsina-laltra-versio-8472639592\/#primaryimage"},"image":{"@id":"https:\/\/www.editorialclaret.cat\/producte\/joan-alsina-laltra-versio-8472639592\/#primaryimage"},"thumbnailUrl":"https:\/\/www.editorialclaret.cat\/wp-content\/uploads\/.\/9788472639591.jpg","datePublished":"2022-11-07T07:08:03+00:00","dateModified":"2024-05-22T08:59:44+00:00","breadcrumb":{"@id":"https:\/\/www.editorialclaret.cat\/producte\/joan-alsina-laltra-versio-8472639592\/#breadcrumb"},"inLanguage":"es","potentialAction":[{"@type":"ReadAction","target":["https:\/\/www.editorialclaret.cat\/producte\/joan-alsina-laltra-versio-8472639592\/"]}]},{"@type":"ImageObject","inLanguage":"es","@id":"https:\/\/www.editorialclaret.cat\/producte\/joan-alsina-laltra-versio-8472639592\/#primaryimage","url":"https:\/\/www.editorialclaret.cat\/wp-content\/uploads\/.\/9788472639591.jpg","contentUrl":"https:\/\/www.editorialclaret.cat\/wp-content\/uploads\/.\/9788472639591.jpg","width":225,"height":308,"caption":"9788472639591.jpg"},{"@type":"BreadcrumbList","@id":"https:\/\/www.editorialclaret.cat\/producte\/joan-alsina-laltra-versio-8472639592\/#breadcrumb","itemListElement":[{"@type":"ListItem","position":1,"name":"Portada","item":"https:\/\/www.editorialclaret.cat\/es\/"},{"@type":"ListItem","position":2,"name":"Botiga","item":"https:\/\/www.editorialclaret.cat\/?page_id=16"},{"@type":"ListItem","position":3,"name":"JOAN ALSINA L&#8217;ALTRA VERSI\u00f3"}]},{"@type":"WebSite","@id":"https:\/\/www.editorialclaret.cat\/#website","url":"https:\/\/www.editorialclaret.cat\/","name":"Editorial Claret","description":"","publisher":{"@id":"https:\/\/www.editorialclaret.cat\/#organization"},"potentialAction":[{"@type":"SearchAction","target":{"@type":"EntryPoint","urlTemplate":"https:\/\/www.editorialclaret.cat\/?s={search_term_string}"},"query-input":{"@type":"PropertyValueSpecification","valueRequired":true,"valueName":"search_term_string"}}],"inLanguage":"es"},{"@type":"Organization","@id":"https:\/\/www.editorialclaret.cat\/#organization","name":"Editorial Claret","url":"https:\/\/www.editorialclaret.cat\/","logo":{"@type":"ImageObject","inLanguage":"es","@id":"https:\/\/www.editorialclaret.cat\/#\/schema\/logo\/image\/","url":"https:\/\/www.editorialclaret.cat\/wp-content\/uploads\/.\/logo-claret.png","contentUrl":"https:\/\/www.editorialclaret.cat\/wp-content\/uploads\/.\/logo-claret.png","width":194,"height":79,"caption":"Editorial Claret"},"image":{"@id":"https:\/\/www.editorialclaret.cat\/#\/schema\/logo\/image\/"}}]}},"_links":{"self":[{"href":"https:\/\/www.editorialclaret.cat\/es\/wp-json\/wp\/v2\/product\/49222","targetHints":{"allow":["GET"]}}],"collection":[{"href":"https:\/\/www.editorialclaret.cat\/es\/wp-json\/wp\/v2\/product"}],"about":[{"href":"https:\/\/www.editorialclaret.cat\/es\/wp-json\/wp\/v2\/types\/product"}],"wp:featuredmedia":[{"embeddable":true,"href":"https:\/\/www.editorialclaret.cat\/es\/wp-json\/wp\/v2\/media\/49223"}],"wp:attachment":[{"href":"https:\/\/www.editorialclaret.cat\/es\/wp-json\/wp\/v2\/media?parent=49222"}],"wp:term":[{"taxonomy":"product_brand","embeddable":true,"href":"https:\/\/www.editorialclaret.cat\/es\/wp-json\/wp\/v2\/product_brand?post=49222"},{"taxonomy":"product_cat","embeddable":true,"href":"https:\/\/www.editorialclaret.cat\/es\/wp-json\/wp\/v2\/product_cat?post=49222"},{"taxonomy":"product_tag","embeddable":true,"href":"https:\/\/www.editorialclaret.cat\/es\/wp-json\/wp\/v2\/product_tag?post=49222"}],"curies":[{"name":"wp","href":"https:\/\/api.w.org\/{rel}","templated":true}]}}

JOAN ALSINA L&#8217;ALTRA VERSIó

<p>Quan la notícia de la mort de Joan Alsina va arribar a Girona, algunes veus deien que tot havia passat en un enfrontament armat amb els militars. I afegien que en Joan havia deixat el sacerdoci i s&#8217;havia afiliat a un partit d&#8217;esquerra, d&#8217;ideologia marxista. Però molts que l&#8217;havien conegut no s&#8217;ho acabaven de creure. I el dubte va quedar.<br />Han hagut de passar disset anys abans que hom no hagi pogut netejar del tot aquella imatge falsa i calumniosa. I això, en bona part, ha estat gràcies a la tossuderia d&#8217;una altre capellà gironí, mossèn Miquel Jordà i Sureda, que fa prop de trenta anys que treballa pastoralment a Xile. Les seves investigacions ens han fornit la resposta als perquès més importants amb vista a reconstruir el «puzzle» de la vida d&#8217;en Joan Alsina; de la vida i de la mort, i de les versions que es van contraposar i solapar. Gràcies a ell tenim l&#8217;altra versió.</p>

Rústica

<!-- This site is optimized with the Yoast SEO plugin v27.3 - https://yoast.com/product/yoast-seo-wordpress/ -->
<title>Editorial Claret</title>
<meta name="robots" content="noindex, follow, max-snippet:-1, max-image-preview:large, max-video-preview:-1" />
<meta property="og:locale" content="es_ES" />
<meta property="og:type" content="article" />
<meta property="og:title" content="JOAN ALSINA L&#039;ALTRA VERSIó - Editorial Claret" />
<meta property="og:description" content="PLA, JOAQUIM" />
<meta property="og:url" content="https://www.editorialclaret.cat/producte/joan-alsina-laltra-versio-8472639592/" />
<meta property="og:site_name" content="Editorial Claret" />
<meta property="article:modified_time" content="2024-05-22T08:59:44+00:00" />
<meta property="og:image" content="https://www.editorialclaret.cat/wp-content/uploads/./9788472639591.jpg" />
	<meta property="og:image:width" content="225" />
	<meta property="og:image:height" content="308" />
	<meta property="og:image:type" content="image/jpeg" />
<meta name="twitter:card" content="summary_large_image" />
<meta name="twitter:label1" content="Tiempo de lectura" />
	<meta name="twitter:data1" content="1 minuto" />
<script type="application/ld+json" class="yoast-schema-graph">{"@context":"https:\/\/schema.org","@graph":[{"@type":"WebPage","@id":"https:\/\/www.editorialclaret.cat\/producte\/joan-alsina-laltra-versio-8472639592\/","url":"https:\/\/www.editorialclaret.cat\/producte\/joan-alsina-laltra-versio-8472639592\/","name":"JOAN ALSINA L'ALTRA VERSIó - Editorial Claret","isPartOf":{"@id":"https:\/\/www.editorialclaret.cat\/#website"},"primaryImageOfPage":{"@id":"https:\/\/www.editorialclaret.cat\/producte\/joan-alsina-laltra-versio-8472639592\/#primaryimage"},"image":{"@id":"https:\/\/www.editorialclaret.cat\/producte\/joan-alsina-laltra-versio-8472639592\/#primaryimage"},"thumbnailUrl":"https:\/\/www.editorialclaret.cat\/wp-content\/uploads\/.\/9788472639591.jpg","datePublished":"2022-11-07T07:08:03+00:00","dateModified":"2024-05-22T08:59:44+00:00","breadcrumb":{"@id":"https:\/\/www.editorialclaret.cat\/producte\/joan-alsina-laltra-versio-8472639592\/#breadcrumb"},"inLanguage":"es","potentialAction":[{"@type":"ReadAction","target":["https:\/\/www.editorialclaret.cat\/producte\/joan-alsina-laltra-versio-8472639592\/"]}]},{"@type":"ImageObject","inLanguage":"es","@id":"https:\/\/www.editorialclaret.cat\/producte\/joan-alsina-laltra-versio-8472639592\/#primaryimage","url":"https:\/\/www.editorialclaret.cat\/wp-content\/uploads\/.\/9788472639591.jpg","contentUrl":"https:\/\/www.editorialclaret.cat\/wp-content\/uploads\/.\/9788472639591.jpg","width":225,"height":308,"caption":"9788472639591.jpg"},{"@type":"BreadcrumbList","@id":"https:\/\/www.editorialclaret.cat\/producte\/joan-alsina-laltra-versio-8472639592\/#breadcrumb","itemListElement":[{"@type":"ListItem","position":1,"name":"Portada","item":"https:\/\/www.editorialclaret.cat\/es\/"},{"@type":"ListItem","position":2,"name":"Botiga","item":"https:\/\/www.editorialclaret.cat\/?page_id=16"},{"@type":"ListItem","position":3,"name":"JOAN ALSINA L&#8217;ALTRA VERSIó"}]},{"@type":"WebSite","@id":"https:\/\/www.editorialclaret.cat\/#website","url":"https:\/\/www.editorialclaret.cat\/","name":"Editorial Claret","description":"","publisher":{"@id":"https:\/\/www.editorialclaret.cat\/#organization"},"potentialAction":[{"@type":"SearchAction","target":{"@type":"EntryPoint","urlTemplate":"https:\/\/www.editorialclaret.cat\/?s={search_term_string}"},"query-input":{"@type":"PropertyValueSpecification","valueRequired":true,"valueName":"search_term_string"}}],"inLanguage":"es"},{"@type":"Organization","@id":"https:\/\/www.editorialclaret.cat\/#organization","name":"Editorial Claret","url":"https:\/\/www.editorialclaret.cat\/","logo":{"@type":"ImageObject","inLanguage":"es","@id":"https:\/\/www.editorialclaret.cat\/#\/schema\/logo\/image\/","url":"https:\/\/www.editorialclaret.cat\/wp-content\/uploads\/.\/logo-claret.png","contentUrl":"https:\/\/www.editorialclaret.cat\/wp-content\/uploads\/.\/logo-claret.png","width":194,"height":79,"caption":"Editorial Claret"},"image":{"@id":"https:\/\/www.editorialclaret.cat\/#\/schema\/logo\/image\/"}}]}</script>
<!-- / Yoast SEO plugin. -->

JOAN ALSINA L'ALTRA VERSIó - Editorial Claret
