{"id":49042,"date":"2022-11-07T08:04:46","date_gmt":"2022-11-07T07:04:46","guid":{"rendered":"http:\/\/dev.editorialclaret.cat\/producte\/del-vatica-ii-al-concili-provincial-tarraconense\/"},"modified":"2024-11-28T10:56:34","modified_gmt":"2024-11-28T09:56:34","slug":"del-vatica-ii-al-concili-provincial-tarraconense-8482972561","status":"publish","type":"product","link":"https:\/\/www.editorialclaret.cat\/es\/producto\/del-vatica-ii-al-concili-provincial-tarraconense-8482972561\/","title":{"rendered":"DEL VATIC\u00c0 II AL CONCILI PROVINCIAL TARRACONENSE"},"content":{"rendered":"<p>Josep M. Rovira Belloso, en aquest volum, ens vol mostrar el Concili Provincial Tarraconense a la llum del Concili Vatic\u00e0 II, ja que el concili ecum\u00e8nic \u00e9s el marc natural del Tarraconense.<br \/>En el llibre que ara ens ofereix, l&#8217;autor vol \u00abacomplir l&#8217;assignatura pendent paral\u00b7lela a l&#8217;anterior: mostrar el Concili Provincial, el nostre Concili, a la llum del Concili Vatic\u00e0 II, ja que el Vatic\u00e0 II \u00e9s el marc natural del Tarraconense\u00bb.<\/p>\n","protected":false},"excerpt":{"rendered":"<p>ROVIRA BELLOSO, JOSEP MAR<\/p>\n","protected":false},"featured_media":67359,"template":"","meta":{"_acf_changed":false,"rs_blank_template":"","rs_page_bg_color":"","slide_template_v7":"","inline_featured_image":false,"_monsterinsights_skip_tracking":false,"_monsterinsights_sitenote_active":false,"_monsterinsights_sitenote_note":"","_monsterinsights_sitenote_category":0},"product_brand":[],"product_cat":[1017,1254],"product_tag":[],"class_list":{"0":"post-49042","1":"product","2":"type-product","3":"status-publish","4":"has-post-thumbnail","6":"product_cat-eclesiologia-teologia","7":"product_cat-eclesiologia-teologia-espiritualidad","9":"first","10":"outofstock","11":"taxable","12":"shipping-taxable","13":"purchasable","14":"product-type-simple"},"acf":{"autor":"ROVIRA BELLOSO, JOSEP MAR","codart":"848297256","libros-coleccion":"ELS DAUS","ediciones":"1","encuadernacion":"R\u00fastica","fecha_de_publicacion":"01\/04\/1998","novedad":"0","paginas":"174","subtitulo":"","orden":"999","portada":"0","idioma":"cat","autores-libros":[{"ID":46937,"post_author":"3","post_date":"2022-11-06 20:32:14","post_date_gmt":"2022-11-06 19:32:14","post_content":"","post_title":"JOSEP MARIA ROVIRA BELLOSO","post_excerpt":"","post_status":"publish","comment_status":"closed","ping_status":"closed","post_password":"","post_name":"josep-maria-rovira-belloso","to_ping":"","pinged":"","post_modified":"2022-11-06 20:32:14","post_modified_gmt":"2022-11-06 19:32:14","post_content_filtered":"","post_parent":0,"guid":"http:\/\/dev.editorialclaret.cat\/autor\/josep-maria-rovira-belloso\/","menu_order":0,"post_type":"autor","post_mime_type":"","comment_count":"0","filter":"raw"}]},"yoast_head":"<!-- This site is optimized with the Yoast SEO plugin v27.3 - https:\/\/yoast.com\/product\/yoast-seo-wordpress\/ -->\n<title>Editorial Claret<\/title>\n<meta name=\"robots\" content=\"noindex, follow, max-snippet:-1, max-image-preview:large, max-video-preview:-1\" \/>\n<meta property=\"og:locale\" content=\"es_ES\" \/>\n<meta property=\"og:type\" content=\"article\" \/>\n<meta property=\"og:title\" content=\"DEL VATIC\u00c0 II AL CONCILI PROVINCIAL TARRACONENSE - Editorial Claret\" \/>\n<meta property=\"og:description\" content=\"ROVIRA BELLOSO, JOSEP MAR\" \/>\n<meta property=\"og:url\" content=\"https:\/\/www.editorialclaret.cat\/producte\/del-vatica-ii-al-concili-provincial-tarraconense-8482972561\/\" \/>\n<meta property=\"og:site_name\" content=\"Editorial Claret\" \/>\n<meta property=\"article:modified_time\" content=\"2024-11-28T09:56:34+00:00\" \/>\n<meta property=\"og:image\" content=\"https:\/\/www.editorialclaret.cat\/wp-content\/uploads\/9788482972565-2.jpg\" \/>\n\t<meta property=\"og:image:width\" content=\"255\" \/>\n\t<meta property=\"og:image:height\" content=\"350\" \/>\n\t<meta property=\"og:image:type\" content=\"image\/jpeg\" \/>\n<meta name=\"twitter:card\" content=\"summary_large_image\" \/>\n<script type=\"application\/ld+json\" class=\"yoast-schema-graph\">{\"@context\":\"https:\\\/\\\/schema.org\",\"@graph\":[{\"@type\":\"WebPage\",\"@id\":\"https:\\\/\\\/www.editorialclaret.cat\\\/producte\\\/del-vatica-ii-al-concili-provincial-tarraconense-8482972561\\\/\",\"url\":\"https:\\\/\\\/www.editorialclaret.cat\\\/producte\\\/del-vatica-ii-al-concili-provincial-tarraconense-8482972561\\\/\",\"name\":\"DEL VATIC\u00c0 II AL CONCILI PROVINCIAL TARRACONENSE - Editorial Claret\",\"isPartOf\":{\"@id\":\"https:\\\/\\\/www.editorialclaret.cat\\\/#website\"},\"primaryImageOfPage\":{\"@id\":\"https:\\\/\\\/www.editorialclaret.cat\\\/producte\\\/del-vatica-ii-al-concili-provincial-tarraconense-8482972561\\\/#primaryimage\"},\"image\":{\"@id\":\"https:\\\/\\\/www.editorialclaret.cat\\\/producte\\\/del-vatica-ii-al-concili-provincial-tarraconense-8482972561\\\/#primaryimage\"},\"thumbnailUrl\":\"https:\\\/\\\/www.editorialclaret.cat\\\/wp-content\\\/uploads\\\/9788482972565-2.jpg\",\"datePublished\":\"2022-11-07T07:04:46+00:00\",\"dateModified\":\"2024-11-28T09:56:34+00:00\",\"breadcrumb\":{\"@id\":\"https:\\\/\\\/www.editorialclaret.cat\\\/producte\\\/del-vatica-ii-al-concili-provincial-tarraconense-8482972561\\\/#breadcrumb\"},\"inLanguage\":\"es\",\"potentialAction\":[{\"@type\":\"ReadAction\",\"target\":[\"https:\\\/\\\/www.editorialclaret.cat\\\/producte\\\/del-vatica-ii-al-concili-provincial-tarraconense-8482972561\\\/\"]}]},{\"@type\":\"ImageObject\",\"inLanguage\":\"es\",\"@id\":\"https:\\\/\\\/www.editorialclaret.cat\\\/producte\\\/del-vatica-ii-al-concili-provincial-tarraconense-8482972561\\\/#primaryimage\",\"url\":\"https:\\\/\\\/www.editorialclaret.cat\\\/wp-content\\\/uploads\\\/9788482972565-2.jpg\",\"contentUrl\":\"https:\\\/\\\/www.editorialclaret.cat\\\/wp-content\\\/uploads\\\/9788482972565-2.jpg\",\"width\":255,\"height\":350,\"caption\":\"9788482972565.jpg\"},{\"@type\":\"BreadcrumbList\",\"@id\":\"https:\\\/\\\/www.editorialclaret.cat\\\/producte\\\/del-vatica-ii-al-concili-provincial-tarraconense-8482972561\\\/#breadcrumb\",\"itemListElement\":[{\"@type\":\"ListItem\",\"position\":1,\"name\":\"Portada\",\"item\":\"https:\\\/\\\/www.editorialclaret.cat\\\/es\\\/\"},{\"@type\":\"ListItem\",\"position\":2,\"name\":\"Botiga\",\"item\":\"https:\\\/\\\/www.editorialclaret.cat\\\/?page_id=16\"},{\"@type\":\"ListItem\",\"position\":3,\"name\":\"DEL VATIC\u00c0 II AL CONCILI PROVINCIAL TARRACONENSE\"}]},{\"@type\":\"WebSite\",\"@id\":\"https:\\\/\\\/www.editorialclaret.cat\\\/#website\",\"url\":\"https:\\\/\\\/www.editorialclaret.cat\\\/\",\"name\":\"Editorial Claret\",\"description\":\"\",\"publisher\":{\"@id\":\"https:\\\/\\\/www.editorialclaret.cat\\\/#organization\"},\"potentialAction\":[{\"@type\":\"SearchAction\",\"target\":{\"@type\":\"EntryPoint\",\"urlTemplate\":\"https:\\\/\\\/www.editorialclaret.cat\\\/?s={search_term_string}\"},\"query-input\":{\"@type\":\"PropertyValueSpecification\",\"valueRequired\":true,\"valueName\":\"search_term_string\"}}],\"inLanguage\":\"es\"},{\"@type\":\"Organization\",\"@id\":\"https:\\\/\\\/www.editorialclaret.cat\\\/#organization\",\"name\":\"Editorial Claret\",\"url\":\"https:\\\/\\\/www.editorialclaret.cat\\\/\",\"logo\":{\"@type\":\"ImageObject\",\"inLanguage\":\"es\",\"@id\":\"https:\\\/\\\/www.editorialclaret.cat\\\/#\\\/schema\\\/logo\\\/image\\\/\",\"url\":\"https:\\\/\\\/www.editorialclaret.cat\\\/wp-content\\\/uploads\\\/.\\\/logo-claret.png\",\"contentUrl\":\"https:\\\/\\\/www.editorialclaret.cat\\\/wp-content\\\/uploads\\\/.\\\/logo-claret.png\",\"width\":194,\"height\":79,\"caption\":\"Editorial Claret\"},\"image\":{\"@id\":\"https:\\\/\\\/www.editorialclaret.cat\\\/#\\\/schema\\\/logo\\\/image\\\/\"}}]}<\/script>\n<!-- \/ Yoast SEO plugin. -->","yoast_head_json":{"title":"Editorial Claret","robots":{"index":"noindex","follow":"follow","max-snippet":"max-snippet:-1","max-image-preview":"max-image-preview:large","max-video-preview":"max-video-preview:-1"},"og_locale":"es_ES","og_type":"article","og_title":"DEL VATIC\u00c0 II AL CONCILI PROVINCIAL TARRACONENSE - Editorial Claret","og_description":"ROVIRA BELLOSO, JOSEP MAR","og_url":"https:\/\/www.editorialclaret.cat\/producte\/del-vatica-ii-al-concili-provincial-tarraconense-8482972561\/","og_site_name":"Editorial Claret","article_modified_time":"2024-11-28T09:56:34+00:00","og_image":[{"width":255,"height":350,"url":"https:\/\/www.editorialclaret.cat\/wp-content\/uploads\/9788482972565-2.jpg","type":"image\/jpeg"}],"twitter_card":"summary_large_image","schema":{"@context":"https:\/\/schema.org","@graph":[{"@type":"WebPage","@id":"https:\/\/www.editorialclaret.cat\/producte\/del-vatica-ii-al-concili-provincial-tarraconense-8482972561\/","url":"https:\/\/www.editorialclaret.cat\/producte\/del-vatica-ii-al-concili-provincial-tarraconense-8482972561\/","name":"DEL VATIC\u00c0 II AL CONCILI PROVINCIAL TARRACONENSE - Editorial Claret","isPartOf":{"@id":"https:\/\/www.editorialclaret.cat\/#website"},"primaryImageOfPage":{"@id":"https:\/\/www.editorialclaret.cat\/producte\/del-vatica-ii-al-concili-provincial-tarraconense-8482972561\/#primaryimage"},"image":{"@id":"https:\/\/www.editorialclaret.cat\/producte\/del-vatica-ii-al-concili-provincial-tarraconense-8482972561\/#primaryimage"},"thumbnailUrl":"https:\/\/www.editorialclaret.cat\/wp-content\/uploads\/9788482972565-2.jpg","datePublished":"2022-11-07T07:04:46+00:00","dateModified":"2024-11-28T09:56:34+00:00","breadcrumb":{"@id":"https:\/\/www.editorialclaret.cat\/producte\/del-vatica-ii-al-concili-provincial-tarraconense-8482972561\/#breadcrumb"},"inLanguage":"es","potentialAction":[{"@type":"ReadAction","target":["https:\/\/www.editorialclaret.cat\/producte\/del-vatica-ii-al-concili-provincial-tarraconense-8482972561\/"]}]},{"@type":"ImageObject","inLanguage":"es","@id":"https:\/\/www.editorialclaret.cat\/producte\/del-vatica-ii-al-concili-provincial-tarraconense-8482972561\/#primaryimage","url":"https:\/\/www.editorialclaret.cat\/wp-content\/uploads\/9788482972565-2.jpg","contentUrl":"https:\/\/www.editorialclaret.cat\/wp-content\/uploads\/9788482972565-2.jpg","width":255,"height":350,"caption":"9788482972565.jpg"},{"@type":"BreadcrumbList","@id":"https:\/\/www.editorialclaret.cat\/producte\/del-vatica-ii-al-concili-provincial-tarraconense-8482972561\/#breadcrumb","itemListElement":[{"@type":"ListItem","position":1,"name":"Portada","item":"https:\/\/www.editorialclaret.cat\/es\/"},{"@type":"ListItem","position":2,"name":"Botiga","item":"https:\/\/www.editorialclaret.cat\/?page_id=16"},{"@type":"ListItem","position":3,"name":"DEL VATIC\u00c0 II AL CONCILI PROVINCIAL TARRACONENSE"}]},{"@type":"WebSite","@id":"https:\/\/www.editorialclaret.cat\/#website","url":"https:\/\/www.editorialclaret.cat\/","name":"Editorial Claret","description":"","publisher":{"@id":"https:\/\/www.editorialclaret.cat\/#organization"},"potentialAction":[{"@type":"SearchAction","target":{"@type":"EntryPoint","urlTemplate":"https:\/\/www.editorialclaret.cat\/?s={search_term_string}"},"query-input":{"@type":"PropertyValueSpecification","valueRequired":true,"valueName":"search_term_string"}}],"inLanguage":"es"},{"@type":"Organization","@id":"https:\/\/www.editorialclaret.cat\/#organization","name":"Editorial Claret","url":"https:\/\/www.editorialclaret.cat\/","logo":{"@type":"ImageObject","inLanguage":"es","@id":"https:\/\/www.editorialclaret.cat\/#\/schema\/logo\/image\/","url":"https:\/\/www.editorialclaret.cat\/wp-content\/uploads\/.\/logo-claret.png","contentUrl":"https:\/\/www.editorialclaret.cat\/wp-content\/uploads\/.\/logo-claret.png","width":194,"height":79,"caption":"Editorial Claret"},"image":{"@id":"https:\/\/www.editorialclaret.cat\/#\/schema\/logo\/image\/"}}]}},"_links":{"self":[{"href":"https:\/\/www.editorialclaret.cat\/es\/wp-json\/wp\/v2\/product\/49042","targetHints":{"allow":["GET"]}}],"collection":[{"href":"https:\/\/www.editorialclaret.cat\/es\/wp-json\/wp\/v2\/product"}],"about":[{"href":"https:\/\/www.editorialclaret.cat\/es\/wp-json\/wp\/v2\/types\/product"}],"wp:featuredmedia":[{"embeddable":true,"href":"https:\/\/www.editorialclaret.cat\/es\/wp-json\/wp\/v2\/media\/67359"}],"wp:attachment":[{"href":"https:\/\/www.editorialclaret.cat\/es\/wp-json\/wp\/v2\/media?parent=49042"}],"wp:term":[{"taxonomy":"product_brand","embeddable":true,"href":"https:\/\/www.editorialclaret.cat\/es\/wp-json\/wp\/v2\/product_brand?post=49042"},{"taxonomy":"product_cat","embeddable":true,"href":"https:\/\/www.editorialclaret.cat\/es\/wp-json\/wp\/v2\/product_cat?post=49042"},{"taxonomy":"product_tag","embeddable":true,"href":"https:\/\/www.editorialclaret.cat\/es\/wp-json\/wp\/v2\/product_tag?post=49042"}],"curies":[{"name":"wp","href":"https:\/\/api.w.org\/{rel}","templated":true}]}}

DEL VATICÀ II AL CONCILI PROVINCIAL TARRACONENSE

<p>Josep M. Rovira Belloso, en aquest volum, ens vol mostrar el Concili Provincial Tarraconense a la llum del Concili Vaticà II, ja que el concili ecumènic és el marc natural del Tarraconense.<br />En el llibre que ara ens ofereix, l&#8217;autor vol «acomplir l&#8217;assignatura pendent paral·lela a l&#8217;anterior: mostrar el Concili Provincial, el nostre Concili, a la llum del Concili Vaticà II, ja que el Vaticà II és el marc natural del Tarraconense».</p>

Rústica

<!-- This site is optimized with the Yoast SEO plugin v27.3 - https://yoast.com/product/yoast-seo-wordpress/ -->
<title>Editorial Claret</title>
<meta name="robots" content="noindex, follow, max-snippet:-1, max-image-preview:large, max-video-preview:-1" />
<meta property="og:locale" content="es_ES" />
<meta property="og:type" content="article" />
<meta property="og:title" content="DEL VATICÀ II AL CONCILI PROVINCIAL TARRACONENSE - Editorial Claret" />
<meta property="og:description" content="ROVIRA BELLOSO, JOSEP MAR" />
<meta property="og:url" content="https://www.editorialclaret.cat/producte/del-vatica-ii-al-concili-provincial-tarraconense-8482972561/" />
<meta property="og:site_name" content="Editorial Claret" />
<meta property="article:modified_time" content="2024-11-28T09:56:34+00:00" />
<meta property="og:image" content="https://www.editorialclaret.cat/wp-content/uploads/9788482972565-2.jpg" />
	<meta property="og:image:width" content="255" />
	<meta property="og:image:height" content="350" />
	<meta property="og:image:type" content="image/jpeg" />
<meta name="twitter:card" content="summary_large_image" />
<script type="application/ld+json" class="yoast-schema-graph">{"@context":"https:\/\/schema.org","@graph":[{"@type":"WebPage","@id":"https:\/\/www.editorialclaret.cat\/producte\/del-vatica-ii-al-concili-provincial-tarraconense-8482972561\/","url":"https:\/\/www.editorialclaret.cat\/producte\/del-vatica-ii-al-concili-provincial-tarraconense-8482972561\/","name":"DEL VATICÀ II AL CONCILI PROVINCIAL TARRACONENSE - Editorial Claret","isPartOf":{"@id":"https:\/\/www.editorialclaret.cat\/#website"},"primaryImageOfPage":{"@id":"https:\/\/www.editorialclaret.cat\/producte\/del-vatica-ii-al-concili-provincial-tarraconense-8482972561\/#primaryimage"},"image":{"@id":"https:\/\/www.editorialclaret.cat\/producte\/del-vatica-ii-al-concili-provincial-tarraconense-8482972561\/#primaryimage"},"thumbnailUrl":"https:\/\/www.editorialclaret.cat\/wp-content\/uploads\/9788482972565-2.jpg","datePublished":"2022-11-07T07:04:46+00:00","dateModified":"2024-11-28T09:56:34+00:00","breadcrumb":{"@id":"https:\/\/www.editorialclaret.cat\/producte\/del-vatica-ii-al-concili-provincial-tarraconense-8482972561\/#breadcrumb"},"inLanguage":"es","potentialAction":[{"@type":"ReadAction","target":["https:\/\/www.editorialclaret.cat\/producte\/del-vatica-ii-al-concili-provincial-tarraconense-8482972561\/"]}]},{"@type":"ImageObject","inLanguage":"es","@id":"https:\/\/www.editorialclaret.cat\/producte\/del-vatica-ii-al-concili-provincial-tarraconense-8482972561\/#primaryimage","url":"https:\/\/www.editorialclaret.cat\/wp-content\/uploads\/9788482972565-2.jpg","contentUrl":"https:\/\/www.editorialclaret.cat\/wp-content\/uploads\/9788482972565-2.jpg","width":255,"height":350,"caption":"9788482972565.jpg"},{"@type":"BreadcrumbList","@id":"https:\/\/www.editorialclaret.cat\/producte\/del-vatica-ii-al-concili-provincial-tarraconense-8482972561\/#breadcrumb","itemListElement":[{"@type":"ListItem","position":1,"name":"Portada","item":"https:\/\/www.editorialclaret.cat\/es\/"},{"@type":"ListItem","position":2,"name":"Botiga","item":"https:\/\/www.editorialclaret.cat\/?page_id=16"},{"@type":"ListItem","position":3,"name":"DEL VATICÀ II AL CONCILI PROVINCIAL TARRACONENSE"}]},{"@type":"WebSite","@id":"https:\/\/www.editorialclaret.cat\/#website","url":"https:\/\/www.editorialclaret.cat\/","name":"Editorial Claret","description":"","publisher":{"@id":"https:\/\/www.editorialclaret.cat\/#organization"},"potentialAction":[{"@type":"SearchAction","target":{"@type":"EntryPoint","urlTemplate":"https:\/\/www.editorialclaret.cat\/?s={search_term_string}"},"query-input":{"@type":"PropertyValueSpecification","valueRequired":true,"valueName":"search_term_string"}}],"inLanguage":"es"},{"@type":"Organization","@id":"https:\/\/www.editorialclaret.cat\/#organization","name":"Editorial Claret","url":"https:\/\/www.editorialclaret.cat\/","logo":{"@type":"ImageObject","inLanguage":"es","@id":"https:\/\/www.editorialclaret.cat\/#\/schema\/logo\/image\/","url":"https:\/\/www.editorialclaret.cat\/wp-content\/uploads\/.\/logo-claret.png","contentUrl":"https:\/\/www.editorialclaret.cat\/wp-content\/uploads\/.\/logo-claret.png","width":194,"height":79,"caption":"Editorial Claret"},"image":{"@id":"https:\/\/www.editorialclaret.cat\/#\/schema\/logo\/image\/"}}]}</script>
<!-- / Yoast SEO plugin. -->

DEL VATICÀ II AL CONCILI PROVINCIAL TARRACONENSE - Editorial Claret
