{"id":48927,"date":"2022-11-07T08:02:45","date_gmt":"2022-11-07T07:02:45","guid":{"rendered":"http:\/\/dev.editorialclaret.cat\/producte\/el-retorn-del-fill-prodig\/"},"modified":"2026-03-17T13:07:42","modified_gmt":"2026-03-17T12:07:42","slug":"el-retorn-del-fill-prodig-848297376","status":"publish","type":"product","link":"https:\/\/www.editorialclaret.cat\/es\/producto\/el-retorn-del-fill-prodig-848297376\/","title":{"rendered":"EL RETORN DEL FILL PR\u00d2DIG"},"content":{"rendered":"<p>Origen i prop\u00f2sit del llibre explicats per l&#8217;autor: \u00abUna trobada aparentment insignificant amb un p\u00f2ster que representava un detall de l&#8217;obra de Rembrandt \u201cEl retorn del fill pr\u00f2dig\u201d, pos\u00e0 en moviment una llarga aventura espiritual que em dugu\u00e9 a una nova comprensi\u00f3 de la meva vocaci\u00f3 i em prove\u00ed de nova for\u00e7a per a viure-la. Al cor d&#8217;aquesta aventura hi ha una pintura del segle disset\u00e8 i el seu artista, una par\u00e0bola del segle primer i el seu autor, i una persona del segle vint\u00e8 a la recerca del sentit de la vida. (&#8230;)<br \/>N&#8217;he parlat moltes vegades: a gent disminu\u00efda i als seus assistents, a ministres i a sacerdots, a homes i dones de diversos estils de vida. Com m\u00e9s he parlat del Fill Pr\u00f2dig, m\u00e9s he arribat a veure&#8217;l com, per dir-ho d&#8217;alguna manera, el meu quadre personal, el quadre que cont\u00e9 no sols el cor de la hist\u00f2ria que D\u00e9u vol contar-me, sin\u00f3 tamb\u00e9 el cor de la hist\u00f2ria que jo desitjo contar a D\u00e9u i al poble de D\u00e9u. En ell hi ha tot l&#8217;Evangeli. Hi ha tota la meva vida. All\u00ed hi ha les vides dels meus amics. El quadre ha esdevingut una finestra misteriosa a trav\u00e9s de la qual puc entrar al Regne de D\u00e9u. \u00c9s com una porta immensa que em permet de passar a l&#8217;altre costat de l&#8217;exist\u00e8ncia i mirar des d&#8217;all\u00ed enrere cap a l&#8217;estrany assortiment de gent i d&#8217;esdeveniments que configura la meva vida de cada dia.\u00bb<br \/>\u00abUna trobada aparentment insignificant amb un p\u00f2ster que representava un detall de l&#8217;obra de Rembrandt \u201cEl retorn del fill pr\u00f2dig\u201d pos\u00e0 en moviment una llarga aventura espiritual que em dugu\u00e9 a una nova comprensi\u00f3 de la meva vocaci\u00f3\u2026\u00bb.<\/p>\n","protected":false},"excerpt":{"rendered":"<p>NOUWEN, HENRI<\/p>\n","protected":false},"featured_media":48928,"template":"","meta":{"_acf_changed":false,"rs_blank_template":"","rs_page_bg_color":"","slide_template_v7":"","inline_featured_image":false,"_monsterinsights_skip_tracking":false,"_monsterinsights_sitenote_active":false,"_monsterinsights_sitenote_note":"","_monsterinsights_sitenote_category":0},"product_brand":[],"product_cat":[811,1220,983,1237,1000],"product_tag":[],"class_list":{"0":"post-48927","1":"product","2":"type-product","3":"status-publish","4":"has-post-thumbnail","6":"product_cat-els-mes-venuts","7":"product_cat-meditaciones","8":"product_cat-meditacions","9":"product_cat-vocacional-pastoral-espiritualidad","10":"product_cat-vocacional","12":"first","13":"instock","14":"taxable","15":"shipping-taxable","16":"purchasable","17":"product-type-simple"},"acf":{"autor":"NOUWEN, HENRI","codart":"848297376","libros-coleccion":"Festa","ediciones":"1","encuadernacion":"R\u00fastica","fecha_de_publicacion":"01\/10\/1999","novedad":"0","paginas":"160","subtitulo":"UNA HIST\u00d2RIA DE TORNADA A CASA","orden":"999","portada":"0","idioma":"cat","autores-libros":[],"booktrailer":"","resenas":""},"yoast_head":"<!-- This site is optimized with the Yoast SEO plugin v27.3 - https:\/\/yoast.com\/product\/yoast-seo-wordpress\/ -->\n<title>Editorial Claret<\/title>\n<meta name=\"robots\" content=\"noindex, follow, max-snippet:-1, max-image-preview:large, max-video-preview:-1\" \/>\n<meta property=\"og:locale\" content=\"es_ES\" \/>\n<meta property=\"og:type\" content=\"article\" \/>\n<meta property=\"og:title\" content=\"EL RETORN DEL FILL PR\u00d2DIG - Editorial Claret\" \/>\n<meta property=\"og:description\" content=\"NOUWEN, HENRI\" \/>\n<meta property=\"og:url\" content=\"https:\/\/www.editorialclaret.cat\/producte\/el-retorn-del-fill-prodig-848297376\/\" \/>\n<meta property=\"og:site_name\" content=\"Editorial Claret\" \/>\n<meta property=\"article:modified_time\" content=\"2026-03-17T12:07:42+00:00\" \/>\n<meta property=\"og:image\" content=\"https:\/\/www.editorialclaret.cat\/wp-content\/uploads\/.\/9788482973760.jpg\" \/>\n\t<meta property=\"og:image:width\" content=\"225\" \/>\n\t<meta property=\"og:image:height\" content=\"321\" \/>\n\t<meta property=\"og:image:type\" content=\"image\/jpeg\" \/>\n<meta name=\"twitter:card\" content=\"summary_large_image\" \/>\n<meta name=\"twitter:label1\" content=\"Tiempo de lectura\" \/>\n\t<meta name=\"twitter:data1\" content=\"2 minutos\" \/>\n<script type=\"application\/ld+json\" class=\"yoast-schema-graph\">{\"@context\":\"https:\\\/\\\/schema.org\",\"@graph\":[{\"@type\":\"WebPage\",\"@id\":\"https:\\\/\\\/www.editorialclaret.cat\\\/producte\\\/el-retorn-del-fill-prodig-848297376\\\/\",\"url\":\"https:\\\/\\\/www.editorialclaret.cat\\\/producte\\\/el-retorn-del-fill-prodig-848297376\\\/\",\"name\":\"EL RETORN DEL FILL PR\u00d2DIG - Editorial Claret\",\"isPartOf\":{\"@id\":\"https:\\\/\\\/www.editorialclaret.cat\\\/#website\"},\"primaryImageOfPage\":{\"@id\":\"https:\\\/\\\/www.editorialclaret.cat\\\/producte\\\/el-retorn-del-fill-prodig-848297376\\\/#primaryimage\"},\"image\":{\"@id\":\"https:\\\/\\\/www.editorialclaret.cat\\\/producte\\\/el-retorn-del-fill-prodig-848297376\\\/#primaryimage\"},\"thumbnailUrl\":\"https:\\\/\\\/www.editorialclaret.cat\\\/wp-content\\\/uploads\\\/.\\\/9788482973760.jpg\",\"datePublished\":\"2022-11-07T07:02:45+00:00\",\"dateModified\":\"2026-03-17T12:07:42+00:00\",\"breadcrumb\":{\"@id\":\"https:\\\/\\\/www.editorialclaret.cat\\\/producte\\\/el-retorn-del-fill-prodig-848297376\\\/#breadcrumb\"},\"inLanguage\":\"es\",\"potentialAction\":[{\"@type\":\"ReadAction\",\"target\":[\"https:\\\/\\\/www.editorialclaret.cat\\\/producte\\\/el-retorn-del-fill-prodig-848297376\\\/\"]}]},{\"@type\":\"ImageObject\",\"inLanguage\":\"es\",\"@id\":\"https:\\\/\\\/www.editorialclaret.cat\\\/producte\\\/el-retorn-del-fill-prodig-848297376\\\/#primaryimage\",\"url\":\"https:\\\/\\\/www.editorialclaret.cat\\\/wp-content\\\/uploads\\\/.\\\/9788482973760.jpg\",\"contentUrl\":\"https:\\\/\\\/www.editorialclaret.cat\\\/wp-content\\\/uploads\\\/.\\\/9788482973760.jpg\",\"width\":225,\"height\":321,\"caption\":\"9788482973760.jpg\"},{\"@type\":\"BreadcrumbList\",\"@id\":\"https:\\\/\\\/www.editorialclaret.cat\\\/producte\\\/el-retorn-del-fill-prodig-848297376\\\/#breadcrumb\",\"itemListElement\":[{\"@type\":\"ListItem\",\"position\":1,\"name\":\"Portada\",\"item\":\"https:\\\/\\\/www.editorialclaret.cat\\\/es\\\/\"},{\"@type\":\"ListItem\",\"position\":2,\"name\":\"Botiga\",\"item\":\"https:\\\/\\\/www.editorialclaret.cat\\\/?page_id=16\"},{\"@type\":\"ListItem\",\"position\":3,\"name\":\"EL RETORN DEL FILL PR\u00d2DIG\"}]},{\"@type\":\"WebSite\",\"@id\":\"https:\\\/\\\/www.editorialclaret.cat\\\/#website\",\"url\":\"https:\\\/\\\/www.editorialclaret.cat\\\/\",\"name\":\"Editorial Claret\",\"description\":\"\",\"publisher\":{\"@id\":\"https:\\\/\\\/www.editorialclaret.cat\\\/#organization\"},\"potentialAction\":[{\"@type\":\"SearchAction\",\"target\":{\"@type\":\"EntryPoint\",\"urlTemplate\":\"https:\\\/\\\/www.editorialclaret.cat\\\/?s={search_term_string}\"},\"query-input\":{\"@type\":\"PropertyValueSpecification\",\"valueRequired\":true,\"valueName\":\"search_term_string\"}}],\"inLanguage\":\"es\"},{\"@type\":\"Organization\",\"@id\":\"https:\\\/\\\/www.editorialclaret.cat\\\/#organization\",\"name\":\"Editorial Claret\",\"url\":\"https:\\\/\\\/www.editorialclaret.cat\\\/\",\"logo\":{\"@type\":\"ImageObject\",\"inLanguage\":\"es\",\"@id\":\"https:\\\/\\\/www.editorialclaret.cat\\\/#\\\/schema\\\/logo\\\/image\\\/\",\"url\":\"https:\\\/\\\/www.editorialclaret.cat\\\/wp-content\\\/uploads\\\/.\\\/logo-claret.png\",\"contentUrl\":\"https:\\\/\\\/www.editorialclaret.cat\\\/wp-content\\\/uploads\\\/.\\\/logo-claret.png\",\"width\":194,\"height\":79,\"caption\":\"Editorial Claret\"},\"image\":{\"@id\":\"https:\\\/\\\/www.editorialclaret.cat\\\/#\\\/schema\\\/logo\\\/image\\\/\"}}]}<\/script>\n<!-- \/ Yoast SEO plugin. -->","yoast_head_json":{"title":"Editorial Claret","robots":{"index":"noindex","follow":"follow","max-snippet":"max-snippet:-1","max-image-preview":"max-image-preview:large","max-video-preview":"max-video-preview:-1"},"og_locale":"es_ES","og_type":"article","og_title":"EL RETORN DEL FILL PR\u00d2DIG - Editorial Claret","og_description":"NOUWEN, HENRI","og_url":"https:\/\/www.editorialclaret.cat\/producte\/el-retorn-del-fill-prodig-848297376\/","og_site_name":"Editorial Claret","article_modified_time":"2026-03-17T12:07:42+00:00","og_image":[{"width":225,"height":321,"url":"https:\/\/www.editorialclaret.cat\/wp-content\/uploads\/.\/9788482973760.jpg","type":"image\/jpeg"}],"twitter_card":"summary_large_image","twitter_misc":{"Tiempo de lectura":"2 minutos"},"schema":{"@context":"https:\/\/schema.org","@graph":[{"@type":"WebPage","@id":"https:\/\/www.editorialclaret.cat\/producte\/el-retorn-del-fill-prodig-848297376\/","url":"https:\/\/www.editorialclaret.cat\/producte\/el-retorn-del-fill-prodig-848297376\/","name":"EL RETORN DEL FILL PR\u00d2DIG - Editorial Claret","isPartOf":{"@id":"https:\/\/www.editorialclaret.cat\/#website"},"primaryImageOfPage":{"@id":"https:\/\/www.editorialclaret.cat\/producte\/el-retorn-del-fill-prodig-848297376\/#primaryimage"},"image":{"@id":"https:\/\/www.editorialclaret.cat\/producte\/el-retorn-del-fill-prodig-848297376\/#primaryimage"},"thumbnailUrl":"https:\/\/www.editorialclaret.cat\/wp-content\/uploads\/.\/9788482973760.jpg","datePublished":"2022-11-07T07:02:45+00:00","dateModified":"2026-03-17T12:07:42+00:00","breadcrumb":{"@id":"https:\/\/www.editorialclaret.cat\/producte\/el-retorn-del-fill-prodig-848297376\/#breadcrumb"},"inLanguage":"es","potentialAction":[{"@type":"ReadAction","target":["https:\/\/www.editorialclaret.cat\/producte\/el-retorn-del-fill-prodig-848297376\/"]}]},{"@type":"ImageObject","inLanguage":"es","@id":"https:\/\/www.editorialclaret.cat\/producte\/el-retorn-del-fill-prodig-848297376\/#primaryimage","url":"https:\/\/www.editorialclaret.cat\/wp-content\/uploads\/.\/9788482973760.jpg","contentUrl":"https:\/\/www.editorialclaret.cat\/wp-content\/uploads\/.\/9788482973760.jpg","width":225,"height":321,"caption":"9788482973760.jpg"},{"@type":"BreadcrumbList","@id":"https:\/\/www.editorialclaret.cat\/producte\/el-retorn-del-fill-prodig-848297376\/#breadcrumb","itemListElement":[{"@type":"ListItem","position":1,"name":"Portada","item":"https:\/\/www.editorialclaret.cat\/es\/"},{"@type":"ListItem","position":2,"name":"Botiga","item":"https:\/\/www.editorialclaret.cat\/?page_id=16"},{"@type":"ListItem","position":3,"name":"EL RETORN DEL FILL PR\u00d2DIG"}]},{"@type":"WebSite","@id":"https:\/\/www.editorialclaret.cat\/#website","url":"https:\/\/www.editorialclaret.cat\/","name":"Editorial Claret","description":"","publisher":{"@id":"https:\/\/www.editorialclaret.cat\/#organization"},"potentialAction":[{"@type":"SearchAction","target":{"@type":"EntryPoint","urlTemplate":"https:\/\/www.editorialclaret.cat\/?s={search_term_string}"},"query-input":{"@type":"PropertyValueSpecification","valueRequired":true,"valueName":"search_term_string"}}],"inLanguage":"es"},{"@type":"Organization","@id":"https:\/\/www.editorialclaret.cat\/#organization","name":"Editorial Claret","url":"https:\/\/www.editorialclaret.cat\/","logo":{"@type":"ImageObject","inLanguage":"es","@id":"https:\/\/www.editorialclaret.cat\/#\/schema\/logo\/image\/","url":"https:\/\/www.editorialclaret.cat\/wp-content\/uploads\/.\/logo-claret.png","contentUrl":"https:\/\/www.editorialclaret.cat\/wp-content\/uploads\/.\/logo-claret.png","width":194,"height":79,"caption":"Editorial Claret"},"image":{"@id":"https:\/\/www.editorialclaret.cat\/#\/schema\/logo\/image\/"}}]}},"_links":{"self":[{"href":"https:\/\/www.editorialclaret.cat\/es\/wp-json\/wp\/v2\/product\/48927","targetHints":{"allow":["GET"]}}],"collection":[{"href":"https:\/\/www.editorialclaret.cat\/es\/wp-json\/wp\/v2\/product"}],"about":[{"href":"https:\/\/www.editorialclaret.cat\/es\/wp-json\/wp\/v2\/types\/product"}],"wp:featuredmedia":[{"embeddable":true,"href":"https:\/\/www.editorialclaret.cat\/es\/wp-json\/wp\/v2\/media\/48928"}],"wp:attachment":[{"href":"https:\/\/www.editorialclaret.cat\/es\/wp-json\/wp\/v2\/media?parent=48927"}],"wp:term":[{"taxonomy":"product_brand","embeddable":true,"href":"https:\/\/www.editorialclaret.cat\/es\/wp-json\/wp\/v2\/product_brand?post=48927"},{"taxonomy":"product_cat","embeddable":true,"href":"https:\/\/www.editorialclaret.cat\/es\/wp-json\/wp\/v2\/product_cat?post=48927"},{"taxonomy":"product_tag","embeddable":true,"href":"https:\/\/www.editorialclaret.cat\/es\/wp-json\/wp\/v2\/product_tag?post=48927"}],"curies":[{"name":"wp","href":"https:\/\/api.w.org\/{rel}","templated":true}]}}

EL RETORN DEL FILL PRÒDIG

<p>Origen i propòsit del llibre explicats per l&#8217;autor: «Una trobada aparentment insignificant amb un pòster que representava un detall de l&#8217;obra de Rembrandt “El retorn del fill pròdig”, posà en moviment una llarga aventura espiritual que em dugué a una nova comprensió de la meva vocació i em proveí de nova força per a viure-la. Al cor d&#8217;aquesta aventura hi ha una pintura del segle dissetè i el seu artista, una paràbola del segle primer i el seu autor, i una persona del segle vintè a la recerca del sentit de la vida. (&#8230;)<br />N&#8217;he parlat moltes vegades: a gent disminuïda i als seus assistents, a ministres i a sacerdots, a homes i dones de diversos estils de vida. Com més he parlat del Fill Pròdig, més he arribat a veure&#8217;l com, per dir-ho d&#8217;alguna manera, el meu quadre personal, el quadre que conté no sols el cor de la història que Déu vol contar-me, sinó també el cor de la història que jo desitjo contar a Déu i al poble de Déu. En ell hi ha tot l&#8217;Evangeli. Hi ha tota la meva vida. Allí hi ha les vides dels meus amics. El quadre ha esdevingut una finestra misteriosa a través de la qual puc entrar al Regne de Déu. És com una porta immensa que em permet de passar a l&#8217;altre costat de l&#8217;existència i mirar des d&#8217;allí enrere cap a l&#8217;estrany assortiment de gent i d&#8217;esdeveniments que configura la meva vida de cada dia.»<br />«Una trobada aparentment insignificant amb un pòster que representava un detall de l&#8217;obra de Rembrandt “El retorn del fill pròdig” posà en moviment una llarga aventura espiritual que em dugué a una nova comprensió de la meva vocació…».</p>

Rústica

UNA HISTÒRIA DE TORNADA A CASA

<!-- This site is optimized with the Yoast SEO plugin v27.3 - https://yoast.com/product/yoast-seo-wordpress/ -->
<title>Editorial Claret</title>
<meta name="robots" content="noindex, follow, max-snippet:-1, max-image-preview:large, max-video-preview:-1" />
<meta property="og:locale" content="es_ES" />
<meta property="og:type" content="article" />
<meta property="og:title" content="EL RETORN DEL FILL PRÒDIG - Editorial Claret" />
<meta property="og:description" content="NOUWEN, HENRI" />
<meta property="og:url" content="https://www.editorialclaret.cat/producte/el-retorn-del-fill-prodig-848297376/" />
<meta property="og:site_name" content="Editorial Claret" />
<meta property="article:modified_time" content="2026-03-17T12:07:42+00:00" />
<meta property="og:image" content="https://www.editorialclaret.cat/wp-content/uploads/./9788482973760.jpg" />
	<meta property="og:image:width" content="225" />
	<meta property="og:image:height" content="321" />
	<meta property="og:image:type" content="image/jpeg" />
<meta name="twitter:card" content="summary_large_image" />
<meta name="twitter:label1" content="Tiempo de lectura" />
	<meta name="twitter:data1" content="2 minutos" />
<script type="application/ld+json" class="yoast-schema-graph">{"@context":"https:\/\/schema.org","@graph":[{"@type":"WebPage","@id":"https:\/\/www.editorialclaret.cat\/producte\/el-retorn-del-fill-prodig-848297376\/","url":"https:\/\/www.editorialclaret.cat\/producte\/el-retorn-del-fill-prodig-848297376\/","name":"EL RETORN DEL FILL PRÒDIG - Editorial Claret","isPartOf":{"@id":"https:\/\/www.editorialclaret.cat\/#website"},"primaryImageOfPage":{"@id":"https:\/\/www.editorialclaret.cat\/producte\/el-retorn-del-fill-prodig-848297376\/#primaryimage"},"image":{"@id":"https:\/\/www.editorialclaret.cat\/producte\/el-retorn-del-fill-prodig-848297376\/#primaryimage"},"thumbnailUrl":"https:\/\/www.editorialclaret.cat\/wp-content\/uploads\/.\/9788482973760.jpg","datePublished":"2022-11-07T07:02:45+00:00","dateModified":"2026-03-17T12:07:42+00:00","breadcrumb":{"@id":"https:\/\/www.editorialclaret.cat\/producte\/el-retorn-del-fill-prodig-848297376\/#breadcrumb"},"inLanguage":"es","potentialAction":[{"@type":"ReadAction","target":["https:\/\/www.editorialclaret.cat\/producte\/el-retorn-del-fill-prodig-848297376\/"]}]},{"@type":"ImageObject","inLanguage":"es","@id":"https:\/\/www.editorialclaret.cat\/producte\/el-retorn-del-fill-prodig-848297376\/#primaryimage","url":"https:\/\/www.editorialclaret.cat\/wp-content\/uploads\/.\/9788482973760.jpg","contentUrl":"https:\/\/www.editorialclaret.cat\/wp-content\/uploads\/.\/9788482973760.jpg","width":225,"height":321,"caption":"9788482973760.jpg"},{"@type":"BreadcrumbList","@id":"https:\/\/www.editorialclaret.cat\/producte\/el-retorn-del-fill-prodig-848297376\/#breadcrumb","itemListElement":[{"@type":"ListItem","position":1,"name":"Portada","item":"https:\/\/www.editorialclaret.cat\/es\/"},{"@type":"ListItem","position":2,"name":"Botiga","item":"https:\/\/www.editorialclaret.cat\/?page_id=16"},{"@type":"ListItem","position":3,"name":"EL RETORN DEL FILL PRÒDIG"}]},{"@type":"WebSite","@id":"https:\/\/www.editorialclaret.cat\/#website","url":"https:\/\/www.editorialclaret.cat\/","name":"Editorial Claret","description":"","publisher":{"@id":"https:\/\/www.editorialclaret.cat\/#organization"},"potentialAction":[{"@type":"SearchAction","target":{"@type":"EntryPoint","urlTemplate":"https:\/\/www.editorialclaret.cat\/?s={search_term_string}"},"query-input":{"@type":"PropertyValueSpecification","valueRequired":true,"valueName":"search_term_string"}}],"inLanguage":"es"},{"@type":"Organization","@id":"https:\/\/www.editorialclaret.cat\/#organization","name":"Editorial Claret","url":"https:\/\/www.editorialclaret.cat\/","logo":{"@type":"ImageObject","inLanguage":"es","@id":"https:\/\/www.editorialclaret.cat\/#\/schema\/logo\/image\/","url":"https:\/\/www.editorialclaret.cat\/wp-content\/uploads\/.\/logo-claret.png","contentUrl":"https:\/\/www.editorialclaret.cat\/wp-content\/uploads\/.\/logo-claret.png","width":194,"height":79,"caption":"Editorial Claret"},"image":{"@id":"https:\/\/www.editorialclaret.cat\/#\/schema\/logo\/image\/"}}]}</script>
<!-- / Yoast SEO plugin. -->

EL RETORN DEL FILL PRÒDIG - Editorial Claret
