{"id":48709,"date":"2022-11-07T07:58:42","date_gmt":"2022-11-07T06:58:42","guid":{"rendered":"http:\/\/dev.editorialclaret.cat\/producte\/que-dijo-y-que-hizo-jesus\/"},"modified":"2025-09-02T10:46:04","modified_gmt":"2025-09-02T08:46:04","slug":"que-dijo-y-que-hizo-jesus-848297825x","status":"publish","type":"product","link":"https:\/\/www.editorialclaret.cat\/es\/producto\/que-dijo-y-que-hizo-jesus-848297825x\/","title":{"rendered":"QU\u00c9 DIJO Y QUE HIZO JES\u00daS"},"content":{"rendered":"<p>He aqu\u00ed una vida de Jes\u00fas adolescente, joven y adulto destinada a ni\u00f1os.<br \/>Los peque\u00f1os son preguntones por naturaleza. Este libro, bellamente ilustrado, quiere suscitar en los m\u00e1s peque\u00f1os preguntas sobre Jes\u00fas<br \/>y que las hagan a su familia para que as\u00ed puedan conocerlo mejor: \u00bfqu\u00e9 m\u00e1s hizo Jes\u00fas?, \u00bfqu\u00e9 m\u00e1s dijo?,<br \/>\u00bfqu\u00e9 ense\u00f1\u00f3?, \u00bfc\u00f3mo vivi\u00f3?, \u00bfc\u00f3mo muri\u00f3?, \u00bfpor qu\u00e9 los amigos de Jes\u00fas dicen que su vida y su muerte son una Buena Noticia,<br \/>es decir, un \u00abEvangelio\u00bb?<\/p>\n","protected":false},"excerpt":{"rendered":"<p>RICART, IGNASI; RIUS CAMP<\/p>\n","protected":false},"featured_media":48710,"template":"","meta":{"_acf_changed":false,"rs_blank_template":"","rs_page_bg_color":"","slide_template_v7":"","inline_featured_image":false,"_monsterinsights_skip_tracking":false,"_monsterinsights_sitenote_active":false,"_monsterinsights_sitenote_note":"","_monsterinsights_sitenote_category":0},"product_brand":[],"product_cat":[16],"product_tag":[],"class_list":{"0":"post-48709","1":"product","2":"type-product","3":"status-publish","4":"has-post-thumbnail","6":"product_cat-sense-categoria","8":"first","9":"instock","10":"taxable","11":"shipping-taxable","12":"purchasable","13":"product-type-simple"},"acf":{"autor":"RICART, IGNASI; RIUS CAMP","codart":"848297825","libros-coleccion":"","ediciones":"1","encuadernacion":"R\u00fastica","fecha_de_publicacion":"20\/06\/2006","novedad":"0","paginas":"64","subtitulo":"UN LIBRO ILUSTRADO DE HISTORIAS B\u00cdBLICAS PARA MIRAR, LEER I NARRAR","orden":"999","portada":"0","idioma":"spa","autores-libros":[{"ID":18698,"post_author":"3","post_date":"2022-10-19 01:21:01","post_date_gmt":"2022-10-18 23:21:01","post_content":"","post_title":"MARIA RIUS CAMPS","post_excerpt":"","post_status":"publish","comment_status":"closed","ping_status":"closed","post_password":"","post_name":"maria-rius-camps","to_ping":"","pinged":"","post_modified":"2022-10-19 01:21:01","post_modified_gmt":"2022-10-18 23:21:01","post_content_filtered":"","post_parent":0,"guid":"http:\/\/dev.editorialclaret.cat\/autor\/maria-rius-camps\/","menu_order":0,"post_type":"autor","post_mime_type":"","comment_count":"0","filter":"raw"}],"booktrailer":"","resenas":""},"yoast_head":"<!-- This site is optimized with the Yoast SEO plugin v27.3 - https:\/\/yoast.com\/product\/yoast-seo-wordpress\/ -->\n<title>Editorial Claret<\/title>\n<meta name=\"robots\" content=\"noindex, follow, max-snippet:-1, max-image-preview:large, max-video-preview:-1\" \/>\n<meta property=\"og:locale\" content=\"es_ES\" \/>\n<meta property=\"og:type\" content=\"article\" \/>\n<meta property=\"og:title\" content=\"QU\u00c9 DIJO Y QUE HIZO JES\u00daS - Editorial Claret\" \/>\n<meta property=\"og:description\" content=\"RICART, IGNASI; RIUS CAMP\" \/>\n<meta property=\"og:url\" content=\"https:\/\/www.editorialclaret.cat\/producte\/que-dijo-y-que-hizo-jesus-848297825x\/\" \/>\n<meta property=\"og:site_name\" content=\"Editorial Claret\" \/>\n<meta property=\"article:modified_time\" content=\"2025-09-02T08:46:04+00:00\" \/>\n<meta property=\"og:image\" content=\"https:\/\/www.editorialclaret.cat\/wp-content\/uploads\/.\/9788482978253.jpg\" \/>\n\t<meta property=\"og:image:width\" content=\"225\" \/>\n\t<meta property=\"og:image:height\" content=\"252\" \/>\n\t<meta property=\"og:image:type\" content=\"image\/jpeg\" \/>\n<meta name=\"twitter:card\" content=\"summary_large_image\" \/>\n<script type=\"application\/ld+json\" class=\"yoast-schema-graph\">{\"@context\":\"https:\\\/\\\/schema.org\",\"@graph\":[{\"@type\":\"WebPage\",\"@id\":\"https:\\\/\\\/www.editorialclaret.cat\\\/producte\\\/que-dijo-y-que-hizo-jesus-848297825x\\\/\",\"url\":\"https:\\\/\\\/www.editorialclaret.cat\\\/producte\\\/que-dijo-y-que-hizo-jesus-848297825x\\\/\",\"name\":\"QU\u00c9 DIJO Y QUE HIZO JES\u00daS - Editorial Claret\",\"isPartOf\":{\"@id\":\"https:\\\/\\\/www.editorialclaret.cat\\\/#website\"},\"primaryImageOfPage\":{\"@id\":\"https:\\\/\\\/www.editorialclaret.cat\\\/producte\\\/que-dijo-y-que-hizo-jesus-848297825x\\\/#primaryimage\"},\"image\":{\"@id\":\"https:\\\/\\\/www.editorialclaret.cat\\\/producte\\\/que-dijo-y-que-hizo-jesus-848297825x\\\/#primaryimage\"},\"thumbnailUrl\":\"https:\\\/\\\/www.editorialclaret.cat\\\/wp-content\\\/uploads\\\/.\\\/9788482978253.jpg\",\"datePublished\":\"2022-11-07T06:58:42+00:00\",\"dateModified\":\"2025-09-02T08:46:04+00:00\",\"breadcrumb\":{\"@id\":\"https:\\\/\\\/www.editorialclaret.cat\\\/producte\\\/que-dijo-y-que-hizo-jesus-848297825x\\\/#breadcrumb\"},\"inLanguage\":\"es\",\"potentialAction\":[{\"@type\":\"ReadAction\",\"target\":[\"https:\\\/\\\/www.editorialclaret.cat\\\/producte\\\/que-dijo-y-que-hizo-jesus-848297825x\\\/\"]}]},{\"@type\":\"ImageObject\",\"inLanguage\":\"es\",\"@id\":\"https:\\\/\\\/www.editorialclaret.cat\\\/producte\\\/que-dijo-y-que-hizo-jesus-848297825x\\\/#primaryimage\",\"url\":\"https:\\\/\\\/www.editorialclaret.cat\\\/wp-content\\\/uploads\\\/.\\\/9788482978253.jpg\",\"contentUrl\":\"https:\\\/\\\/www.editorialclaret.cat\\\/wp-content\\\/uploads\\\/.\\\/9788482978253.jpg\",\"width\":225,\"height\":252,\"caption\":\"9788482978253.jpg\"},{\"@type\":\"BreadcrumbList\",\"@id\":\"https:\\\/\\\/www.editorialclaret.cat\\\/producte\\\/que-dijo-y-que-hizo-jesus-848297825x\\\/#breadcrumb\",\"itemListElement\":[{\"@type\":\"ListItem\",\"position\":1,\"name\":\"Portada\",\"item\":\"https:\\\/\\\/www.editorialclaret.cat\\\/es\\\/\"},{\"@type\":\"ListItem\",\"position\":2,\"name\":\"Botiga\",\"item\":\"https:\\\/\\\/www.editorialclaret.cat\\\/?page_id=16\"},{\"@type\":\"ListItem\",\"position\":3,\"name\":\"QU\u00c9 DIJO Y QUE HIZO JES\u00daS\"}]},{\"@type\":\"WebSite\",\"@id\":\"https:\\\/\\\/www.editorialclaret.cat\\\/#website\",\"url\":\"https:\\\/\\\/www.editorialclaret.cat\\\/\",\"name\":\"Editorial Claret\",\"description\":\"\",\"publisher\":{\"@id\":\"https:\\\/\\\/www.editorialclaret.cat\\\/#organization\"},\"potentialAction\":[{\"@type\":\"SearchAction\",\"target\":{\"@type\":\"EntryPoint\",\"urlTemplate\":\"https:\\\/\\\/www.editorialclaret.cat\\\/?s={search_term_string}\"},\"query-input\":{\"@type\":\"PropertyValueSpecification\",\"valueRequired\":true,\"valueName\":\"search_term_string\"}}],\"inLanguage\":\"es\"},{\"@type\":\"Organization\",\"@id\":\"https:\\\/\\\/www.editorialclaret.cat\\\/#organization\",\"name\":\"Editorial Claret\",\"url\":\"https:\\\/\\\/www.editorialclaret.cat\\\/\",\"logo\":{\"@type\":\"ImageObject\",\"inLanguage\":\"es\",\"@id\":\"https:\\\/\\\/www.editorialclaret.cat\\\/#\\\/schema\\\/logo\\\/image\\\/\",\"url\":\"https:\\\/\\\/www.editorialclaret.cat\\\/wp-content\\\/uploads\\\/.\\\/logo-claret.png\",\"contentUrl\":\"https:\\\/\\\/www.editorialclaret.cat\\\/wp-content\\\/uploads\\\/.\\\/logo-claret.png\",\"width\":194,\"height\":79,\"caption\":\"Editorial Claret\"},\"image\":{\"@id\":\"https:\\\/\\\/www.editorialclaret.cat\\\/#\\\/schema\\\/logo\\\/image\\\/\"}}]}<\/script>\n<!-- \/ Yoast SEO plugin. -->","yoast_head_json":{"title":"Editorial Claret","robots":{"index":"noindex","follow":"follow","max-snippet":"max-snippet:-1","max-image-preview":"max-image-preview:large","max-video-preview":"max-video-preview:-1"},"og_locale":"es_ES","og_type":"article","og_title":"QU\u00c9 DIJO Y QUE HIZO JES\u00daS - Editorial Claret","og_description":"RICART, IGNASI; RIUS CAMP","og_url":"https:\/\/www.editorialclaret.cat\/producte\/que-dijo-y-que-hizo-jesus-848297825x\/","og_site_name":"Editorial Claret","article_modified_time":"2025-09-02T08:46:04+00:00","og_image":[{"width":225,"height":252,"url":"https:\/\/www.editorialclaret.cat\/wp-content\/uploads\/.\/9788482978253.jpg","type":"image\/jpeg"}],"twitter_card":"summary_large_image","schema":{"@context":"https:\/\/schema.org","@graph":[{"@type":"WebPage","@id":"https:\/\/www.editorialclaret.cat\/producte\/que-dijo-y-que-hizo-jesus-848297825x\/","url":"https:\/\/www.editorialclaret.cat\/producte\/que-dijo-y-que-hizo-jesus-848297825x\/","name":"QU\u00c9 DIJO Y QUE HIZO JES\u00daS - Editorial Claret","isPartOf":{"@id":"https:\/\/www.editorialclaret.cat\/#website"},"primaryImageOfPage":{"@id":"https:\/\/www.editorialclaret.cat\/producte\/que-dijo-y-que-hizo-jesus-848297825x\/#primaryimage"},"image":{"@id":"https:\/\/www.editorialclaret.cat\/producte\/que-dijo-y-que-hizo-jesus-848297825x\/#primaryimage"},"thumbnailUrl":"https:\/\/www.editorialclaret.cat\/wp-content\/uploads\/.\/9788482978253.jpg","datePublished":"2022-11-07T06:58:42+00:00","dateModified":"2025-09-02T08:46:04+00:00","breadcrumb":{"@id":"https:\/\/www.editorialclaret.cat\/producte\/que-dijo-y-que-hizo-jesus-848297825x\/#breadcrumb"},"inLanguage":"es","potentialAction":[{"@type":"ReadAction","target":["https:\/\/www.editorialclaret.cat\/producte\/que-dijo-y-que-hizo-jesus-848297825x\/"]}]},{"@type":"ImageObject","inLanguage":"es","@id":"https:\/\/www.editorialclaret.cat\/producte\/que-dijo-y-que-hizo-jesus-848297825x\/#primaryimage","url":"https:\/\/www.editorialclaret.cat\/wp-content\/uploads\/.\/9788482978253.jpg","contentUrl":"https:\/\/www.editorialclaret.cat\/wp-content\/uploads\/.\/9788482978253.jpg","width":225,"height":252,"caption":"9788482978253.jpg"},{"@type":"BreadcrumbList","@id":"https:\/\/www.editorialclaret.cat\/producte\/que-dijo-y-que-hizo-jesus-848297825x\/#breadcrumb","itemListElement":[{"@type":"ListItem","position":1,"name":"Portada","item":"https:\/\/www.editorialclaret.cat\/es\/"},{"@type":"ListItem","position":2,"name":"Botiga","item":"https:\/\/www.editorialclaret.cat\/?page_id=16"},{"@type":"ListItem","position":3,"name":"QU\u00c9 DIJO Y QUE HIZO JES\u00daS"}]},{"@type":"WebSite","@id":"https:\/\/www.editorialclaret.cat\/#website","url":"https:\/\/www.editorialclaret.cat\/","name":"Editorial Claret","description":"","publisher":{"@id":"https:\/\/www.editorialclaret.cat\/#organization"},"potentialAction":[{"@type":"SearchAction","target":{"@type":"EntryPoint","urlTemplate":"https:\/\/www.editorialclaret.cat\/?s={search_term_string}"},"query-input":{"@type":"PropertyValueSpecification","valueRequired":true,"valueName":"search_term_string"}}],"inLanguage":"es"},{"@type":"Organization","@id":"https:\/\/www.editorialclaret.cat\/#organization","name":"Editorial Claret","url":"https:\/\/www.editorialclaret.cat\/","logo":{"@type":"ImageObject","inLanguage":"es","@id":"https:\/\/www.editorialclaret.cat\/#\/schema\/logo\/image\/","url":"https:\/\/www.editorialclaret.cat\/wp-content\/uploads\/.\/logo-claret.png","contentUrl":"https:\/\/www.editorialclaret.cat\/wp-content\/uploads\/.\/logo-claret.png","width":194,"height":79,"caption":"Editorial Claret"},"image":{"@id":"https:\/\/www.editorialclaret.cat\/#\/schema\/logo\/image\/"}}]}},"_links":{"self":[{"href":"https:\/\/www.editorialclaret.cat\/es\/wp-json\/wp\/v2\/product\/48709","targetHints":{"allow":["GET"]}}],"collection":[{"href":"https:\/\/www.editorialclaret.cat\/es\/wp-json\/wp\/v2\/product"}],"about":[{"href":"https:\/\/www.editorialclaret.cat\/es\/wp-json\/wp\/v2\/types\/product"}],"wp:featuredmedia":[{"embeddable":true,"href":"https:\/\/www.editorialclaret.cat\/es\/wp-json\/wp\/v2\/media\/48710"}],"wp:attachment":[{"href":"https:\/\/www.editorialclaret.cat\/es\/wp-json\/wp\/v2\/media?parent=48709"}],"wp:term":[{"taxonomy":"product_brand","embeddable":true,"href":"https:\/\/www.editorialclaret.cat\/es\/wp-json\/wp\/v2\/product_brand?post=48709"},{"taxonomy":"product_cat","embeddable":true,"href":"https:\/\/www.editorialclaret.cat\/es\/wp-json\/wp\/v2\/product_cat?post=48709"},{"taxonomy":"product_tag","embeddable":true,"href":"https:\/\/www.editorialclaret.cat\/es\/wp-json\/wp\/v2\/product_tag?post=48709"}],"curies":[{"name":"wp","href":"https:\/\/api.w.org\/{rel}","templated":true}]}}

QUÉ DIJO Y QUE HIZO JESÚS

<p>He aquí una vida de Jesús adolescente, joven y adulto destinada a niños.<br />Los pequeños son preguntones por naturaleza. Este libro, bellamente ilustrado, quiere suscitar en los más pequeños preguntas sobre Jesús<br />y que las hagan a su familia para que así puedan conocerlo mejor: ¿qué más hizo Jesús?, ¿qué más dijo?,<br />¿qué enseñó?, ¿cómo vivió?, ¿cómo murió?, ¿por qué los amigos de Jesús dicen que su vida y su muerte son una Buena Noticia,<br />es decir, un «Evangelio»?</p>

Rústica

UN LIBRO ILUSTRADO DE HISTORIAS BÍBLICAS PARA MIRAR, LEER I NARRAR

<!-- This site is optimized with the Yoast SEO plugin v27.3 - https://yoast.com/product/yoast-seo-wordpress/ -->
<title>Editorial Claret</title>
<meta name="robots" content="noindex, follow, max-snippet:-1, max-image-preview:large, max-video-preview:-1" />
<meta property="og:locale" content="es_ES" />
<meta property="og:type" content="article" />
<meta property="og:title" content="QUÉ DIJO Y QUE HIZO JESÚS - Editorial Claret" />
<meta property="og:description" content="RICART, IGNASI; RIUS CAMP" />
<meta property="og:url" content="https://www.editorialclaret.cat/producte/que-dijo-y-que-hizo-jesus-848297825x/" />
<meta property="og:site_name" content="Editorial Claret" />
<meta property="article:modified_time" content="2025-09-02T08:46:04+00:00" />
<meta property="og:image" content="https://www.editorialclaret.cat/wp-content/uploads/./9788482978253.jpg" />
	<meta property="og:image:width" content="225" />
	<meta property="og:image:height" content="252" />
	<meta property="og:image:type" content="image/jpeg" />
<meta name="twitter:card" content="summary_large_image" />
<script type="application/ld+json" class="yoast-schema-graph">{"@context":"https:\/\/schema.org","@graph":[{"@type":"WebPage","@id":"https:\/\/www.editorialclaret.cat\/producte\/que-dijo-y-que-hizo-jesus-848297825x\/","url":"https:\/\/www.editorialclaret.cat\/producte\/que-dijo-y-que-hizo-jesus-848297825x\/","name":"QUÉ DIJO Y QUE HIZO JESÚS - Editorial Claret","isPartOf":{"@id":"https:\/\/www.editorialclaret.cat\/#website"},"primaryImageOfPage":{"@id":"https:\/\/www.editorialclaret.cat\/producte\/que-dijo-y-que-hizo-jesus-848297825x\/#primaryimage"},"image":{"@id":"https:\/\/www.editorialclaret.cat\/producte\/que-dijo-y-que-hizo-jesus-848297825x\/#primaryimage"},"thumbnailUrl":"https:\/\/www.editorialclaret.cat\/wp-content\/uploads\/.\/9788482978253.jpg","datePublished":"2022-11-07T06:58:42+00:00","dateModified":"2025-09-02T08:46:04+00:00","breadcrumb":{"@id":"https:\/\/www.editorialclaret.cat\/producte\/que-dijo-y-que-hizo-jesus-848297825x\/#breadcrumb"},"inLanguage":"es","potentialAction":[{"@type":"ReadAction","target":["https:\/\/www.editorialclaret.cat\/producte\/que-dijo-y-que-hizo-jesus-848297825x\/"]}]},{"@type":"ImageObject","inLanguage":"es","@id":"https:\/\/www.editorialclaret.cat\/producte\/que-dijo-y-que-hizo-jesus-848297825x\/#primaryimage","url":"https:\/\/www.editorialclaret.cat\/wp-content\/uploads\/.\/9788482978253.jpg","contentUrl":"https:\/\/www.editorialclaret.cat\/wp-content\/uploads\/.\/9788482978253.jpg","width":225,"height":252,"caption":"9788482978253.jpg"},{"@type":"BreadcrumbList","@id":"https:\/\/www.editorialclaret.cat\/producte\/que-dijo-y-que-hizo-jesus-848297825x\/#breadcrumb","itemListElement":[{"@type":"ListItem","position":1,"name":"Portada","item":"https:\/\/www.editorialclaret.cat\/es\/"},{"@type":"ListItem","position":2,"name":"Botiga","item":"https:\/\/www.editorialclaret.cat\/?page_id=16"},{"@type":"ListItem","position":3,"name":"QUÉ DIJO Y QUE HIZO JESÚS"}]},{"@type":"WebSite","@id":"https:\/\/www.editorialclaret.cat\/#website","url":"https:\/\/www.editorialclaret.cat\/","name":"Editorial Claret","description":"","publisher":{"@id":"https:\/\/www.editorialclaret.cat\/#organization"},"potentialAction":[{"@type":"SearchAction","target":{"@type":"EntryPoint","urlTemplate":"https:\/\/www.editorialclaret.cat\/?s={search_term_string}"},"query-input":{"@type":"PropertyValueSpecification","valueRequired":true,"valueName":"search_term_string"}}],"inLanguage":"es"},{"@type":"Organization","@id":"https:\/\/www.editorialclaret.cat\/#organization","name":"Editorial Claret","url":"https:\/\/www.editorialclaret.cat\/","logo":{"@type":"ImageObject","inLanguage":"es","@id":"https:\/\/www.editorialclaret.cat\/#\/schema\/logo\/image\/","url":"https:\/\/www.editorialclaret.cat\/wp-content\/uploads\/.\/logo-claret.png","contentUrl":"https:\/\/www.editorialclaret.cat\/wp-content\/uploads\/.\/logo-claret.png","width":194,"height":79,"caption":"Editorial Claret"},"image":{"@id":"https:\/\/www.editorialclaret.cat\/#\/schema\/logo\/image\/"}}]}</script>
<!-- / Yoast SEO plugin. -->

QUÉ DIJO Y QUE HIZO JESÚS - Editorial Claret
