{"id":48501,"date":"2022-11-07T07:54:54","date_gmt":"2022-11-07T06:54:54","guid":{"rendered":"http:\/\/dev.editorialclaret.cat\/producte\/la-pregaria-de-la-porta\/"},"modified":"2025-10-25T13:55:31","modified_gmt":"2025-10-25T11:55:31","slug":"la-pregaria-de-la-porta-8498460956","status":"publish","type":"product","link":"https:\/\/www.editorialclaret.cat\/es\/producto\/la-pregaria-de-la-porta-8498460956\/","title":{"rendered":"LA PREGARIA DE LA PORTA"},"content":{"rendered":"<p>Per a les fam\u00edlies joves, pregar en fam\u00edlia, amb els nens, pot semblar un disbarat, o una utopia irrealitzable. Per\u00f2 \u00abLa preg\u00e0ria de la porta\u00bb explica l\u2019experi\u00e8ncia d\u2019una fam\u00edlia que ho ha fet&#8230; i ha sobreviscut! M\u00e9s encara, no nom\u00e9s ho explica, sin\u00f3 que a m\u00e9s, ofereix idees i materials que es poden utilitzar com estan o b\u00e9 adaptant-les a cada circumst\u00e0ncia. Es tracta de preg\u00e0ries breus i suggeriments per a estones de preg\u00e0ria en fam\u00edlia, amb infants fins a 12 anys, abans de sortir de casa al mat\u00ed.<br \/>Un llibre agradable, am\u00e8, \u00fatil, i amb sentit, perqu\u00e8 inclou: un fons de preg\u00e0ries llestes per a la seva utilitzaci\u00f3 directa, classificades per temes i il\u00b7lustrades amb dibuixos; la possibilitat d\u2019adaptar-ne i crear-ne de noves (a partir del CD-ROM que s\u2019inclou); suggeriments interessants i senzills per a pregar en fam\u00edlia; una explicaci\u00f3 narrada d\u2019una proposta viscuda en fam\u00edlia.<\/p>\n","protected":false},"excerpt":{"rendered":"<p>FERN\u00c1NDEZ SOLA, JUANJO<\/p>\n","protected":false},"featured_media":67064,"template":"","meta":{"_acf_changed":false,"rs_blank_template":"","rs_page_bg_color":"","slide_template_v7":"","inline_featured_image":false,"_monsterinsights_skip_tracking":false,"_monsterinsights_sitenote_active":false,"_monsterinsights_sitenote_note":"","_monsterinsights_sitenote_category":0},"product_brand":[],"product_cat":[1290,1293],"product_tag":[],"class_list":{"0":"post-48501","1":"product","2":"type-product","3":"status-publish","4":"has-post-thumbnail","6":"product_cat-a-cel-obert","7":"product_cat-a-cielo-abierto","9":"first","10":"outofstock","11":"taxable","12":"shipping-taxable","13":"purchasable","14":"product-type-simple"},"acf":{"autor":"FERN\u00c1NDEZ SOLA, JUANJO","codart":"849846095","libros-coleccion":"","ediciones":"1","encuadernacion":"R\u00fastica","fecha_de_publicacion":"08\/01\/2008","novedad":"0","paginas":"0","subtitulo":"","orden":"999","portada":"0","idioma":"cat","autores-libros":[],"booktrailer":"","linkebook":"","ficha":"849846095_1688654268.pdf","muestra":"","precioebook":"0","presentacion":"","resenas":"<p>R\u00e0dio Estel, Taula Compartida (1&#8217;55&#8221;) 30\/06\/2023<\/p>\n<p><a href=\"https:\/\/www.estelfitxers.com\/podcasts\/2022-2023\/CAPITOL_39_20230629_TAULACOMPARTIDA___PREGAR_EN_FAMILIA.mp3\" rel=\"noopener noreferrer\" target=\"_blank\">https:\/\/www.estelfitxers.com\/podcasts\/2022-2023\/CAPITOL_39_20230629_TAULACOMPARTIDA___PREGAR_EN_FAMILIA.mp3<\/a><\/p>\n"},"yoast_head":"<!-- This site is optimized with the Yoast SEO plugin v27.3 - https:\/\/yoast.com\/product\/yoast-seo-wordpress\/ -->\n<title>Editorial Claret<\/title>\n<meta name=\"robots\" content=\"noindex, follow, max-snippet:-1, max-image-preview:large, max-video-preview:-1\" \/>\n<meta property=\"og:locale\" content=\"es_ES\" \/>\n<meta property=\"og:type\" content=\"article\" \/>\n<meta property=\"og:title\" content=\"LA PREGARIA DE LA PORTA - Editorial Claret\" \/>\n<meta property=\"og:description\" content=\"FERN\u00c1NDEZ SOLA, JUANJO\" \/>\n<meta property=\"og:url\" content=\"https:\/\/www.editorialclaret.cat\/producte\/la-pregaria-de-la-porta-8498460956\/\" \/>\n<meta property=\"og:site_name\" content=\"Editorial Claret\" \/>\n<meta property=\"article:modified_time\" content=\"2025-10-25T11:55:31+00:00\" \/>\n<meta property=\"og:image\" content=\"https:\/\/www.editorialclaret.cat\/wp-content\/uploads\/9788498460957-3.jpg\" \/>\n\t<meta property=\"og:image:width\" content=\"350\" \/>\n\t<meta property=\"og:image:height\" content=\"519\" \/>\n\t<meta property=\"og:image:type\" content=\"image\/jpeg\" \/>\n<meta name=\"twitter:card\" content=\"summary_large_image\" \/>\n<meta name=\"twitter:label1\" content=\"Tiempo de lectura\" \/>\n\t<meta name=\"twitter:data1\" content=\"1 minuto\" \/>\n<script type=\"application\/ld+json\" class=\"yoast-schema-graph\">{\"@context\":\"https:\\\/\\\/schema.org\",\"@graph\":[{\"@type\":\"WebPage\",\"@id\":\"https:\\\/\\\/www.editorialclaret.cat\\\/producte\\\/la-pregaria-de-la-porta-8498460956\\\/\",\"url\":\"https:\\\/\\\/www.editorialclaret.cat\\\/producte\\\/la-pregaria-de-la-porta-8498460956\\\/\",\"name\":\"LA PREGARIA DE LA PORTA - Editorial Claret\",\"isPartOf\":{\"@id\":\"https:\\\/\\\/www.editorialclaret.cat\\\/#website\"},\"primaryImageOfPage\":{\"@id\":\"https:\\\/\\\/www.editorialclaret.cat\\\/producte\\\/la-pregaria-de-la-porta-8498460956\\\/#primaryimage\"},\"image\":{\"@id\":\"https:\\\/\\\/www.editorialclaret.cat\\\/producte\\\/la-pregaria-de-la-porta-8498460956\\\/#primaryimage\"},\"thumbnailUrl\":\"https:\\\/\\\/www.editorialclaret.cat\\\/wp-content\\\/uploads\\\/9788498460957-3.jpg\",\"datePublished\":\"2022-11-07T06:54:54+00:00\",\"dateModified\":\"2025-10-25T11:55:31+00:00\",\"breadcrumb\":{\"@id\":\"https:\\\/\\\/www.editorialclaret.cat\\\/producte\\\/la-pregaria-de-la-porta-8498460956\\\/#breadcrumb\"},\"inLanguage\":\"es\",\"potentialAction\":[{\"@type\":\"ReadAction\",\"target\":[\"https:\\\/\\\/www.editorialclaret.cat\\\/producte\\\/la-pregaria-de-la-porta-8498460956\\\/\"]}]},{\"@type\":\"ImageObject\",\"inLanguage\":\"es\",\"@id\":\"https:\\\/\\\/www.editorialclaret.cat\\\/producte\\\/la-pregaria-de-la-porta-8498460956\\\/#primaryimage\",\"url\":\"https:\\\/\\\/www.editorialclaret.cat\\\/wp-content\\\/uploads\\\/9788498460957-3.jpg\",\"contentUrl\":\"https:\\\/\\\/www.editorialclaret.cat\\\/wp-content\\\/uploads\\\/9788498460957-3.jpg\",\"width\":350,\"height\":519,\"caption\":\"9788498460957.jpg\"},{\"@type\":\"BreadcrumbList\",\"@id\":\"https:\\\/\\\/www.editorialclaret.cat\\\/producte\\\/la-pregaria-de-la-porta-8498460956\\\/#breadcrumb\",\"itemListElement\":[{\"@type\":\"ListItem\",\"position\":1,\"name\":\"Portada\",\"item\":\"https:\\\/\\\/www.editorialclaret.cat\\\/es\\\/\"},{\"@type\":\"ListItem\",\"position\":2,\"name\":\"Botiga\",\"item\":\"https:\\\/\\\/www.editorialclaret.cat\\\/?page_id=16\"},{\"@type\":\"ListItem\",\"position\":3,\"name\":\"LA PREGARIA DE LA PORTA\"}]},{\"@type\":\"WebSite\",\"@id\":\"https:\\\/\\\/www.editorialclaret.cat\\\/#website\",\"url\":\"https:\\\/\\\/www.editorialclaret.cat\\\/\",\"name\":\"Editorial Claret\",\"description\":\"\",\"publisher\":{\"@id\":\"https:\\\/\\\/www.editorialclaret.cat\\\/#organization\"},\"potentialAction\":[{\"@type\":\"SearchAction\",\"target\":{\"@type\":\"EntryPoint\",\"urlTemplate\":\"https:\\\/\\\/www.editorialclaret.cat\\\/?s={search_term_string}\"},\"query-input\":{\"@type\":\"PropertyValueSpecification\",\"valueRequired\":true,\"valueName\":\"search_term_string\"}}],\"inLanguage\":\"es\"},{\"@type\":\"Organization\",\"@id\":\"https:\\\/\\\/www.editorialclaret.cat\\\/#organization\",\"name\":\"Editorial Claret\",\"url\":\"https:\\\/\\\/www.editorialclaret.cat\\\/\",\"logo\":{\"@type\":\"ImageObject\",\"inLanguage\":\"es\",\"@id\":\"https:\\\/\\\/www.editorialclaret.cat\\\/#\\\/schema\\\/logo\\\/image\\\/\",\"url\":\"https:\\\/\\\/www.editorialclaret.cat\\\/wp-content\\\/uploads\\\/.\\\/logo-claret.png\",\"contentUrl\":\"https:\\\/\\\/www.editorialclaret.cat\\\/wp-content\\\/uploads\\\/.\\\/logo-claret.png\",\"width\":194,\"height\":79,\"caption\":\"Editorial Claret\"},\"image\":{\"@id\":\"https:\\\/\\\/www.editorialclaret.cat\\\/#\\\/schema\\\/logo\\\/image\\\/\"}}]}<\/script>\n<!-- \/ Yoast SEO plugin. -->","yoast_head_json":{"title":"Editorial Claret","robots":{"index":"noindex","follow":"follow","max-snippet":"max-snippet:-1","max-image-preview":"max-image-preview:large","max-video-preview":"max-video-preview:-1"},"og_locale":"es_ES","og_type":"article","og_title":"LA PREGARIA DE LA PORTA - Editorial Claret","og_description":"FERN\u00c1NDEZ SOLA, JUANJO","og_url":"https:\/\/www.editorialclaret.cat\/producte\/la-pregaria-de-la-porta-8498460956\/","og_site_name":"Editorial Claret","article_modified_time":"2025-10-25T11:55:31+00:00","og_image":[{"width":350,"height":519,"url":"https:\/\/www.editorialclaret.cat\/wp-content\/uploads\/9788498460957-3.jpg","type":"image\/jpeg"}],"twitter_card":"summary_large_image","twitter_misc":{"Tiempo de lectura":"1 minuto"},"schema":{"@context":"https:\/\/schema.org","@graph":[{"@type":"WebPage","@id":"https:\/\/www.editorialclaret.cat\/producte\/la-pregaria-de-la-porta-8498460956\/","url":"https:\/\/www.editorialclaret.cat\/producte\/la-pregaria-de-la-porta-8498460956\/","name":"LA PREGARIA DE LA PORTA - Editorial Claret","isPartOf":{"@id":"https:\/\/www.editorialclaret.cat\/#website"},"primaryImageOfPage":{"@id":"https:\/\/www.editorialclaret.cat\/producte\/la-pregaria-de-la-porta-8498460956\/#primaryimage"},"image":{"@id":"https:\/\/www.editorialclaret.cat\/producte\/la-pregaria-de-la-porta-8498460956\/#primaryimage"},"thumbnailUrl":"https:\/\/www.editorialclaret.cat\/wp-content\/uploads\/9788498460957-3.jpg","datePublished":"2022-11-07T06:54:54+00:00","dateModified":"2025-10-25T11:55:31+00:00","breadcrumb":{"@id":"https:\/\/www.editorialclaret.cat\/producte\/la-pregaria-de-la-porta-8498460956\/#breadcrumb"},"inLanguage":"es","potentialAction":[{"@type":"ReadAction","target":["https:\/\/www.editorialclaret.cat\/producte\/la-pregaria-de-la-porta-8498460956\/"]}]},{"@type":"ImageObject","inLanguage":"es","@id":"https:\/\/www.editorialclaret.cat\/producte\/la-pregaria-de-la-porta-8498460956\/#primaryimage","url":"https:\/\/www.editorialclaret.cat\/wp-content\/uploads\/9788498460957-3.jpg","contentUrl":"https:\/\/www.editorialclaret.cat\/wp-content\/uploads\/9788498460957-3.jpg","width":350,"height":519,"caption":"9788498460957.jpg"},{"@type":"BreadcrumbList","@id":"https:\/\/www.editorialclaret.cat\/producte\/la-pregaria-de-la-porta-8498460956\/#breadcrumb","itemListElement":[{"@type":"ListItem","position":1,"name":"Portada","item":"https:\/\/www.editorialclaret.cat\/es\/"},{"@type":"ListItem","position":2,"name":"Botiga","item":"https:\/\/www.editorialclaret.cat\/?page_id=16"},{"@type":"ListItem","position":3,"name":"LA PREGARIA DE LA PORTA"}]},{"@type":"WebSite","@id":"https:\/\/www.editorialclaret.cat\/#website","url":"https:\/\/www.editorialclaret.cat\/","name":"Editorial Claret","description":"","publisher":{"@id":"https:\/\/www.editorialclaret.cat\/#organization"},"potentialAction":[{"@type":"SearchAction","target":{"@type":"EntryPoint","urlTemplate":"https:\/\/www.editorialclaret.cat\/?s={search_term_string}"},"query-input":{"@type":"PropertyValueSpecification","valueRequired":true,"valueName":"search_term_string"}}],"inLanguage":"es"},{"@type":"Organization","@id":"https:\/\/www.editorialclaret.cat\/#organization","name":"Editorial Claret","url":"https:\/\/www.editorialclaret.cat\/","logo":{"@type":"ImageObject","inLanguage":"es","@id":"https:\/\/www.editorialclaret.cat\/#\/schema\/logo\/image\/","url":"https:\/\/www.editorialclaret.cat\/wp-content\/uploads\/.\/logo-claret.png","contentUrl":"https:\/\/www.editorialclaret.cat\/wp-content\/uploads\/.\/logo-claret.png","width":194,"height":79,"caption":"Editorial Claret"},"image":{"@id":"https:\/\/www.editorialclaret.cat\/#\/schema\/logo\/image\/"}}]}},"_links":{"self":[{"href":"https:\/\/www.editorialclaret.cat\/es\/wp-json\/wp\/v2\/product\/48501","targetHints":{"allow":["GET"]}}],"collection":[{"href":"https:\/\/www.editorialclaret.cat\/es\/wp-json\/wp\/v2\/product"}],"about":[{"href":"https:\/\/www.editorialclaret.cat\/es\/wp-json\/wp\/v2\/types\/product"}],"wp:featuredmedia":[{"embeddable":true,"href":"https:\/\/www.editorialclaret.cat\/es\/wp-json\/wp\/v2\/media\/67064"}],"wp:attachment":[{"href":"https:\/\/www.editorialclaret.cat\/es\/wp-json\/wp\/v2\/media?parent=48501"}],"wp:term":[{"taxonomy":"product_brand","embeddable":true,"href":"https:\/\/www.editorialclaret.cat\/es\/wp-json\/wp\/v2\/product_brand?post=48501"},{"taxonomy":"product_cat","embeddable":true,"href":"https:\/\/www.editorialclaret.cat\/es\/wp-json\/wp\/v2\/product_cat?post=48501"},{"taxonomy":"product_tag","embeddable":true,"href":"https:\/\/www.editorialclaret.cat\/es\/wp-json\/wp\/v2\/product_tag?post=48501"}],"curies":[{"name":"wp","href":"https:\/\/api.w.org\/{rel}","templated":true}]}}

<p>Per a les famílies joves, pregar en família, amb els nens, pot semblar un disbarat, o una utopia irrealitzable. Però «La pregària de la porta» explica l’experiència d’una família que ho ha fet&#8230; i ha sobreviscut! Més encara, no només ho explica, sinó que a més, ofereix idees i materials que es poden utilitzar com estan o bé adaptant-les a cada circumstància. Es tracta de pregàries breus i suggeriments per a estones de pregària en família, amb infants fins a 12 anys, abans de sortir de casa al matí.<br />Un llibre agradable, amè, útil, i amb sentit, perquè inclou: un fons de pregàries llestes per a la seva utilització directa, classificades per temes i il·lustrades amb dibuixos; la possibilitat d’adaptar-ne i crear-ne de noves (a partir del CD-ROM que s’inclou); suggeriments interessants i senzills per a pregar en família; una explicació narrada d’una proposta viscuda en família.</p>

<p>FERNÁNDEZ SOLA, JUANJO</p>

FERNÁNDEZ SOLA, JUANJO

Rústica

<p>Ràdio Estel, Taula Compartida (1&#8217;55&#8221;) 30/06/2023</p>
<p><a href="https://www.estelfitxers.com/podcasts/2022-2023/CAPITOL_39_20230629_TAULACOMPARTIDA___PREGAR_EN_FAMILIA.mp3" rel="noopener noreferrer" target="_blank">https://www.estelfitxers.com/podcasts/2022-2023/CAPITOL_39_20230629_TAULACOMPARTIDA___PREGAR_EN_FAMILIA.mp3</a></p>

<!-- This site is optimized with the Yoast SEO plugin v27.3 - https://yoast.com/product/yoast-seo-wordpress/ -->
<title>Editorial Claret</title>
<meta name="robots" content="noindex, follow, max-snippet:-1, max-image-preview:large, max-video-preview:-1" />
<meta property="og:locale" content="es_ES" />
<meta property="og:type" content="article" />
<meta property="og:title" content="LA PREGARIA DE LA PORTA - Editorial Claret" />
<meta property="og:description" content="FERNÁNDEZ SOLA, JUANJO" />
<meta property="og:url" content="https://www.editorialclaret.cat/producte/la-pregaria-de-la-porta-8498460956/" />
<meta property="og:site_name" content="Editorial Claret" />
<meta property="article:modified_time" content="2025-10-25T11:55:31+00:00" />
<meta property="og:image" content="https://www.editorialclaret.cat/wp-content/uploads/9788498460957-3.jpg" />
	<meta property="og:image:width" content="350" />
	<meta property="og:image:height" content="519" />
	<meta property="og:image:type" content="image/jpeg" />
<meta name="twitter:card" content="summary_large_image" />
<meta name="twitter:label1" content="Tiempo de lectura" />
	<meta name="twitter:data1" content="1 minuto" />
<script type="application/ld+json" class="yoast-schema-graph">{"@context":"https:\/\/schema.org","@graph":[{"@type":"WebPage","@id":"https:\/\/www.editorialclaret.cat\/producte\/la-pregaria-de-la-porta-8498460956\/","url":"https:\/\/www.editorialclaret.cat\/producte\/la-pregaria-de-la-porta-8498460956\/","name":"LA PREGARIA DE LA PORTA - Editorial Claret","isPartOf":{"@id":"https:\/\/www.editorialclaret.cat\/#website"},"primaryImageOfPage":{"@id":"https:\/\/www.editorialclaret.cat\/producte\/la-pregaria-de-la-porta-8498460956\/#primaryimage"},"image":{"@id":"https:\/\/www.editorialclaret.cat\/producte\/la-pregaria-de-la-porta-8498460956\/#primaryimage"},"thumbnailUrl":"https:\/\/www.editorialclaret.cat\/wp-content\/uploads\/9788498460957-3.jpg","datePublished":"2022-11-07T06:54:54+00:00","dateModified":"2025-10-25T11:55:31+00:00","breadcrumb":{"@id":"https:\/\/www.editorialclaret.cat\/producte\/la-pregaria-de-la-porta-8498460956\/#breadcrumb"},"inLanguage":"es","potentialAction":[{"@type":"ReadAction","target":["https:\/\/www.editorialclaret.cat\/producte\/la-pregaria-de-la-porta-8498460956\/"]}]},{"@type":"ImageObject","inLanguage":"es","@id":"https:\/\/www.editorialclaret.cat\/producte\/la-pregaria-de-la-porta-8498460956\/#primaryimage","url":"https:\/\/www.editorialclaret.cat\/wp-content\/uploads\/9788498460957-3.jpg","contentUrl":"https:\/\/www.editorialclaret.cat\/wp-content\/uploads\/9788498460957-3.jpg","width":350,"height":519,"caption":"9788498460957.jpg"},{"@type":"BreadcrumbList","@id":"https:\/\/www.editorialclaret.cat\/producte\/la-pregaria-de-la-porta-8498460956\/#breadcrumb","itemListElement":[{"@type":"ListItem","position":1,"name":"Portada","item":"https:\/\/www.editorialclaret.cat\/es\/"},{"@type":"ListItem","position":2,"name":"Botiga","item":"https:\/\/www.editorialclaret.cat\/?page_id=16"},{"@type":"ListItem","position":3,"name":"LA PREGARIA DE LA PORTA"}]},{"@type":"WebSite","@id":"https:\/\/www.editorialclaret.cat\/#website","url":"https:\/\/www.editorialclaret.cat\/","name":"Editorial Claret","description":"","publisher":{"@id":"https:\/\/www.editorialclaret.cat\/#organization"},"potentialAction":[{"@type":"SearchAction","target":{"@type":"EntryPoint","urlTemplate":"https:\/\/www.editorialclaret.cat\/?s={search_term_string}"},"query-input":{"@type":"PropertyValueSpecification","valueRequired":true,"valueName":"search_term_string"}}],"inLanguage":"es"},{"@type":"Organization","@id":"https:\/\/www.editorialclaret.cat\/#organization","name":"Editorial Claret","url":"https:\/\/www.editorialclaret.cat\/","logo":{"@type":"ImageObject","inLanguage":"es","@id":"https:\/\/www.editorialclaret.cat\/#\/schema\/logo\/image\/","url":"https:\/\/www.editorialclaret.cat\/wp-content\/uploads\/.\/logo-claret.png","contentUrl":"https:\/\/www.editorialclaret.cat\/wp-content\/uploads\/.\/logo-claret.png","width":194,"height":79,"caption":"Editorial Claret"},"image":{"@id":"https:\/\/www.editorialclaret.cat\/#\/schema\/logo\/image\/"}}]}</script>
<!-- / Yoast SEO plugin. -->
