{"id":48408,"date":"2022-11-07T07:53:09","date_gmt":"2022-11-07T06:53:09","guid":{"rendered":"http:\/\/dev.editorialclaret.cat\/producte\/tomados-de-la-mano\/"},"modified":"2024-05-22T12:58:09","modified_gmt":"2024-05-22T10:58:09","slug":"tomados-de-la-mano-9788498461886","status":"publish","type":"product","link":"https:\/\/www.editorialclaret.cat\/es\/producto\/tomados-de-la-mano-9788498461886\/","title":{"rendered":"TOMADOS DE LA MANO"},"content":{"rendered":"<p>En la linea del anterior libro de Sebasti\u00e0 Taltavull, Plantados junto al agua, este nuevo libro nos propone dejarnos tomar de la mano por Jesucristo. Quiz\u00e1 alguien pensar\u00e1 que dejarse tomar de la mano es una actitud de debilidad que busca seguridad. Pero, \u00bfy si fuera un gesto de valerosa confianza? Cuando el individualismo ha tomado cuerpo en nosotros y nos absorbe del todo, dejarse acompa\u00f1ar puede significar dejarse amar.<br \/>Y en este camino hacia la fuente de la Palabra, Jesucristo deviene un compa\u00f1ero que nos interpela constantemente con preguntas fundamentales para nuestra vida. Las preguntas de Jes\u00fas que aparecen en este libro siguen siendo tan actuales y sugerentes que no pueden quedar sin respuesta. Nos remiten a una lectura de lo que vivimos y padecemos hoy, de lo que pasa y de lo que hacemos que pase, de lo que nos dicen y de lo que decimos, de lo que s\u00f3lo son esperanzas lejanas y de lo que son hechos de cada d\u00eda.<\/p>\n","protected":false},"excerpt":{"rendered":"<p>TALTAVULL, SEBASTI\u00c0<\/p>\n","protected":false},"featured_media":48409,"template":"","meta":{"_acf_changed":false,"rs_blank_template":"","rs_page_bg_color":"","slide_template_v7":"","inline_featured_image":false,"_monsterinsights_skip_tracking":false,"_monsterinsights_sitenote_active":false,"_monsterinsights_sitenote_note":"","_monsterinsights_sitenote_category":0},"product_brand":[],"product_cat":[16],"product_tag":[],"class_list":{"0":"post-48408","1":"product","2":"type-product","3":"status-publish","4":"has-post-thumbnail","6":"product_cat-sense-categoria","8":"first","9":"instock","10":"taxable","11":"shipping-taxable","12":"purchasable","13":"product-type-simple"},"acf":{"autor":"TALTAVULL, SEBASTI\u00c0","codart":"849846188","libros-coleccion":"PUNTO DE ENCUENTRO","ediciones":"0","encuadernacion":"R\u00fastica","fecha_de_publicacion":"05\/05\/2008","novedad":"0","paginas":"352","subtitulo":"LAS PREGUNTAS DE JES\u00daS 2","orden":"999","portada":"0","idioma":"spa","autores-libros":[{"ID":46622,"post_author":"3","post_date":"2022-10-24 13:04:26","post_date_gmt":"2022-10-24 11:04:26","post_content":"","post_title":"SEBASTI\u00c0 TALTAVULL","post_excerpt":"","post_status":"publish","comment_status":"closed","ping_status":"closed","post_password":"","post_name":"sebastia-taltavull","to_ping":"","pinged":"","post_modified":"2022-10-24 13:04:26","post_modified_gmt":"2022-10-24 11:04:26","post_content_filtered":"","post_parent":0,"guid":"http:\/\/dev.editorialclaret.cat\/autor\/sebastia-taltavull\/","menu_order":0,"post_type":"autor","post_mime_type":"","comment_count":"0","filter":"raw"}],"booktrailer":"","linkebook":"","ficha":"849846188_1689076567.pdf","muestra":"","precioebook":"0","presentacion":"","resenas":""},"yoast_head":"<!-- This site is optimized with the Yoast SEO plugin v27.3 - https:\/\/yoast.com\/product\/yoast-seo-wordpress\/ -->\n<title>Editorial Claret<\/title>\n<meta name=\"robots\" content=\"noindex, follow, max-snippet:-1, max-image-preview:large, max-video-preview:-1\" \/>\n<meta property=\"og:locale\" content=\"es_ES\" \/>\n<meta property=\"og:type\" content=\"article\" \/>\n<meta property=\"og:title\" content=\"TOMADOS DE LA MANO - Editorial Claret\" \/>\n<meta property=\"og:description\" content=\"TALTAVULL, SEBASTI\u00c0\" \/>\n<meta property=\"og:url\" content=\"https:\/\/www.editorialclaret.cat\/producte\/tomados-de-la-mano-9788498461886\/\" \/>\n<meta property=\"og:site_name\" content=\"Editorial Claret\" \/>\n<meta property=\"article:modified_time\" content=\"2024-05-22T10:58:09+00:00\" \/>\n<meta property=\"og:image\" content=\"https:\/\/www.editorialclaret.cat\/wp-content\/uploads\/.\/9788498461886.jpg\" \/>\n\t<meta property=\"og:image:width\" content=\"221\" \/>\n\t<meta property=\"og:image:height\" content=\"345\" \/>\n\t<meta property=\"og:image:type\" content=\"image\/jpeg\" \/>\n<meta name=\"twitter:card\" content=\"summary_large_image\" \/>\n<meta name=\"twitter:label1\" content=\"Tiempo de lectura\" \/>\n\t<meta name=\"twitter:data1\" content=\"1 minuto\" \/>\n<script type=\"application\/ld+json\" class=\"yoast-schema-graph\">{\"@context\":\"https:\\\/\\\/schema.org\",\"@graph\":[{\"@type\":\"WebPage\",\"@id\":\"https:\\\/\\\/www.editorialclaret.cat\\\/producte\\\/tomados-de-la-mano-9788498461886\\\/\",\"url\":\"https:\\\/\\\/www.editorialclaret.cat\\\/producte\\\/tomados-de-la-mano-9788498461886\\\/\",\"name\":\"TOMADOS DE LA MANO - Editorial Claret\",\"isPartOf\":{\"@id\":\"https:\\\/\\\/www.editorialclaret.cat\\\/#website\"},\"primaryImageOfPage\":{\"@id\":\"https:\\\/\\\/www.editorialclaret.cat\\\/producte\\\/tomados-de-la-mano-9788498461886\\\/#primaryimage\"},\"image\":{\"@id\":\"https:\\\/\\\/www.editorialclaret.cat\\\/producte\\\/tomados-de-la-mano-9788498461886\\\/#primaryimage\"},\"thumbnailUrl\":\"https:\\\/\\\/www.editorialclaret.cat\\\/wp-content\\\/uploads\\\/.\\\/9788498461886.jpg\",\"datePublished\":\"2022-11-07T06:53:09+00:00\",\"dateModified\":\"2024-05-22T10:58:09+00:00\",\"breadcrumb\":{\"@id\":\"https:\\\/\\\/www.editorialclaret.cat\\\/producte\\\/tomados-de-la-mano-9788498461886\\\/#breadcrumb\"},\"inLanguage\":\"es\",\"potentialAction\":[{\"@type\":\"ReadAction\",\"target\":[\"https:\\\/\\\/www.editorialclaret.cat\\\/producte\\\/tomados-de-la-mano-9788498461886\\\/\"]}]},{\"@type\":\"ImageObject\",\"inLanguage\":\"es\",\"@id\":\"https:\\\/\\\/www.editorialclaret.cat\\\/producte\\\/tomados-de-la-mano-9788498461886\\\/#primaryimage\",\"url\":\"https:\\\/\\\/www.editorialclaret.cat\\\/wp-content\\\/uploads\\\/.\\\/9788498461886.jpg\",\"contentUrl\":\"https:\\\/\\\/www.editorialclaret.cat\\\/wp-content\\\/uploads\\\/.\\\/9788498461886.jpg\",\"width\":221,\"height\":345,\"caption\":\"9788498461886.jpg\"},{\"@type\":\"BreadcrumbList\",\"@id\":\"https:\\\/\\\/www.editorialclaret.cat\\\/producte\\\/tomados-de-la-mano-9788498461886\\\/#breadcrumb\",\"itemListElement\":[{\"@type\":\"ListItem\",\"position\":1,\"name\":\"Portada\",\"item\":\"https:\\\/\\\/www.editorialclaret.cat\\\/es\\\/\"},{\"@type\":\"ListItem\",\"position\":2,\"name\":\"Botiga\",\"item\":\"https:\\\/\\\/www.editorialclaret.cat\\\/?page_id=16\"},{\"@type\":\"ListItem\",\"position\":3,\"name\":\"TOMADOS DE LA MANO\"}]},{\"@type\":\"WebSite\",\"@id\":\"https:\\\/\\\/www.editorialclaret.cat\\\/#website\",\"url\":\"https:\\\/\\\/www.editorialclaret.cat\\\/\",\"name\":\"Editorial Claret\",\"description\":\"\",\"publisher\":{\"@id\":\"https:\\\/\\\/www.editorialclaret.cat\\\/#organization\"},\"potentialAction\":[{\"@type\":\"SearchAction\",\"target\":{\"@type\":\"EntryPoint\",\"urlTemplate\":\"https:\\\/\\\/www.editorialclaret.cat\\\/?s={search_term_string}\"},\"query-input\":{\"@type\":\"PropertyValueSpecification\",\"valueRequired\":true,\"valueName\":\"search_term_string\"}}],\"inLanguage\":\"es\"},{\"@type\":\"Organization\",\"@id\":\"https:\\\/\\\/www.editorialclaret.cat\\\/#organization\",\"name\":\"Editorial Claret\",\"url\":\"https:\\\/\\\/www.editorialclaret.cat\\\/\",\"logo\":{\"@type\":\"ImageObject\",\"inLanguage\":\"es\",\"@id\":\"https:\\\/\\\/www.editorialclaret.cat\\\/#\\\/schema\\\/logo\\\/image\\\/\",\"url\":\"https:\\\/\\\/www.editorialclaret.cat\\\/wp-content\\\/uploads\\\/.\\\/logo-claret.png\",\"contentUrl\":\"https:\\\/\\\/www.editorialclaret.cat\\\/wp-content\\\/uploads\\\/.\\\/logo-claret.png\",\"width\":194,\"height\":79,\"caption\":\"Editorial Claret\"},\"image\":{\"@id\":\"https:\\\/\\\/www.editorialclaret.cat\\\/#\\\/schema\\\/logo\\\/image\\\/\"}}]}<\/script>\n<!-- \/ Yoast SEO plugin. -->","yoast_head_json":{"title":"Editorial Claret","robots":{"index":"noindex","follow":"follow","max-snippet":"max-snippet:-1","max-image-preview":"max-image-preview:large","max-video-preview":"max-video-preview:-1"},"og_locale":"es_ES","og_type":"article","og_title":"TOMADOS DE LA MANO - Editorial Claret","og_description":"TALTAVULL, SEBASTI\u00c0","og_url":"https:\/\/www.editorialclaret.cat\/producte\/tomados-de-la-mano-9788498461886\/","og_site_name":"Editorial Claret","article_modified_time":"2024-05-22T10:58:09+00:00","og_image":[{"width":221,"height":345,"url":"https:\/\/www.editorialclaret.cat\/wp-content\/uploads\/.\/9788498461886.jpg","type":"image\/jpeg"}],"twitter_card":"summary_large_image","twitter_misc":{"Tiempo de lectura":"1 minuto"},"schema":{"@context":"https:\/\/schema.org","@graph":[{"@type":"WebPage","@id":"https:\/\/www.editorialclaret.cat\/producte\/tomados-de-la-mano-9788498461886\/","url":"https:\/\/www.editorialclaret.cat\/producte\/tomados-de-la-mano-9788498461886\/","name":"TOMADOS DE LA MANO - Editorial Claret","isPartOf":{"@id":"https:\/\/www.editorialclaret.cat\/#website"},"primaryImageOfPage":{"@id":"https:\/\/www.editorialclaret.cat\/producte\/tomados-de-la-mano-9788498461886\/#primaryimage"},"image":{"@id":"https:\/\/www.editorialclaret.cat\/producte\/tomados-de-la-mano-9788498461886\/#primaryimage"},"thumbnailUrl":"https:\/\/www.editorialclaret.cat\/wp-content\/uploads\/.\/9788498461886.jpg","datePublished":"2022-11-07T06:53:09+00:00","dateModified":"2024-05-22T10:58:09+00:00","breadcrumb":{"@id":"https:\/\/www.editorialclaret.cat\/producte\/tomados-de-la-mano-9788498461886\/#breadcrumb"},"inLanguage":"es","potentialAction":[{"@type":"ReadAction","target":["https:\/\/www.editorialclaret.cat\/producte\/tomados-de-la-mano-9788498461886\/"]}]},{"@type":"ImageObject","inLanguage":"es","@id":"https:\/\/www.editorialclaret.cat\/producte\/tomados-de-la-mano-9788498461886\/#primaryimage","url":"https:\/\/www.editorialclaret.cat\/wp-content\/uploads\/.\/9788498461886.jpg","contentUrl":"https:\/\/www.editorialclaret.cat\/wp-content\/uploads\/.\/9788498461886.jpg","width":221,"height":345,"caption":"9788498461886.jpg"},{"@type":"BreadcrumbList","@id":"https:\/\/www.editorialclaret.cat\/producte\/tomados-de-la-mano-9788498461886\/#breadcrumb","itemListElement":[{"@type":"ListItem","position":1,"name":"Portada","item":"https:\/\/www.editorialclaret.cat\/es\/"},{"@type":"ListItem","position":2,"name":"Botiga","item":"https:\/\/www.editorialclaret.cat\/?page_id=16"},{"@type":"ListItem","position":3,"name":"TOMADOS DE LA MANO"}]},{"@type":"WebSite","@id":"https:\/\/www.editorialclaret.cat\/#website","url":"https:\/\/www.editorialclaret.cat\/","name":"Editorial Claret","description":"","publisher":{"@id":"https:\/\/www.editorialclaret.cat\/#organization"},"potentialAction":[{"@type":"SearchAction","target":{"@type":"EntryPoint","urlTemplate":"https:\/\/www.editorialclaret.cat\/?s={search_term_string}"},"query-input":{"@type":"PropertyValueSpecification","valueRequired":true,"valueName":"search_term_string"}}],"inLanguage":"es"},{"@type":"Organization","@id":"https:\/\/www.editorialclaret.cat\/#organization","name":"Editorial Claret","url":"https:\/\/www.editorialclaret.cat\/","logo":{"@type":"ImageObject","inLanguage":"es","@id":"https:\/\/www.editorialclaret.cat\/#\/schema\/logo\/image\/","url":"https:\/\/www.editorialclaret.cat\/wp-content\/uploads\/.\/logo-claret.png","contentUrl":"https:\/\/www.editorialclaret.cat\/wp-content\/uploads\/.\/logo-claret.png","width":194,"height":79,"caption":"Editorial Claret"},"image":{"@id":"https:\/\/www.editorialclaret.cat\/#\/schema\/logo\/image\/"}}]}},"_links":{"self":[{"href":"https:\/\/www.editorialclaret.cat\/es\/wp-json\/wp\/v2\/product\/48408","targetHints":{"allow":["GET"]}}],"collection":[{"href":"https:\/\/www.editorialclaret.cat\/es\/wp-json\/wp\/v2\/product"}],"about":[{"href":"https:\/\/www.editorialclaret.cat\/es\/wp-json\/wp\/v2\/types\/product"}],"wp:featuredmedia":[{"embeddable":true,"href":"https:\/\/www.editorialclaret.cat\/es\/wp-json\/wp\/v2\/media\/48409"}],"wp:attachment":[{"href":"https:\/\/www.editorialclaret.cat\/es\/wp-json\/wp\/v2\/media?parent=48408"}],"wp:term":[{"taxonomy":"product_brand","embeddable":true,"href":"https:\/\/www.editorialclaret.cat\/es\/wp-json\/wp\/v2\/product_brand?post=48408"},{"taxonomy":"product_cat","embeddable":true,"href":"https:\/\/www.editorialclaret.cat\/es\/wp-json\/wp\/v2\/product_cat?post=48408"},{"taxonomy":"product_tag","embeddable":true,"href":"https:\/\/www.editorialclaret.cat\/es\/wp-json\/wp\/v2\/product_tag?post=48408"}],"curies":[{"name":"wp","href":"https:\/\/api.w.org\/{rel}","templated":true}]}}

<p>En la linea del anterior libro de Sebastià Taltavull, Plantados junto al agua, este nuevo libro nos propone dejarnos tomar de la mano por Jesucristo. Quizá alguien pensará que dejarse tomar de la mano es una actitud de debilidad que busca seguridad. Pero, ¿y si fuera un gesto de valerosa confianza? Cuando el individualismo ha tomado cuerpo en nosotros y nos absorbe del todo, dejarse acompañar puede significar dejarse amar.<br />Y en este camino hacia la fuente de la Palabra, Jesucristo deviene un compañero que nos interpela constantemente con preguntas fundamentales para nuestra vida. Las preguntas de Jesús que aparecen en este libro siguen siendo tan actuales y sugerentes que no pueden quedar sin respuesta. Nos remiten a una lectura de lo que vivimos y padecemos hoy, de lo que pasa y de lo que hacemos que pase, de lo que nos dicen y de lo que decimos, de lo que sólo son esperanzas lejanas y de lo que son hechos de cada día.</p>

<p>TALTAVULL, SEBASTIÀ</p>

TALTAVULL, SEBASTIÀ

Rústica

LAS PREGUNTAS DE JESÚS 2

SEBASTIÀ TALTAVULL

<!-- This site is optimized with the Yoast SEO plugin v27.3 - https://yoast.com/product/yoast-seo-wordpress/ -->
<title>Editorial Claret</title>
<meta name="robots" content="noindex, follow, max-snippet:-1, max-image-preview:large, max-video-preview:-1" />
<meta property="og:locale" content="es_ES" />
<meta property="og:type" content="article" />
<meta property="og:title" content="TOMADOS DE LA MANO - Editorial Claret" />
<meta property="og:description" content="TALTAVULL, SEBASTIÀ" />
<meta property="og:url" content="https://www.editorialclaret.cat/producte/tomados-de-la-mano-9788498461886/" />
<meta property="og:site_name" content="Editorial Claret" />
<meta property="article:modified_time" content="2024-05-22T10:58:09+00:00" />
<meta property="og:image" content="https://www.editorialclaret.cat/wp-content/uploads/./9788498461886.jpg" />
	<meta property="og:image:width" content="221" />
	<meta property="og:image:height" content="345" />
	<meta property="og:image:type" content="image/jpeg" />
<meta name="twitter:card" content="summary_large_image" />
<meta name="twitter:label1" content="Tiempo de lectura" />
	<meta name="twitter:data1" content="1 minuto" />
<script type="application/ld+json" class="yoast-schema-graph">{"@context":"https:\/\/schema.org","@graph":[{"@type":"WebPage","@id":"https:\/\/www.editorialclaret.cat\/producte\/tomados-de-la-mano-9788498461886\/","url":"https:\/\/www.editorialclaret.cat\/producte\/tomados-de-la-mano-9788498461886\/","name":"TOMADOS DE LA MANO - Editorial Claret","isPartOf":{"@id":"https:\/\/www.editorialclaret.cat\/#website"},"primaryImageOfPage":{"@id":"https:\/\/www.editorialclaret.cat\/producte\/tomados-de-la-mano-9788498461886\/#primaryimage"},"image":{"@id":"https:\/\/www.editorialclaret.cat\/producte\/tomados-de-la-mano-9788498461886\/#primaryimage"},"thumbnailUrl":"https:\/\/www.editorialclaret.cat\/wp-content\/uploads\/.\/9788498461886.jpg","datePublished":"2022-11-07T06:53:09+00:00","dateModified":"2024-05-22T10:58:09+00:00","breadcrumb":{"@id":"https:\/\/www.editorialclaret.cat\/producte\/tomados-de-la-mano-9788498461886\/#breadcrumb"},"inLanguage":"es","potentialAction":[{"@type":"ReadAction","target":["https:\/\/www.editorialclaret.cat\/producte\/tomados-de-la-mano-9788498461886\/"]}]},{"@type":"ImageObject","inLanguage":"es","@id":"https:\/\/www.editorialclaret.cat\/producte\/tomados-de-la-mano-9788498461886\/#primaryimage","url":"https:\/\/www.editorialclaret.cat\/wp-content\/uploads\/.\/9788498461886.jpg","contentUrl":"https:\/\/www.editorialclaret.cat\/wp-content\/uploads\/.\/9788498461886.jpg","width":221,"height":345,"caption":"9788498461886.jpg"},{"@type":"BreadcrumbList","@id":"https:\/\/www.editorialclaret.cat\/producte\/tomados-de-la-mano-9788498461886\/#breadcrumb","itemListElement":[{"@type":"ListItem","position":1,"name":"Portada","item":"https:\/\/www.editorialclaret.cat\/es\/"},{"@type":"ListItem","position":2,"name":"Botiga","item":"https:\/\/www.editorialclaret.cat\/?page_id=16"},{"@type":"ListItem","position":3,"name":"TOMADOS DE LA MANO"}]},{"@type":"WebSite","@id":"https:\/\/www.editorialclaret.cat\/#website","url":"https:\/\/www.editorialclaret.cat\/","name":"Editorial Claret","description":"","publisher":{"@id":"https:\/\/www.editorialclaret.cat\/#organization"},"potentialAction":[{"@type":"SearchAction","target":{"@type":"EntryPoint","urlTemplate":"https:\/\/www.editorialclaret.cat\/?s={search_term_string}"},"query-input":{"@type":"PropertyValueSpecification","valueRequired":true,"valueName":"search_term_string"}}],"inLanguage":"es"},{"@type":"Organization","@id":"https:\/\/www.editorialclaret.cat\/#organization","name":"Editorial Claret","url":"https:\/\/www.editorialclaret.cat\/","logo":{"@type":"ImageObject","inLanguage":"es","@id":"https:\/\/www.editorialclaret.cat\/#\/schema\/logo\/image\/","url":"https:\/\/www.editorialclaret.cat\/wp-content\/uploads\/.\/logo-claret.png","contentUrl":"https:\/\/www.editorialclaret.cat\/wp-content\/uploads\/.\/logo-claret.png","width":194,"height":79,"caption":"Editorial Claret"},"image":{"@id":"https:\/\/www.editorialclaret.cat\/#\/schema\/logo\/image\/"}}]}</script>
<!-- / Yoast SEO plugin. -->
