{"id":48282,"date":"2022-11-07T07:50:52","date_gmt":"2022-11-07T06:50:52","guid":{"rendered":"http:\/\/dev.editorialclaret.cat\/producte\/camins-a-traves-de-la-depressio\/"},"modified":"2024-12-21T18:51:14","modified_gmt":"2024-12-21T17:51:14","slug":"camins-a-traves-de-la-depressio-9788498462074","status":"publish","type":"product","link":"https:\/\/www.editorialclaret.cat\/es\/producto\/camins-a-traves-de-la-depressio-9788498462074\/","title":{"rendered":"CAMINS A TRAV\u00c9S DE LA DEPRESSI\u00d3"},"content":{"rendered":"<p>Fa de mal dir per qu\u00e8 les depressions augmenten a la nostra societat. Segurament hi ha m\u00e9s d\u2019una causa. Moltes persones senten que se\u2019ls demana massa, ja sigui a la feina, a la fam\u00edlia i a l\u2019educaci\u00f3 dels fills o en la superaci\u00f3 dels reptes que els planteja la vida. En un m\u00f3n on gaireb\u00e9 tot sembla factible, l\u2019esperit reacciona amb depressi\u00f3, perqu\u00e8 s\u2019adona que no tot dep\u00e8n de la nostra voluntat.<br \/>L\u2019autor d\u2019aquest llibre est\u00e0 conven\u00e7ut que la depressi\u00f3 \u00e9s un repte espiritual i que el cam\u00ed espiritual pot ajudar a tractar-la. La preg\u00e0ria t\u00e9 poders curatius i pot contribuir, refor\u00e7ant altres ter\u00e0pies psicol\u00f2giques i farmacol\u00f2giques, que les persones que pateixen depressi\u00f3 se\u2019n puguin sortir.<\/p>\n","protected":false},"excerpt":{"rendered":"<p>GR\u00dcN, ANSELM<\/p>\n","protected":false},"featured_media":48283,"template":"","meta":{"_acf_changed":false,"rs_blank_template":"","rs_page_bg_color":"","slide_template_v7":"","inline_featured_image":false,"_monsterinsights_skip_tracking":false,"_monsterinsights_sitenote_active":false,"_monsterinsights_sitenote_note":"","_monsterinsights_sitenote_category":0},"product_brand":[],"product_cat":[1303,1299],"product_tag":[],"class_list":{"0":"post-48282","1":"product","2":"type-product","3":"status-publish","4":"has-post-thumbnail","6":"product_cat-sabidurias","7":"product_cat-savieses","9":"first","10":"instock","11":"taxable","12":"shipping-taxable","13":"purchasable","14":"product-type-simple"},"acf":{"autor":"GR\u00dcN, ANSELM","codart":"849846207","libros-coleccion":"","ediciones":"1","encuadernacion":"R\u00fastica","fecha_de_publicacion":"07\/04\/2009","novedad":"0","paginas":"158","subtitulo":"IMPULSOS ESPIRITUALS","orden":"999","portada":"0","idioma":"cat","autores-libros":[{"ID":46556,"post_author":"3","post_date":"2022-10-24 13:03:40","post_date_gmt":"2022-10-24 11:03:40","post_content":"","post_title":"GR\u00dcN, ANSELM","post_excerpt":"","post_status":"publish","comment_status":"closed","ping_status":"closed","post_password":"","post_name":"grun-anselm","to_ping":"","pinged":"","post_modified":"2022-10-24 13:03:40","post_modified_gmt":"2022-10-24 11:03:40","post_content_filtered":"","post_parent":0,"guid":"http:\/\/dev.editorialclaret.cat\/autor\/grun-anselm\/","menu_order":0,"post_type":"autor","post_mime_type":"","comment_count":"0","filter":"raw"}],"traductores-libros":"","ilustradores-libros":"","formato":"","linkebook":"","precioebook":"","ficha":"","muestra":"","presentacion":"","booktrailer":"","resenas":"","recomendamos":"","mas_vendido":""},"yoast_head":"<!-- This site is optimized with the Yoast SEO plugin v27.3 - https:\/\/yoast.com\/product\/yoast-seo-wordpress\/ -->\n<title>Editorial Claret<\/title>\n<meta name=\"robots\" content=\"noindex, follow, max-snippet:-1, max-image-preview:large, max-video-preview:-1\" \/>\n<meta property=\"og:locale\" content=\"es_ES\" \/>\n<meta property=\"og:type\" content=\"article\" \/>\n<meta property=\"og:title\" content=\"CAMINS A TRAV\u00c9S DE LA DEPRESSI\u00d3 - Editorial Claret\" \/>\n<meta property=\"og:description\" content=\"GR\u00dcN, ANSELM\" \/>\n<meta property=\"og:url\" content=\"https:\/\/www.editorialclaret.cat\/producte\/camins-a-traves-de-la-depressio-9788498462074\/\" \/>\n<meta property=\"og:site_name\" content=\"Editorial Claret\" \/>\n<meta property=\"article:modified_time\" content=\"2024-12-21T17:51:14+00:00\" \/>\n<meta property=\"og:image\" content=\"https:\/\/www.editorialclaret.cat\/wp-content\/uploads\/.\/9788498462074.png\" \/>\n\t<meta property=\"og:image:width\" content=\"225\" \/>\n\t<meta property=\"og:image:height\" content=\"333\" \/>\n\t<meta property=\"og:image:type\" content=\"image\/png\" \/>\n<meta name=\"twitter:card\" content=\"summary_large_image\" \/>\n<meta name=\"twitter:label1\" content=\"Tiempo de lectura\" \/>\n\t<meta name=\"twitter:data1\" content=\"1 minuto\" \/>\n<script type=\"application\/ld+json\" class=\"yoast-schema-graph\">{\"@context\":\"https:\\\/\\\/schema.org\",\"@graph\":[{\"@type\":\"WebPage\",\"@id\":\"https:\\\/\\\/www.editorialclaret.cat\\\/producte\\\/camins-a-traves-de-la-depressio-9788498462074\\\/\",\"url\":\"https:\\\/\\\/www.editorialclaret.cat\\\/producte\\\/camins-a-traves-de-la-depressio-9788498462074\\\/\",\"name\":\"CAMINS A TRAV\u00c9S DE LA DEPRESSI\u00d3 - Editorial Claret\",\"isPartOf\":{\"@id\":\"https:\\\/\\\/www.editorialclaret.cat\\\/#website\"},\"primaryImageOfPage\":{\"@id\":\"https:\\\/\\\/www.editorialclaret.cat\\\/producte\\\/camins-a-traves-de-la-depressio-9788498462074\\\/#primaryimage\"},\"image\":{\"@id\":\"https:\\\/\\\/www.editorialclaret.cat\\\/producte\\\/camins-a-traves-de-la-depressio-9788498462074\\\/#primaryimage\"},\"thumbnailUrl\":\"https:\\\/\\\/www.editorialclaret.cat\\\/wp-content\\\/uploads\\\/.\\\/9788498462074.png\",\"datePublished\":\"2022-11-07T06:50:52+00:00\",\"dateModified\":\"2024-12-21T17:51:14+00:00\",\"breadcrumb\":{\"@id\":\"https:\\\/\\\/www.editorialclaret.cat\\\/producte\\\/camins-a-traves-de-la-depressio-9788498462074\\\/#breadcrumb\"},\"inLanguage\":\"es\",\"potentialAction\":[{\"@type\":\"ReadAction\",\"target\":[\"https:\\\/\\\/www.editorialclaret.cat\\\/producte\\\/camins-a-traves-de-la-depressio-9788498462074\\\/\"]}]},{\"@type\":\"ImageObject\",\"inLanguage\":\"es\",\"@id\":\"https:\\\/\\\/www.editorialclaret.cat\\\/producte\\\/camins-a-traves-de-la-depressio-9788498462074\\\/#primaryimage\",\"url\":\"https:\\\/\\\/www.editorialclaret.cat\\\/wp-content\\\/uploads\\\/.\\\/9788498462074.png\",\"contentUrl\":\"https:\\\/\\\/www.editorialclaret.cat\\\/wp-content\\\/uploads\\\/.\\\/9788498462074.png\",\"width\":225,\"height\":333,\"caption\":\"9788498462074.png\"},{\"@type\":\"BreadcrumbList\",\"@id\":\"https:\\\/\\\/www.editorialclaret.cat\\\/producte\\\/camins-a-traves-de-la-depressio-9788498462074\\\/#breadcrumb\",\"itemListElement\":[{\"@type\":\"ListItem\",\"position\":1,\"name\":\"Portada\",\"item\":\"https:\\\/\\\/www.editorialclaret.cat\\\/es\\\/\"},{\"@type\":\"ListItem\",\"position\":2,\"name\":\"Botiga\",\"item\":\"https:\\\/\\\/www.editorialclaret.cat\\\/?page_id=16\"},{\"@type\":\"ListItem\",\"position\":3,\"name\":\"CAMINS A TRAV\u00c9S DE LA DEPRESSI\u00d3\"}]},{\"@type\":\"WebSite\",\"@id\":\"https:\\\/\\\/www.editorialclaret.cat\\\/#website\",\"url\":\"https:\\\/\\\/www.editorialclaret.cat\\\/\",\"name\":\"Editorial Claret\",\"description\":\"\",\"publisher\":{\"@id\":\"https:\\\/\\\/www.editorialclaret.cat\\\/#organization\"},\"potentialAction\":[{\"@type\":\"SearchAction\",\"target\":{\"@type\":\"EntryPoint\",\"urlTemplate\":\"https:\\\/\\\/www.editorialclaret.cat\\\/?s={search_term_string}\"},\"query-input\":{\"@type\":\"PropertyValueSpecification\",\"valueRequired\":true,\"valueName\":\"search_term_string\"}}],\"inLanguage\":\"es\"},{\"@type\":\"Organization\",\"@id\":\"https:\\\/\\\/www.editorialclaret.cat\\\/#organization\",\"name\":\"Editorial Claret\",\"url\":\"https:\\\/\\\/www.editorialclaret.cat\\\/\",\"logo\":{\"@type\":\"ImageObject\",\"inLanguage\":\"es\",\"@id\":\"https:\\\/\\\/www.editorialclaret.cat\\\/#\\\/schema\\\/logo\\\/image\\\/\",\"url\":\"https:\\\/\\\/www.editorialclaret.cat\\\/wp-content\\\/uploads\\\/.\\\/logo-claret.png\",\"contentUrl\":\"https:\\\/\\\/www.editorialclaret.cat\\\/wp-content\\\/uploads\\\/.\\\/logo-claret.png\",\"width\":194,\"height\":79,\"caption\":\"Editorial Claret\"},\"image\":{\"@id\":\"https:\\\/\\\/www.editorialclaret.cat\\\/#\\\/schema\\\/logo\\\/image\\\/\"}}]}<\/script>\n<!-- \/ Yoast SEO plugin. -->","yoast_head_json":{"title":"Editorial Claret","robots":{"index":"noindex","follow":"follow","max-snippet":"max-snippet:-1","max-image-preview":"max-image-preview:large","max-video-preview":"max-video-preview:-1"},"og_locale":"es_ES","og_type":"article","og_title":"CAMINS A TRAV\u00c9S DE LA DEPRESSI\u00d3 - Editorial Claret","og_description":"GR\u00dcN, ANSELM","og_url":"https:\/\/www.editorialclaret.cat\/producte\/camins-a-traves-de-la-depressio-9788498462074\/","og_site_name":"Editorial Claret","article_modified_time":"2024-12-21T17:51:14+00:00","og_image":[{"width":225,"height":333,"url":"https:\/\/www.editorialclaret.cat\/wp-content\/uploads\/.\/9788498462074.png","type":"image\/png"}],"twitter_card":"summary_large_image","twitter_misc":{"Tiempo de lectura":"1 minuto"},"schema":{"@context":"https:\/\/schema.org","@graph":[{"@type":"WebPage","@id":"https:\/\/www.editorialclaret.cat\/producte\/camins-a-traves-de-la-depressio-9788498462074\/","url":"https:\/\/www.editorialclaret.cat\/producte\/camins-a-traves-de-la-depressio-9788498462074\/","name":"CAMINS A TRAV\u00c9S DE LA DEPRESSI\u00d3 - Editorial Claret","isPartOf":{"@id":"https:\/\/www.editorialclaret.cat\/#website"},"primaryImageOfPage":{"@id":"https:\/\/www.editorialclaret.cat\/producte\/camins-a-traves-de-la-depressio-9788498462074\/#primaryimage"},"image":{"@id":"https:\/\/www.editorialclaret.cat\/producte\/camins-a-traves-de-la-depressio-9788498462074\/#primaryimage"},"thumbnailUrl":"https:\/\/www.editorialclaret.cat\/wp-content\/uploads\/.\/9788498462074.png","datePublished":"2022-11-07T06:50:52+00:00","dateModified":"2024-12-21T17:51:14+00:00","breadcrumb":{"@id":"https:\/\/www.editorialclaret.cat\/producte\/camins-a-traves-de-la-depressio-9788498462074\/#breadcrumb"},"inLanguage":"es","potentialAction":[{"@type":"ReadAction","target":["https:\/\/www.editorialclaret.cat\/producte\/camins-a-traves-de-la-depressio-9788498462074\/"]}]},{"@type":"ImageObject","inLanguage":"es","@id":"https:\/\/www.editorialclaret.cat\/producte\/camins-a-traves-de-la-depressio-9788498462074\/#primaryimage","url":"https:\/\/www.editorialclaret.cat\/wp-content\/uploads\/.\/9788498462074.png","contentUrl":"https:\/\/www.editorialclaret.cat\/wp-content\/uploads\/.\/9788498462074.png","width":225,"height":333,"caption":"9788498462074.png"},{"@type":"BreadcrumbList","@id":"https:\/\/www.editorialclaret.cat\/producte\/camins-a-traves-de-la-depressio-9788498462074\/#breadcrumb","itemListElement":[{"@type":"ListItem","position":1,"name":"Portada","item":"https:\/\/www.editorialclaret.cat\/es\/"},{"@type":"ListItem","position":2,"name":"Botiga","item":"https:\/\/www.editorialclaret.cat\/?page_id=16"},{"@type":"ListItem","position":3,"name":"CAMINS A TRAV\u00c9S DE LA DEPRESSI\u00d3"}]},{"@type":"WebSite","@id":"https:\/\/www.editorialclaret.cat\/#website","url":"https:\/\/www.editorialclaret.cat\/","name":"Editorial Claret","description":"","publisher":{"@id":"https:\/\/www.editorialclaret.cat\/#organization"},"potentialAction":[{"@type":"SearchAction","target":{"@type":"EntryPoint","urlTemplate":"https:\/\/www.editorialclaret.cat\/?s={search_term_string}"},"query-input":{"@type":"PropertyValueSpecification","valueRequired":true,"valueName":"search_term_string"}}],"inLanguage":"es"},{"@type":"Organization","@id":"https:\/\/www.editorialclaret.cat\/#organization","name":"Editorial Claret","url":"https:\/\/www.editorialclaret.cat\/","logo":{"@type":"ImageObject","inLanguage":"es","@id":"https:\/\/www.editorialclaret.cat\/#\/schema\/logo\/image\/","url":"https:\/\/www.editorialclaret.cat\/wp-content\/uploads\/.\/logo-claret.png","contentUrl":"https:\/\/www.editorialclaret.cat\/wp-content\/uploads\/.\/logo-claret.png","width":194,"height":79,"caption":"Editorial Claret"},"image":{"@id":"https:\/\/www.editorialclaret.cat\/#\/schema\/logo\/image\/"}}]}},"_links":{"self":[{"href":"https:\/\/www.editorialclaret.cat\/es\/wp-json\/wp\/v2\/product\/48282","targetHints":{"allow":["GET"]}}],"collection":[{"href":"https:\/\/www.editorialclaret.cat\/es\/wp-json\/wp\/v2\/product"}],"about":[{"href":"https:\/\/www.editorialclaret.cat\/es\/wp-json\/wp\/v2\/types\/product"}],"wp:featuredmedia":[{"embeddable":true,"href":"https:\/\/www.editorialclaret.cat\/es\/wp-json\/wp\/v2\/media\/48283"}],"wp:attachment":[{"href":"https:\/\/www.editorialclaret.cat\/es\/wp-json\/wp\/v2\/media?parent=48282"}],"wp:term":[{"taxonomy":"product_brand","embeddable":true,"href":"https:\/\/www.editorialclaret.cat\/es\/wp-json\/wp\/v2\/product_brand?post=48282"},{"taxonomy":"product_cat","embeddable":true,"href":"https:\/\/www.editorialclaret.cat\/es\/wp-json\/wp\/v2\/product_cat?post=48282"},{"taxonomy":"product_tag","embeddable":true,"href":"https:\/\/www.editorialclaret.cat\/es\/wp-json\/wp\/v2\/product_tag?post=48282"}],"curies":[{"name":"wp","href":"https:\/\/api.w.org\/{rel}","templated":true}]}}

CAMINS A TRAVÉS DE LA DEPRESSIÓ

<p>Fa de mal dir per què les depressions augmenten a la nostra societat. Segurament hi ha més d’una causa. Moltes persones senten que se’ls demana massa, ja sigui a la feina, a la família i a l’educació dels fills o en la superació dels reptes que els planteja la vida. En un món on gairebé tot sembla factible, l’esperit reacciona amb depressió, perquè s’adona que no tot depèn de la nostra voluntat.<br />L’autor d’aquest llibre està convençut que la depressió és un repte espiritual i que el camí espiritual pot ajudar a tractar-la. La pregària té poders curatius i pot contribuir, reforçant altres teràpies psicològiques i farmacològiques, que les persones que pateixen depressió se’n puguin sortir.</p>

<p>GRÜN, ANSELM</p>

GRÜN, ANSELM

Rústica

<!-- This site is optimized with the Yoast SEO plugin v27.3 - https://yoast.com/product/yoast-seo-wordpress/ -->
<title>Editorial Claret</title>
<meta name="robots" content="noindex, follow, max-snippet:-1, max-image-preview:large, max-video-preview:-1" />
<meta property="og:locale" content="es_ES" />
<meta property="og:type" content="article" />
<meta property="og:title" content="CAMINS A TRAVÉS DE LA DEPRESSIÓ - Editorial Claret" />
<meta property="og:description" content="GRÜN, ANSELM" />
<meta property="og:url" content="https://www.editorialclaret.cat/producte/camins-a-traves-de-la-depressio-9788498462074/" />
<meta property="og:site_name" content="Editorial Claret" />
<meta property="article:modified_time" content="2024-12-21T17:51:14+00:00" />
<meta property="og:image" content="https://www.editorialclaret.cat/wp-content/uploads/./9788498462074.png" />
	<meta property="og:image:width" content="225" />
	<meta property="og:image:height" content="333" />
	<meta property="og:image:type" content="image/png" />
<meta name="twitter:card" content="summary_large_image" />
<meta name="twitter:label1" content="Tiempo de lectura" />
	<meta name="twitter:data1" content="1 minuto" />
<script type="application/ld+json" class="yoast-schema-graph">{"@context":"https:\/\/schema.org","@graph":[{"@type":"WebPage","@id":"https:\/\/www.editorialclaret.cat\/producte\/camins-a-traves-de-la-depressio-9788498462074\/","url":"https:\/\/www.editorialclaret.cat\/producte\/camins-a-traves-de-la-depressio-9788498462074\/","name":"CAMINS A TRAVÉS DE LA DEPRESSIÓ - Editorial Claret","isPartOf":{"@id":"https:\/\/www.editorialclaret.cat\/#website"},"primaryImageOfPage":{"@id":"https:\/\/www.editorialclaret.cat\/producte\/camins-a-traves-de-la-depressio-9788498462074\/#primaryimage"},"image":{"@id":"https:\/\/www.editorialclaret.cat\/producte\/camins-a-traves-de-la-depressio-9788498462074\/#primaryimage"},"thumbnailUrl":"https:\/\/www.editorialclaret.cat\/wp-content\/uploads\/.\/9788498462074.png","datePublished":"2022-11-07T06:50:52+00:00","dateModified":"2024-12-21T17:51:14+00:00","breadcrumb":{"@id":"https:\/\/www.editorialclaret.cat\/producte\/camins-a-traves-de-la-depressio-9788498462074\/#breadcrumb"},"inLanguage":"es","potentialAction":[{"@type":"ReadAction","target":["https:\/\/www.editorialclaret.cat\/producte\/camins-a-traves-de-la-depressio-9788498462074\/"]}]},{"@type":"ImageObject","inLanguage":"es","@id":"https:\/\/www.editorialclaret.cat\/producte\/camins-a-traves-de-la-depressio-9788498462074\/#primaryimage","url":"https:\/\/www.editorialclaret.cat\/wp-content\/uploads\/.\/9788498462074.png","contentUrl":"https:\/\/www.editorialclaret.cat\/wp-content\/uploads\/.\/9788498462074.png","width":225,"height":333,"caption":"9788498462074.png"},{"@type":"BreadcrumbList","@id":"https:\/\/www.editorialclaret.cat\/producte\/camins-a-traves-de-la-depressio-9788498462074\/#breadcrumb","itemListElement":[{"@type":"ListItem","position":1,"name":"Portada","item":"https:\/\/www.editorialclaret.cat\/es\/"},{"@type":"ListItem","position":2,"name":"Botiga","item":"https:\/\/www.editorialclaret.cat\/?page_id=16"},{"@type":"ListItem","position":3,"name":"CAMINS A TRAVÉS DE LA DEPRESSIÓ"}]},{"@type":"WebSite","@id":"https:\/\/www.editorialclaret.cat\/#website","url":"https:\/\/www.editorialclaret.cat\/","name":"Editorial Claret","description":"","publisher":{"@id":"https:\/\/www.editorialclaret.cat\/#organization"},"potentialAction":[{"@type":"SearchAction","target":{"@type":"EntryPoint","urlTemplate":"https:\/\/www.editorialclaret.cat\/?s={search_term_string}"},"query-input":{"@type":"PropertyValueSpecification","valueRequired":true,"valueName":"search_term_string"}}],"inLanguage":"es"},{"@type":"Organization","@id":"https:\/\/www.editorialclaret.cat\/#organization","name":"Editorial Claret","url":"https:\/\/www.editorialclaret.cat\/","logo":{"@type":"ImageObject","inLanguage":"es","@id":"https:\/\/www.editorialclaret.cat\/#\/schema\/logo\/image\/","url":"https:\/\/www.editorialclaret.cat\/wp-content\/uploads\/.\/logo-claret.png","contentUrl":"https:\/\/www.editorialclaret.cat\/wp-content\/uploads\/.\/logo-claret.png","width":194,"height":79,"caption":"Editorial Claret"},"image":{"@id":"https:\/\/www.editorialclaret.cat\/#\/schema\/logo\/image\/"}}]}</script>
<!-- / Yoast SEO plugin. -->

CAMINS A TRAVÉS DE LA DEPRESSIÓ - Editorial Claret
