{"id":48200,"date":"2022-11-07T07:49:23","date_gmt":"2022-11-07T06:49:23","guid":{"rendered":"http:\/\/dev.editorialclaret.cat\/producte\/pau-de-tars\/"},"modified":"2024-06-13T18:35:05","modified_gmt":"2024-06-13T16:35:05","slug":"pau-de-tars-9788498464153","status":"publish","type":"product","link":"https:\/\/www.editorialclaret.cat\/es\/producto\/pau-de-tars-9788498464153\/","title":{"rendered":"PAU DE TARS"},"content":{"rendered":"<p>\u2019ap\u00f2stol Pau \u00e9s \u00abl\u2019enfant terrible\u00bb del cristianisme. Se l\u2019acusa de tenir un esperit doctrinari, de ser un conservador aspre, antifeminista&#8230; \u00bf\u00c9s cert que Pau va canviar la pura religi\u00f3 del cor ensenyada per Jes\u00fas per un sistema doctrinal complex i tortu\u00f3s?<br \/>L\u2019Occident cristi\u00e0 no acaba d\u2019arreglar comptes amb ell i es consola amb la lectura dels evangelis, molt m\u00e9s simples que les ep\u00edstoles&#8230; I tanmateix, sense el seu geni a l\u2019hora de formular les veritats fonamentals de la fe nova, el cristianisme no hauria passat de ser una obscura secta.<br \/>Quin va ser, de fet, el lligam amb Jes\u00fas, del qual parla tan poc? \u00bf\u00c9s veritat que, exfariseu, renegat del judaisme, va conduir jueus i cristians a la ruptura? Quina va ser aquesta experi\u00e8ncia fulgurant que anomenem la seva \u00abconversi\u00f3\u00bb en el cam\u00ed de Damasc?<br \/>Aquest assaig repassa totes aquestes q\u00fcestions amb un esperit clarament divulgatiu, a l\u2019abast del gran p\u00fablic, i mostra la figura de Pau des d\u2019un angle ben original, partint de la seva experi\u00e8ncia de descoberta d\u2019un D\u00e9u trasbalsador, que ens acull a tots independentment de les nostres qualitats.<\/p>\n","protected":false},"excerpt":{"rendered":"<p>MARGUERAT, DANIEL<\/p>\n","protected":false},"featured_media":48201,"template":"","meta":{"_acf_changed":false,"rs_blank_template":"","rs_page_bg_color":"","slide_template_v7":"","inline_featured_image":false,"_monsterinsights_skip_tracking":false,"_monsterinsights_sitenote_active":false,"_monsterinsights_sitenote_note":"","_monsterinsights_sitenote_category":0},"product_brand":[],"product_cat":[16],"product_tag":[],"class_list":{"0":"post-48200","1":"product","2":"type-product","3":"status-publish","4":"has-post-thumbnail","6":"product_cat-sense-categoria","8":"first","9":"instock","10":"taxable","11":"shipping-taxable","12":"purchasable","13":"product-type-simple"},"acf":{"autor":"MARGUERAT, DANIEL","codart":"849846415","libros-coleccion":"GLOSSA","ediciones":"1","encuadernacion":"R\u00fastica","fecha_de_publicacion":"10\/05\/2010","novedad":"0","paginas":"127","subtitulo":"UN HOME CARA A CARA AMB D\u00c9U","orden":"999","portada":"0","idioma":"cat","autores-libros":[{"ID":46790,"post_author":"3","post_date":"2022-11-06 20:31:08","post_date_gmt":"2022-11-06 19:31:08","post_content":"","post_title":"DANIEL MARGUERAT","post_excerpt":"","post_status":"publish","comment_status":"closed","ping_status":"closed","post_password":"","post_name":"daniel-marguerat","to_ping":"","pinged":"","post_modified":"2022-11-06 20:31:08","post_modified_gmt":"2022-11-06 19:31:08","post_content_filtered":"","post_parent":0,"guid":"http:\/\/dev.editorialclaret.cat\/autor\/daniel-marguerat\/","menu_order":0,"post_type":"autor","post_mime_type":"","comment_count":"0","filter":"raw"}]},"yoast_head":"<!-- This site is optimized with the Yoast SEO plugin v27.3 - https:\/\/yoast.com\/product\/yoast-seo-wordpress\/ -->\n<title>Editorial Claret<\/title>\n<meta name=\"robots\" content=\"noindex, follow, max-snippet:-1, max-image-preview:large, max-video-preview:-1\" \/>\n<meta property=\"og:locale\" content=\"es_ES\" \/>\n<meta property=\"og:type\" content=\"article\" \/>\n<meta property=\"og:title\" content=\"PAU DE TARS - Editorial Claret\" \/>\n<meta property=\"og:description\" content=\"MARGUERAT, DANIEL\" \/>\n<meta property=\"og:url\" content=\"https:\/\/www.editorialclaret.cat\/producte\/pau-de-tars-9788498464153\/\" \/>\n<meta property=\"og:site_name\" content=\"Editorial Claret\" \/>\n<meta property=\"article:modified_time\" content=\"2024-06-13T16:35:05+00:00\" \/>\n<meta property=\"og:image\" content=\"https:\/\/www.editorialclaret.cat\/wp-content\/uploads\/.\/9788498464153.jpg\" \/>\n\t<meta property=\"og:image:width\" content=\"210\" \/>\n\t<meta property=\"og:image:height\" content=\"345\" \/>\n\t<meta property=\"og:image:type\" content=\"image\/jpeg\" \/>\n<meta name=\"twitter:card\" content=\"summary_large_image\" \/>\n<meta name=\"twitter:label1\" content=\"Tiempo de lectura\" \/>\n\t<meta name=\"twitter:data1\" content=\"1 minuto\" \/>\n<script type=\"application\/ld+json\" class=\"yoast-schema-graph\">{\"@context\":\"https:\\\/\\\/schema.org\",\"@graph\":[{\"@type\":\"WebPage\",\"@id\":\"https:\\\/\\\/www.editorialclaret.cat\\\/producte\\\/pau-de-tars-9788498464153\\\/\",\"url\":\"https:\\\/\\\/www.editorialclaret.cat\\\/producte\\\/pau-de-tars-9788498464153\\\/\",\"name\":\"PAU DE TARS - Editorial Claret\",\"isPartOf\":{\"@id\":\"https:\\\/\\\/www.editorialclaret.cat\\\/#website\"},\"primaryImageOfPage\":{\"@id\":\"https:\\\/\\\/www.editorialclaret.cat\\\/producte\\\/pau-de-tars-9788498464153\\\/#primaryimage\"},\"image\":{\"@id\":\"https:\\\/\\\/www.editorialclaret.cat\\\/producte\\\/pau-de-tars-9788498464153\\\/#primaryimage\"},\"thumbnailUrl\":\"https:\\\/\\\/www.editorialclaret.cat\\\/wp-content\\\/uploads\\\/.\\\/9788498464153.jpg\",\"datePublished\":\"2022-11-07T06:49:23+00:00\",\"dateModified\":\"2024-06-13T16:35:05+00:00\",\"breadcrumb\":{\"@id\":\"https:\\\/\\\/www.editorialclaret.cat\\\/producte\\\/pau-de-tars-9788498464153\\\/#breadcrumb\"},\"inLanguage\":\"es\",\"potentialAction\":[{\"@type\":\"ReadAction\",\"target\":[\"https:\\\/\\\/www.editorialclaret.cat\\\/producte\\\/pau-de-tars-9788498464153\\\/\"]}]},{\"@type\":\"ImageObject\",\"inLanguage\":\"es\",\"@id\":\"https:\\\/\\\/www.editorialclaret.cat\\\/producte\\\/pau-de-tars-9788498464153\\\/#primaryimage\",\"url\":\"https:\\\/\\\/www.editorialclaret.cat\\\/wp-content\\\/uploads\\\/.\\\/9788498464153.jpg\",\"contentUrl\":\"https:\\\/\\\/www.editorialclaret.cat\\\/wp-content\\\/uploads\\\/.\\\/9788498464153.jpg\",\"width\":210,\"height\":345,\"caption\":\"9788498464153.jpg\"},{\"@type\":\"BreadcrumbList\",\"@id\":\"https:\\\/\\\/www.editorialclaret.cat\\\/producte\\\/pau-de-tars-9788498464153\\\/#breadcrumb\",\"itemListElement\":[{\"@type\":\"ListItem\",\"position\":1,\"name\":\"Portada\",\"item\":\"https:\\\/\\\/www.editorialclaret.cat\\\/es\\\/\"},{\"@type\":\"ListItem\",\"position\":2,\"name\":\"Botiga\",\"item\":\"https:\\\/\\\/www.editorialclaret.cat\\\/?page_id=16\"},{\"@type\":\"ListItem\",\"position\":3,\"name\":\"PAU DE TARS\"}]},{\"@type\":\"WebSite\",\"@id\":\"https:\\\/\\\/www.editorialclaret.cat\\\/#website\",\"url\":\"https:\\\/\\\/www.editorialclaret.cat\\\/\",\"name\":\"Editorial Claret\",\"description\":\"\",\"publisher\":{\"@id\":\"https:\\\/\\\/www.editorialclaret.cat\\\/#organization\"},\"potentialAction\":[{\"@type\":\"SearchAction\",\"target\":{\"@type\":\"EntryPoint\",\"urlTemplate\":\"https:\\\/\\\/www.editorialclaret.cat\\\/?s={search_term_string}\"},\"query-input\":{\"@type\":\"PropertyValueSpecification\",\"valueRequired\":true,\"valueName\":\"search_term_string\"}}],\"inLanguage\":\"es\"},{\"@type\":\"Organization\",\"@id\":\"https:\\\/\\\/www.editorialclaret.cat\\\/#organization\",\"name\":\"Editorial Claret\",\"url\":\"https:\\\/\\\/www.editorialclaret.cat\\\/\",\"logo\":{\"@type\":\"ImageObject\",\"inLanguage\":\"es\",\"@id\":\"https:\\\/\\\/www.editorialclaret.cat\\\/#\\\/schema\\\/logo\\\/image\\\/\",\"url\":\"https:\\\/\\\/www.editorialclaret.cat\\\/wp-content\\\/uploads\\\/.\\\/logo-claret.png\",\"contentUrl\":\"https:\\\/\\\/www.editorialclaret.cat\\\/wp-content\\\/uploads\\\/.\\\/logo-claret.png\",\"width\":194,\"height\":79,\"caption\":\"Editorial Claret\"},\"image\":{\"@id\":\"https:\\\/\\\/www.editorialclaret.cat\\\/#\\\/schema\\\/logo\\\/image\\\/\"}}]}<\/script>\n<!-- \/ Yoast SEO plugin. -->","yoast_head_json":{"title":"Editorial Claret","robots":{"index":"noindex","follow":"follow","max-snippet":"max-snippet:-1","max-image-preview":"max-image-preview:large","max-video-preview":"max-video-preview:-1"},"og_locale":"es_ES","og_type":"article","og_title":"PAU DE TARS - Editorial Claret","og_description":"MARGUERAT, DANIEL","og_url":"https:\/\/www.editorialclaret.cat\/producte\/pau-de-tars-9788498464153\/","og_site_name":"Editorial Claret","article_modified_time":"2024-06-13T16:35:05+00:00","og_image":[{"width":210,"height":345,"url":"https:\/\/www.editorialclaret.cat\/wp-content\/uploads\/.\/9788498464153.jpg","type":"image\/jpeg"}],"twitter_card":"summary_large_image","twitter_misc":{"Tiempo de lectura":"1 minuto"},"schema":{"@context":"https:\/\/schema.org","@graph":[{"@type":"WebPage","@id":"https:\/\/www.editorialclaret.cat\/producte\/pau-de-tars-9788498464153\/","url":"https:\/\/www.editorialclaret.cat\/producte\/pau-de-tars-9788498464153\/","name":"PAU DE TARS - Editorial Claret","isPartOf":{"@id":"https:\/\/www.editorialclaret.cat\/#website"},"primaryImageOfPage":{"@id":"https:\/\/www.editorialclaret.cat\/producte\/pau-de-tars-9788498464153\/#primaryimage"},"image":{"@id":"https:\/\/www.editorialclaret.cat\/producte\/pau-de-tars-9788498464153\/#primaryimage"},"thumbnailUrl":"https:\/\/www.editorialclaret.cat\/wp-content\/uploads\/.\/9788498464153.jpg","datePublished":"2022-11-07T06:49:23+00:00","dateModified":"2024-06-13T16:35:05+00:00","breadcrumb":{"@id":"https:\/\/www.editorialclaret.cat\/producte\/pau-de-tars-9788498464153\/#breadcrumb"},"inLanguage":"es","potentialAction":[{"@type":"ReadAction","target":["https:\/\/www.editorialclaret.cat\/producte\/pau-de-tars-9788498464153\/"]}]},{"@type":"ImageObject","inLanguage":"es","@id":"https:\/\/www.editorialclaret.cat\/producte\/pau-de-tars-9788498464153\/#primaryimage","url":"https:\/\/www.editorialclaret.cat\/wp-content\/uploads\/.\/9788498464153.jpg","contentUrl":"https:\/\/www.editorialclaret.cat\/wp-content\/uploads\/.\/9788498464153.jpg","width":210,"height":345,"caption":"9788498464153.jpg"},{"@type":"BreadcrumbList","@id":"https:\/\/www.editorialclaret.cat\/producte\/pau-de-tars-9788498464153\/#breadcrumb","itemListElement":[{"@type":"ListItem","position":1,"name":"Portada","item":"https:\/\/www.editorialclaret.cat\/es\/"},{"@type":"ListItem","position":2,"name":"Botiga","item":"https:\/\/www.editorialclaret.cat\/?page_id=16"},{"@type":"ListItem","position":3,"name":"PAU DE TARS"}]},{"@type":"WebSite","@id":"https:\/\/www.editorialclaret.cat\/#website","url":"https:\/\/www.editorialclaret.cat\/","name":"Editorial Claret","description":"","publisher":{"@id":"https:\/\/www.editorialclaret.cat\/#organization"},"potentialAction":[{"@type":"SearchAction","target":{"@type":"EntryPoint","urlTemplate":"https:\/\/www.editorialclaret.cat\/?s={search_term_string}"},"query-input":{"@type":"PropertyValueSpecification","valueRequired":true,"valueName":"search_term_string"}}],"inLanguage":"es"},{"@type":"Organization","@id":"https:\/\/www.editorialclaret.cat\/#organization","name":"Editorial Claret","url":"https:\/\/www.editorialclaret.cat\/","logo":{"@type":"ImageObject","inLanguage":"es","@id":"https:\/\/www.editorialclaret.cat\/#\/schema\/logo\/image\/","url":"https:\/\/www.editorialclaret.cat\/wp-content\/uploads\/.\/logo-claret.png","contentUrl":"https:\/\/www.editorialclaret.cat\/wp-content\/uploads\/.\/logo-claret.png","width":194,"height":79,"caption":"Editorial Claret"},"image":{"@id":"https:\/\/www.editorialclaret.cat\/#\/schema\/logo\/image\/"}}]}},"_links":{"self":[{"href":"https:\/\/www.editorialclaret.cat\/es\/wp-json\/wp\/v2\/product\/48200","targetHints":{"allow":["GET"]}}],"collection":[{"href":"https:\/\/www.editorialclaret.cat\/es\/wp-json\/wp\/v2\/product"}],"about":[{"href":"https:\/\/www.editorialclaret.cat\/es\/wp-json\/wp\/v2\/types\/product"}],"wp:featuredmedia":[{"embeddable":true,"href":"https:\/\/www.editorialclaret.cat\/es\/wp-json\/wp\/v2\/media\/48201"}],"wp:attachment":[{"href":"https:\/\/www.editorialclaret.cat\/es\/wp-json\/wp\/v2\/media?parent=48200"}],"wp:term":[{"taxonomy":"product_brand","embeddable":true,"href":"https:\/\/www.editorialclaret.cat\/es\/wp-json\/wp\/v2\/product_brand?post=48200"},{"taxonomy":"product_cat","embeddable":true,"href":"https:\/\/www.editorialclaret.cat\/es\/wp-json\/wp\/v2\/product_cat?post=48200"},{"taxonomy":"product_tag","embeddable":true,"href":"https:\/\/www.editorialclaret.cat\/es\/wp-json\/wp\/v2\/product_tag?post=48200"}],"curies":[{"name":"wp","href":"https:\/\/api.w.org\/{rel}","templated":true}]}}

<p>’apòstol Pau és «l’enfant terrible» del cristianisme. Se l’acusa de tenir un esperit doctrinari, de ser un conservador aspre, antifeminista&#8230; ¿És cert que Pau va canviar la pura religió del cor ensenyada per Jesús per un sistema doctrinal complex i tortuós?<br />L’Occident cristià no acaba d’arreglar comptes amb ell i es consola amb la lectura dels evangelis, molt més simples que les epístoles&#8230; I tanmateix, sense el seu geni a l’hora de formular les veritats fonamentals de la fe nova, el cristianisme no hauria passat de ser una obscura secta.<br />Quin va ser, de fet, el lligam amb Jesús, del qual parla tan poc? ¿És veritat que, exfariseu, renegat del judaisme, va conduir jueus i cristians a la ruptura? Quina va ser aquesta experiència fulgurant que anomenem la seva «conversió» en el camí de Damasc?<br />Aquest assaig repassa totes aquestes qüestions amb un esperit clarament divulgatiu, a l’abast del gran públic, i mostra la figura de Pau des d’un angle ben original, partint de la seva experiència de descoberta d’un Déu trasbalsador, que ens acull a tots independentment de les nostres qualitats.</p>

Rústica

UN HOME CARA A CARA AMB DÉU
