{"id":48179,"date":"2022-11-07T07:49:02","date_gmt":"2022-11-07T06:49:02","guid":{"rendered":"http:\/\/dev.editorialclaret.cat\/producte\/llibre-del-silenci\/"},"modified":"2026-02-19T18:58:47","modified_gmt":"2026-02-19T17:58:47","slug":"llibre-del-silenci-9788498464269","status":"publish","type":"product","link":"https:\/\/www.editorialclaret.cat\/es\/producto\/llibre-del-silenci-9788498464269\/","title":{"rendered":"LLIBRE DEL SILENCI"},"content":{"rendered":"<p>Pregar amb els Salms i rellegir Lluc, pausadament, \u00e9s una del\u00edcia. Si ho proveu, no cal passar-hi molt de temps, ni fer lectures llargues, ni endinsar-se per camins exeg\u00e8tics complicats. De fet, amb un verset o dos, o amb un senzill fragment n\u2019hi ha ben b\u00e9 prou perqu\u00e8, durant el dia, ens acompanyi dins del cor (Lc 2,51) i, de tant en tant, com una aroma el sentis pujar a flor de llavis. L\u2019autor ha fet una tria de textos molt breus que il\u00b7lustra amb poemes, escrits originalment per acompanyar la catequesi d\u2019adults, i que recull aqu\u00ed per tal de fer-ne una eina per a la preg\u00e0ria.<\/p>\n<p>Ramon Rius i Mosoll, nascut a Montfalc\u00f3 Murallat (La Segarra) el 1946, viu a Terrassa des de 1987, \u00e9s casat i t\u00e9 tres fills. En el terreny literari, conrea el relat curt, l&#8217;assaig, el conte i, sobretot, la poesia. En el camp po\u00e8tic ha estat premiat, entre d\u2019altres, pels seg\u00fcents poemaris: Cartes del meu pare, Sota la pell, Amb flor dels ametllers, Terra de Passi\u00f3, Dies als ulls, i Jard\u00ed dels incendis. Ha publicat tamb\u00e9 El pessebre de la mare (Claret, 2a ed., (1998), Converses amb Josep Espriu (1990-2004) i Parr\u00f2quia de la Sagrada Famil\u00eda: quaranta anys d&#8217;hist\u00f2ria i vida (Terrassa, 1932-1972) (2008). Actualment \u00e9s col\u00b7laborador de la publicaci\u00f3 La Missa de cada dia, on fa les introduccions dels diumenges i festius.<\/p>\n","protected":false},"excerpt":{"rendered":"<p>RIUS I MOSOLL, RAMON<\/p>\n","protected":false},"featured_media":70520,"template":"","meta":{"_acf_changed":false,"rs_blank_template":"","rs_page_bg_color":"","slide_template_v7":"","inline_featured_image":false,"_monsterinsights_skip_tracking":false,"_monsterinsights_sitenote_active":false,"_monsterinsights_sitenote_note":"","_monsterinsights_sitenote_category":0},"product_brand":[],"product_cat":[1096,859],"product_tag":[],"class_list":{"0":"post-48179","1":"product","2":"type-product","3":"status-publish","4":"has-post-thumbnail","6":"product_cat-poesia-otras","7":"product_cat-poesia","9":"first","10":"instock","11":"taxable","12":"shipping-taxable","13":"purchasable","14":"product-type-simple"},"acf":{"autor":"RIUS I MOSOLL, RAMON","codart":"849846426","libros-coleccion":"","ediciones":"1","encuadernacion":"R\u00fastica","fecha_de_publicacion":"21\/07\/2010","novedad":"0","paginas":"62","subtitulo":"","orden":"999","portada":"0","idioma":"cat","autores-libros":[{"ID":47051,"post_author":"3","post_date":"2022-11-06 20:33:09","post_date_gmt":"2022-11-06 19:33:09","post_content":"","post_title":"RAMON RIUS I MOSOLL","post_excerpt":"","post_status":"publish","comment_status":"closed","ping_status":"closed","post_password":"","post_name":"ramon-rius-i-mosoll","to_ping":"","pinged":"","post_modified":"2022-11-06 20:33:09","post_modified_gmt":"2022-11-06 19:33:09","post_content_filtered":"","post_parent":0,"guid":"http:\/\/dev.editorialclaret.cat\/autor\/ramon-rius-i-mosoll\/","menu_order":0,"post_type":"autor","post_mime_type":"","comment_count":"0","filter":"raw"}],"booktrailer":"","resenas":""},"yoast_head":"<!-- This site is optimized with the Yoast SEO plugin v27.3 - https:\/\/yoast.com\/product\/yoast-seo-wordpress\/ -->\n<title>Editorial Claret<\/title>\n<meta name=\"robots\" content=\"noindex, follow, max-snippet:-1, max-image-preview:large, max-video-preview:-1\" \/>\n<meta property=\"og:locale\" content=\"es_ES\" \/>\n<meta property=\"og:type\" content=\"article\" \/>\n<meta property=\"og:title\" content=\"LLIBRE DEL SILENCI - Editorial Claret\" \/>\n<meta property=\"og:description\" content=\"RIUS I MOSOLL, RAMON\" \/>\n<meta property=\"og:url\" content=\"https:\/\/www.editorialclaret.cat\/producte\/llibre-del-silenci-9788498464269\/\" \/>\n<meta property=\"og:site_name\" content=\"Editorial Claret\" \/>\n<meta property=\"article:modified_time\" content=\"2026-02-19T17:58:47+00:00\" \/>\n<meta property=\"og:image\" content=\"https:\/\/www.editorialclaret.cat\/wp-content\/uploads\/9788498464269-2.jpg\" \/>\n\t<meta property=\"og:image:width\" content=\"350\" \/>\n\t<meta property=\"og:image:height\" content=\"557\" \/>\n\t<meta property=\"og:image:type\" content=\"image\/jpeg\" \/>\n<meta name=\"twitter:card\" content=\"summary_large_image\" \/>\n<meta name=\"twitter:label1\" content=\"Tiempo de lectura\" \/>\n\t<meta name=\"twitter:data1\" content=\"1 minuto\" \/>\n<script type=\"application\/ld+json\" class=\"yoast-schema-graph\">{\"@context\":\"https:\\\/\\\/schema.org\",\"@graph\":[{\"@type\":\"WebPage\",\"@id\":\"https:\\\/\\\/www.editorialclaret.cat\\\/producte\\\/llibre-del-silenci-9788498464269\\\/\",\"url\":\"https:\\\/\\\/www.editorialclaret.cat\\\/producte\\\/llibre-del-silenci-9788498464269\\\/\",\"name\":\"LLIBRE DEL SILENCI - Editorial Claret\",\"isPartOf\":{\"@id\":\"https:\\\/\\\/www.editorialclaret.cat\\\/#website\"},\"primaryImageOfPage\":{\"@id\":\"https:\\\/\\\/www.editorialclaret.cat\\\/producte\\\/llibre-del-silenci-9788498464269\\\/#primaryimage\"},\"image\":{\"@id\":\"https:\\\/\\\/www.editorialclaret.cat\\\/producte\\\/llibre-del-silenci-9788498464269\\\/#primaryimage\"},\"thumbnailUrl\":\"https:\\\/\\\/www.editorialclaret.cat\\\/wp-content\\\/uploads\\\/9788498464269-2.jpg\",\"datePublished\":\"2022-11-07T06:49:02+00:00\",\"dateModified\":\"2026-02-19T17:58:47+00:00\",\"breadcrumb\":{\"@id\":\"https:\\\/\\\/www.editorialclaret.cat\\\/producte\\\/llibre-del-silenci-9788498464269\\\/#breadcrumb\"},\"inLanguage\":\"es\",\"potentialAction\":[{\"@type\":\"ReadAction\",\"target\":[\"https:\\\/\\\/www.editorialclaret.cat\\\/producte\\\/llibre-del-silenci-9788498464269\\\/\"]}]},{\"@type\":\"ImageObject\",\"inLanguage\":\"es\",\"@id\":\"https:\\\/\\\/www.editorialclaret.cat\\\/producte\\\/llibre-del-silenci-9788498464269\\\/#primaryimage\",\"url\":\"https:\\\/\\\/www.editorialclaret.cat\\\/wp-content\\\/uploads\\\/9788498464269-2.jpg\",\"contentUrl\":\"https:\\\/\\\/www.editorialclaret.cat\\\/wp-content\\\/uploads\\\/9788498464269-2.jpg\",\"width\":350,\"height\":557,\"caption\":\"9788498464269.jpg\"},{\"@type\":\"BreadcrumbList\",\"@id\":\"https:\\\/\\\/www.editorialclaret.cat\\\/producte\\\/llibre-del-silenci-9788498464269\\\/#breadcrumb\",\"itemListElement\":[{\"@type\":\"ListItem\",\"position\":1,\"name\":\"Portada\",\"item\":\"https:\\\/\\\/www.editorialclaret.cat\\\/es\\\/\"},{\"@type\":\"ListItem\",\"position\":2,\"name\":\"Botiga\",\"item\":\"https:\\\/\\\/www.editorialclaret.cat\\\/?page_id=16\"},{\"@type\":\"ListItem\",\"position\":3,\"name\":\"LLIBRE DEL SILENCI\"}]},{\"@type\":\"WebSite\",\"@id\":\"https:\\\/\\\/www.editorialclaret.cat\\\/#website\",\"url\":\"https:\\\/\\\/www.editorialclaret.cat\\\/\",\"name\":\"Editorial Claret\",\"description\":\"\",\"publisher\":{\"@id\":\"https:\\\/\\\/www.editorialclaret.cat\\\/#organization\"},\"potentialAction\":[{\"@type\":\"SearchAction\",\"target\":{\"@type\":\"EntryPoint\",\"urlTemplate\":\"https:\\\/\\\/www.editorialclaret.cat\\\/?s={search_term_string}\"},\"query-input\":{\"@type\":\"PropertyValueSpecification\",\"valueRequired\":true,\"valueName\":\"search_term_string\"}}],\"inLanguage\":\"es\"},{\"@type\":\"Organization\",\"@id\":\"https:\\\/\\\/www.editorialclaret.cat\\\/#organization\",\"name\":\"Editorial Claret\",\"url\":\"https:\\\/\\\/www.editorialclaret.cat\\\/\",\"logo\":{\"@type\":\"ImageObject\",\"inLanguage\":\"es\",\"@id\":\"https:\\\/\\\/www.editorialclaret.cat\\\/#\\\/schema\\\/logo\\\/image\\\/\",\"url\":\"https:\\\/\\\/www.editorialclaret.cat\\\/wp-content\\\/uploads\\\/.\\\/logo-claret.png\",\"contentUrl\":\"https:\\\/\\\/www.editorialclaret.cat\\\/wp-content\\\/uploads\\\/.\\\/logo-claret.png\",\"width\":194,\"height\":79,\"caption\":\"Editorial Claret\"},\"image\":{\"@id\":\"https:\\\/\\\/www.editorialclaret.cat\\\/#\\\/schema\\\/logo\\\/image\\\/\"}}]}<\/script>\n<!-- \/ Yoast SEO plugin. -->","yoast_head_json":{"title":"Editorial Claret","robots":{"index":"noindex","follow":"follow","max-snippet":"max-snippet:-1","max-image-preview":"max-image-preview:large","max-video-preview":"max-video-preview:-1"},"og_locale":"es_ES","og_type":"article","og_title":"LLIBRE DEL SILENCI - Editorial Claret","og_description":"RIUS I MOSOLL, RAMON","og_url":"https:\/\/www.editorialclaret.cat\/producte\/llibre-del-silenci-9788498464269\/","og_site_name":"Editorial Claret","article_modified_time":"2026-02-19T17:58:47+00:00","og_image":[{"width":350,"height":557,"url":"https:\/\/www.editorialclaret.cat\/wp-content\/uploads\/9788498464269-2.jpg","type":"image\/jpeg"}],"twitter_card":"summary_large_image","twitter_misc":{"Tiempo de lectura":"1 minuto"},"schema":{"@context":"https:\/\/schema.org","@graph":[{"@type":"WebPage","@id":"https:\/\/www.editorialclaret.cat\/producte\/llibre-del-silenci-9788498464269\/","url":"https:\/\/www.editorialclaret.cat\/producte\/llibre-del-silenci-9788498464269\/","name":"LLIBRE DEL SILENCI - Editorial Claret","isPartOf":{"@id":"https:\/\/www.editorialclaret.cat\/#website"},"primaryImageOfPage":{"@id":"https:\/\/www.editorialclaret.cat\/producte\/llibre-del-silenci-9788498464269\/#primaryimage"},"image":{"@id":"https:\/\/www.editorialclaret.cat\/producte\/llibre-del-silenci-9788498464269\/#primaryimage"},"thumbnailUrl":"https:\/\/www.editorialclaret.cat\/wp-content\/uploads\/9788498464269-2.jpg","datePublished":"2022-11-07T06:49:02+00:00","dateModified":"2026-02-19T17:58:47+00:00","breadcrumb":{"@id":"https:\/\/www.editorialclaret.cat\/producte\/llibre-del-silenci-9788498464269\/#breadcrumb"},"inLanguage":"es","potentialAction":[{"@type":"ReadAction","target":["https:\/\/www.editorialclaret.cat\/producte\/llibre-del-silenci-9788498464269\/"]}]},{"@type":"ImageObject","inLanguage":"es","@id":"https:\/\/www.editorialclaret.cat\/producte\/llibre-del-silenci-9788498464269\/#primaryimage","url":"https:\/\/www.editorialclaret.cat\/wp-content\/uploads\/9788498464269-2.jpg","contentUrl":"https:\/\/www.editorialclaret.cat\/wp-content\/uploads\/9788498464269-2.jpg","width":350,"height":557,"caption":"9788498464269.jpg"},{"@type":"BreadcrumbList","@id":"https:\/\/www.editorialclaret.cat\/producte\/llibre-del-silenci-9788498464269\/#breadcrumb","itemListElement":[{"@type":"ListItem","position":1,"name":"Portada","item":"https:\/\/www.editorialclaret.cat\/es\/"},{"@type":"ListItem","position":2,"name":"Botiga","item":"https:\/\/www.editorialclaret.cat\/?page_id=16"},{"@type":"ListItem","position":3,"name":"LLIBRE DEL SILENCI"}]},{"@type":"WebSite","@id":"https:\/\/www.editorialclaret.cat\/#website","url":"https:\/\/www.editorialclaret.cat\/","name":"Editorial Claret","description":"","publisher":{"@id":"https:\/\/www.editorialclaret.cat\/#organization"},"potentialAction":[{"@type":"SearchAction","target":{"@type":"EntryPoint","urlTemplate":"https:\/\/www.editorialclaret.cat\/?s={search_term_string}"},"query-input":{"@type":"PropertyValueSpecification","valueRequired":true,"valueName":"search_term_string"}}],"inLanguage":"es"},{"@type":"Organization","@id":"https:\/\/www.editorialclaret.cat\/#organization","name":"Editorial Claret","url":"https:\/\/www.editorialclaret.cat\/","logo":{"@type":"ImageObject","inLanguage":"es","@id":"https:\/\/www.editorialclaret.cat\/#\/schema\/logo\/image\/","url":"https:\/\/www.editorialclaret.cat\/wp-content\/uploads\/.\/logo-claret.png","contentUrl":"https:\/\/www.editorialclaret.cat\/wp-content\/uploads\/.\/logo-claret.png","width":194,"height":79,"caption":"Editorial Claret"},"image":{"@id":"https:\/\/www.editorialclaret.cat\/#\/schema\/logo\/image\/"}}]}},"_links":{"self":[{"href":"https:\/\/www.editorialclaret.cat\/es\/wp-json\/wp\/v2\/product\/48179","targetHints":{"allow":["GET"]}}],"collection":[{"href":"https:\/\/www.editorialclaret.cat\/es\/wp-json\/wp\/v2\/product"}],"about":[{"href":"https:\/\/www.editorialclaret.cat\/es\/wp-json\/wp\/v2\/types\/product"}],"wp:featuredmedia":[{"embeddable":true,"href":"https:\/\/www.editorialclaret.cat\/es\/wp-json\/wp\/v2\/media\/70520"}],"wp:attachment":[{"href":"https:\/\/www.editorialclaret.cat\/es\/wp-json\/wp\/v2\/media?parent=48179"}],"wp:term":[{"taxonomy":"product_brand","embeddable":true,"href":"https:\/\/www.editorialclaret.cat\/es\/wp-json\/wp\/v2\/product_brand?post=48179"},{"taxonomy":"product_cat","embeddable":true,"href":"https:\/\/www.editorialclaret.cat\/es\/wp-json\/wp\/v2\/product_cat?post=48179"},{"taxonomy":"product_tag","embeddable":true,"href":"https:\/\/www.editorialclaret.cat\/es\/wp-json\/wp\/v2\/product_tag?post=48179"}],"curies":[{"name":"wp","href":"https:\/\/api.w.org\/{rel}","templated":true}]}}

<p>Pregar amb els Salms i rellegir Lluc, pausadament, és una delícia. Si ho proveu, no cal passar-hi molt de temps, ni fer lectures llargues, ni endinsar-se per camins exegètics complicats. De fet, amb un verset o dos, o amb un senzill fragment n’hi ha ben bé prou perquè, durant el dia, ens acompanyi dins del cor (Lc 2,51) i, de tant en tant, com una aroma el sentis pujar a flor de llavis. L’autor ha fet una tria de textos molt breus que il·lustra amb poemes, escrits originalment per acompanyar la catequesi d’adults, i que recull aquí per tal de fer-ne una eina per a la pregària.</p>
<p>Ramon Rius i Mosoll, nascut a Montfalcó Murallat (La Segarra) el 1946, viu a Terrassa des de 1987, és casat i té tres fills. En el terreny literari, conrea el relat curt, l&#8217;assaig, el conte i, sobretot, la poesia. En el camp poètic ha estat premiat, entre d’altres, pels següents poemaris: Cartes del meu pare, Sota la pell, Amb flor dels ametllers, Terra de Passió, Dies als ulls, i Jardí dels incendis. Ha publicat també El pessebre de la mare (Claret, 2a ed., (1998), Converses amb Josep Espriu (1990-2004) i Parròquia de la Sagrada Familía: quaranta anys d&#8217;història i vida (Terrassa, 1932-1972) (2008). Actualment és col·laborador de la publicació La Missa de cada dia, on fa les introduccions dels diumenges i festius.</p>

Rústica
