{"id":48164,"date":"2022-11-07T07:48:46","date_gmt":"2022-11-07T06:48:46","guid":{"rendered":"http:\/\/dev.editorialclaret.cat\/producte\/la-vida-humana-en-el-medi-tecnic\/"},"modified":"2024-05-22T13:08:50","modified_gmt":"2024-05-22T11:08:50","slug":"la-vida-humana-en-el-medi-tecnic-9788498463880","status":"publish","type":"product","link":"https:\/\/www.editorialclaret.cat\/es\/producto\/la-vida-humana-en-el-medi-tecnic-9788498463880\/","title":{"rendered":"LA VIDA HUMANA EN EL MEDI T\u00c8CNIC"},"content":{"rendered":"<p>Durant els dos \u00faltims segles de progr\u00e9s cient\u00edfic i tecnol\u00f2gic i de creixement econ\u00f2mic, s\u2019ha caigut en l\u2019error de tenir una fe gaireb\u00e9 cega en la tecnologia i en la ci\u00e8ncia. Hem identificat progr\u00e9s amb desenvolupament tecnol\u00f2gic. Jacques Ellul, membre del que s\u2019ha denominat escola francesa de tecnologia, \u00e9s un dels pensadors del segle XX que m\u00e9s ha reflexionat sobre les transformacions que experimenta l\u2019\u00e9sser hum\u00e0 en el medi t\u00e8cnic. Ellul creu que el pensament tecnol\u00f2gic ha bandejat i ofegat altres dimensions de la persona humana (po\u00e8tica, emotiva, simb\u00f2lica, religiosa&#8230;), i considera que els aven\u00e7os tecnol\u00f2gics generen m\u00e9s problemes que no pas resolen. Per corregir aquesta situaci\u00f3, proposa una \u00e8tica del no-poder, que planteja la ren\u00fancia expressa a realitzar tot all\u00f2 que la tecnologia fa possible, sentant aix\u00ed les bases del decreixement i de l\u2019ecologia pol\u00edtica.<\/p>\n","protected":false},"excerpt":{"rendered":"<p>FLORENSA, ALBERT<\/p>\n","protected":false},"featured_media":48165,"template":"","meta":{"_acf_changed":false,"rs_blank_template":"","rs_page_bg_color":"","slide_template_v7":"","inline_featured_image":false,"_monsterinsights_skip_tracking":false,"_monsterinsights_sitenote_active":false,"_monsterinsights_sitenote_note":"","_monsterinsights_sitenote_category":0},"product_brand":[],"product_cat":[842,1079],"product_tag":[],"class_list":{"0":"post-48164","1":"product","2":"type-product","3":"status-publish","4":"has-post-thumbnail","6":"product_cat-ciencia","7":"product_cat-ciencia-otras","9":"first","10":"instock","11":"taxable","12":"shipping-taxable","13":"purchasable","14":"product-type-simple"},"acf":{"autor":"FLORENSA, ALBERT","codart":"849846388","libros-coleccion":"","ediciones":"1","encuadernacion":"R\u00fastica","fecha_de_publicacion":"02\/11\/2010","novedad":"0","paginas":"286","subtitulo":"EL PENSAMENT DE JACQUES ELLUL","orden":"999","portada":"0","idioma":"cat","autores-libros":[{"ID":46716,"post_author":"3","post_date":"2022-11-06 20:30:35","post_date_gmt":"2022-11-06 19:30:35","post_content":"","post_title":"ALBERT FLORENSA","post_excerpt":"","post_status":"publish","comment_status":"closed","ping_status":"closed","post_password":"","post_name":"albert-florensa","to_ping":"","pinged":"","post_modified":"2022-11-06 20:30:35","post_modified_gmt":"2022-11-06 19:30:35","post_content_filtered":"","post_parent":0,"guid":"http:\/\/dev.editorialclaret.cat\/autor\/albert-florensa\/","menu_order":0,"post_type":"autor","post_mime_type":"","comment_count":"0","filter":"raw"}]},"yoast_head":"<!-- This site is optimized with the Yoast SEO plugin v27.3 - https:\/\/yoast.com\/product\/yoast-seo-wordpress\/ -->\n<title>Editorial Claret<\/title>\n<meta name=\"robots\" content=\"noindex, follow, max-snippet:-1, max-image-preview:large, max-video-preview:-1\" \/>\n<meta property=\"og:locale\" content=\"es_ES\" \/>\n<meta property=\"og:type\" content=\"article\" \/>\n<meta property=\"og:title\" content=\"LA VIDA HUMANA EN EL MEDI T\u00c8CNIC - Editorial Claret\" \/>\n<meta property=\"og:description\" content=\"FLORENSA, ALBERT\" \/>\n<meta property=\"og:url\" content=\"https:\/\/www.editorialclaret.cat\/producte\/la-vida-humana-en-el-medi-tecnic-9788498463880\/\" \/>\n<meta property=\"og:site_name\" content=\"Editorial Claret\" \/>\n<meta property=\"article:modified_time\" content=\"2024-05-22T11:08:50+00:00\" \/>\n<meta property=\"og:image\" content=\"https:\/\/www.editorialclaret.cat\/wp-content\/uploads\/.\/9788498463880.jpg\" \/>\n\t<meta property=\"og:image:width\" content=\"225\" \/>\n\t<meta property=\"og:image:height\" content=\"333\" \/>\n\t<meta property=\"og:image:type\" content=\"image\/jpeg\" \/>\n<meta name=\"twitter:card\" content=\"summary_large_image\" \/>\n<meta name=\"twitter:label1\" content=\"Tiempo de lectura\" \/>\n\t<meta name=\"twitter:data1\" content=\"1 minuto\" \/>\n<script type=\"application\/ld+json\" class=\"yoast-schema-graph\">{\"@context\":\"https:\\\/\\\/schema.org\",\"@graph\":[{\"@type\":\"WebPage\",\"@id\":\"https:\\\/\\\/www.editorialclaret.cat\\\/producte\\\/la-vida-humana-en-el-medi-tecnic-9788498463880\\\/\",\"url\":\"https:\\\/\\\/www.editorialclaret.cat\\\/producte\\\/la-vida-humana-en-el-medi-tecnic-9788498463880\\\/\",\"name\":\"LA VIDA HUMANA EN EL MEDI T\u00c8CNIC - Editorial Claret\",\"isPartOf\":{\"@id\":\"https:\\\/\\\/www.editorialclaret.cat\\\/#website\"},\"primaryImageOfPage\":{\"@id\":\"https:\\\/\\\/www.editorialclaret.cat\\\/producte\\\/la-vida-humana-en-el-medi-tecnic-9788498463880\\\/#primaryimage\"},\"image\":{\"@id\":\"https:\\\/\\\/www.editorialclaret.cat\\\/producte\\\/la-vida-humana-en-el-medi-tecnic-9788498463880\\\/#primaryimage\"},\"thumbnailUrl\":\"https:\\\/\\\/www.editorialclaret.cat\\\/wp-content\\\/uploads\\\/.\\\/9788498463880.jpg\",\"datePublished\":\"2022-11-07T06:48:46+00:00\",\"dateModified\":\"2024-05-22T11:08:50+00:00\",\"breadcrumb\":{\"@id\":\"https:\\\/\\\/www.editorialclaret.cat\\\/producte\\\/la-vida-humana-en-el-medi-tecnic-9788498463880\\\/#breadcrumb\"},\"inLanguage\":\"es\",\"potentialAction\":[{\"@type\":\"ReadAction\",\"target\":[\"https:\\\/\\\/www.editorialclaret.cat\\\/producte\\\/la-vida-humana-en-el-medi-tecnic-9788498463880\\\/\"]}]},{\"@type\":\"ImageObject\",\"inLanguage\":\"es\",\"@id\":\"https:\\\/\\\/www.editorialclaret.cat\\\/producte\\\/la-vida-humana-en-el-medi-tecnic-9788498463880\\\/#primaryimage\",\"url\":\"https:\\\/\\\/www.editorialclaret.cat\\\/wp-content\\\/uploads\\\/.\\\/9788498463880.jpg\",\"contentUrl\":\"https:\\\/\\\/www.editorialclaret.cat\\\/wp-content\\\/uploads\\\/.\\\/9788498463880.jpg\",\"width\":225,\"height\":333,\"caption\":\"9788498463880.jpg\"},{\"@type\":\"BreadcrumbList\",\"@id\":\"https:\\\/\\\/www.editorialclaret.cat\\\/producte\\\/la-vida-humana-en-el-medi-tecnic-9788498463880\\\/#breadcrumb\",\"itemListElement\":[{\"@type\":\"ListItem\",\"position\":1,\"name\":\"Portada\",\"item\":\"https:\\\/\\\/www.editorialclaret.cat\\\/es\\\/\"},{\"@type\":\"ListItem\",\"position\":2,\"name\":\"Botiga\",\"item\":\"https:\\\/\\\/www.editorialclaret.cat\\\/?page_id=16\"},{\"@type\":\"ListItem\",\"position\":3,\"name\":\"LA VIDA HUMANA EN EL MEDI T\u00c8CNIC\"}]},{\"@type\":\"WebSite\",\"@id\":\"https:\\\/\\\/www.editorialclaret.cat\\\/#website\",\"url\":\"https:\\\/\\\/www.editorialclaret.cat\\\/\",\"name\":\"Editorial Claret\",\"description\":\"\",\"publisher\":{\"@id\":\"https:\\\/\\\/www.editorialclaret.cat\\\/#organization\"},\"potentialAction\":[{\"@type\":\"SearchAction\",\"target\":{\"@type\":\"EntryPoint\",\"urlTemplate\":\"https:\\\/\\\/www.editorialclaret.cat\\\/?s={search_term_string}\"},\"query-input\":{\"@type\":\"PropertyValueSpecification\",\"valueRequired\":true,\"valueName\":\"search_term_string\"}}],\"inLanguage\":\"es\"},{\"@type\":\"Organization\",\"@id\":\"https:\\\/\\\/www.editorialclaret.cat\\\/#organization\",\"name\":\"Editorial Claret\",\"url\":\"https:\\\/\\\/www.editorialclaret.cat\\\/\",\"logo\":{\"@type\":\"ImageObject\",\"inLanguage\":\"es\",\"@id\":\"https:\\\/\\\/www.editorialclaret.cat\\\/#\\\/schema\\\/logo\\\/image\\\/\",\"url\":\"https:\\\/\\\/www.editorialclaret.cat\\\/wp-content\\\/uploads\\\/.\\\/logo-claret.png\",\"contentUrl\":\"https:\\\/\\\/www.editorialclaret.cat\\\/wp-content\\\/uploads\\\/.\\\/logo-claret.png\",\"width\":194,\"height\":79,\"caption\":\"Editorial Claret\"},\"image\":{\"@id\":\"https:\\\/\\\/www.editorialclaret.cat\\\/#\\\/schema\\\/logo\\\/image\\\/\"}}]}<\/script>\n<!-- \/ Yoast SEO plugin. -->","yoast_head_json":{"title":"Editorial Claret","robots":{"index":"noindex","follow":"follow","max-snippet":"max-snippet:-1","max-image-preview":"max-image-preview:large","max-video-preview":"max-video-preview:-1"},"og_locale":"es_ES","og_type":"article","og_title":"LA VIDA HUMANA EN EL MEDI T\u00c8CNIC - Editorial Claret","og_description":"FLORENSA, ALBERT","og_url":"https:\/\/www.editorialclaret.cat\/producte\/la-vida-humana-en-el-medi-tecnic-9788498463880\/","og_site_name":"Editorial Claret","article_modified_time":"2024-05-22T11:08:50+00:00","og_image":[{"width":225,"height":333,"url":"https:\/\/www.editorialclaret.cat\/wp-content\/uploads\/.\/9788498463880.jpg","type":"image\/jpeg"}],"twitter_card":"summary_large_image","twitter_misc":{"Tiempo de lectura":"1 minuto"},"schema":{"@context":"https:\/\/schema.org","@graph":[{"@type":"WebPage","@id":"https:\/\/www.editorialclaret.cat\/producte\/la-vida-humana-en-el-medi-tecnic-9788498463880\/","url":"https:\/\/www.editorialclaret.cat\/producte\/la-vida-humana-en-el-medi-tecnic-9788498463880\/","name":"LA VIDA HUMANA EN EL MEDI T\u00c8CNIC - Editorial Claret","isPartOf":{"@id":"https:\/\/www.editorialclaret.cat\/#website"},"primaryImageOfPage":{"@id":"https:\/\/www.editorialclaret.cat\/producte\/la-vida-humana-en-el-medi-tecnic-9788498463880\/#primaryimage"},"image":{"@id":"https:\/\/www.editorialclaret.cat\/producte\/la-vida-humana-en-el-medi-tecnic-9788498463880\/#primaryimage"},"thumbnailUrl":"https:\/\/www.editorialclaret.cat\/wp-content\/uploads\/.\/9788498463880.jpg","datePublished":"2022-11-07T06:48:46+00:00","dateModified":"2024-05-22T11:08:50+00:00","breadcrumb":{"@id":"https:\/\/www.editorialclaret.cat\/producte\/la-vida-humana-en-el-medi-tecnic-9788498463880\/#breadcrumb"},"inLanguage":"es","potentialAction":[{"@type":"ReadAction","target":["https:\/\/www.editorialclaret.cat\/producte\/la-vida-humana-en-el-medi-tecnic-9788498463880\/"]}]},{"@type":"ImageObject","inLanguage":"es","@id":"https:\/\/www.editorialclaret.cat\/producte\/la-vida-humana-en-el-medi-tecnic-9788498463880\/#primaryimage","url":"https:\/\/www.editorialclaret.cat\/wp-content\/uploads\/.\/9788498463880.jpg","contentUrl":"https:\/\/www.editorialclaret.cat\/wp-content\/uploads\/.\/9788498463880.jpg","width":225,"height":333,"caption":"9788498463880.jpg"},{"@type":"BreadcrumbList","@id":"https:\/\/www.editorialclaret.cat\/producte\/la-vida-humana-en-el-medi-tecnic-9788498463880\/#breadcrumb","itemListElement":[{"@type":"ListItem","position":1,"name":"Portada","item":"https:\/\/www.editorialclaret.cat\/es\/"},{"@type":"ListItem","position":2,"name":"Botiga","item":"https:\/\/www.editorialclaret.cat\/?page_id=16"},{"@type":"ListItem","position":3,"name":"LA VIDA HUMANA EN EL MEDI T\u00c8CNIC"}]},{"@type":"WebSite","@id":"https:\/\/www.editorialclaret.cat\/#website","url":"https:\/\/www.editorialclaret.cat\/","name":"Editorial Claret","description":"","publisher":{"@id":"https:\/\/www.editorialclaret.cat\/#organization"},"potentialAction":[{"@type":"SearchAction","target":{"@type":"EntryPoint","urlTemplate":"https:\/\/www.editorialclaret.cat\/?s={search_term_string}"},"query-input":{"@type":"PropertyValueSpecification","valueRequired":true,"valueName":"search_term_string"}}],"inLanguage":"es"},{"@type":"Organization","@id":"https:\/\/www.editorialclaret.cat\/#organization","name":"Editorial Claret","url":"https:\/\/www.editorialclaret.cat\/","logo":{"@type":"ImageObject","inLanguage":"es","@id":"https:\/\/www.editorialclaret.cat\/#\/schema\/logo\/image\/","url":"https:\/\/www.editorialclaret.cat\/wp-content\/uploads\/.\/logo-claret.png","contentUrl":"https:\/\/www.editorialclaret.cat\/wp-content\/uploads\/.\/logo-claret.png","width":194,"height":79,"caption":"Editorial Claret"},"image":{"@id":"https:\/\/www.editorialclaret.cat\/#\/schema\/logo\/image\/"}}]}},"_links":{"self":[{"href":"https:\/\/www.editorialclaret.cat\/es\/wp-json\/wp\/v2\/product\/48164","targetHints":{"allow":["GET"]}}],"collection":[{"href":"https:\/\/www.editorialclaret.cat\/es\/wp-json\/wp\/v2\/product"}],"about":[{"href":"https:\/\/www.editorialclaret.cat\/es\/wp-json\/wp\/v2\/types\/product"}],"wp:featuredmedia":[{"embeddable":true,"href":"https:\/\/www.editorialclaret.cat\/es\/wp-json\/wp\/v2\/media\/48165"}],"wp:attachment":[{"href":"https:\/\/www.editorialclaret.cat\/es\/wp-json\/wp\/v2\/media?parent=48164"}],"wp:term":[{"taxonomy":"product_brand","embeddable":true,"href":"https:\/\/www.editorialclaret.cat\/es\/wp-json\/wp\/v2\/product_brand?post=48164"},{"taxonomy":"product_cat","embeddable":true,"href":"https:\/\/www.editorialclaret.cat\/es\/wp-json\/wp\/v2\/product_cat?post=48164"},{"taxonomy":"product_tag","embeddable":true,"href":"https:\/\/www.editorialclaret.cat\/es\/wp-json\/wp\/v2\/product_tag?post=48164"}],"curies":[{"name":"wp","href":"https:\/\/api.w.org\/{rel}","templated":true}]}}

LA VIDA HUMANA EN EL MEDI TÈCNIC

<p>Durant els dos últims segles de progrés científic i tecnològic i de creixement econòmic, s’ha caigut en l’error de tenir una fe gairebé cega en la tecnologia i en la ciència. Hem identificat progrés amb desenvolupament tecnològic. Jacques Ellul, membre del que s’ha denominat escola francesa de tecnologia, és un dels pensadors del segle XX que més ha reflexionat sobre les transformacions que experimenta l’ésser humà en el medi tècnic. Ellul creu que el pensament tecnològic ha bandejat i ofegat altres dimensions de la persona humana (poètica, emotiva, simbòlica, religiosa&#8230;), i considera que els avenços tecnològics generen més problemes que no pas resolen. Per corregir aquesta situació, proposa una ètica del no-poder, que planteja la renúncia expressa a realitzar tot allò que la tecnologia fa possible, sentant així les bases del decreixement i de l’ecologia política.</p>

Rústica

<!-- This site is optimized with the Yoast SEO plugin v27.3 - https://yoast.com/product/yoast-seo-wordpress/ -->
<title>Editorial Claret</title>
<meta name="robots" content="noindex, follow, max-snippet:-1, max-image-preview:large, max-video-preview:-1" />
<meta property="og:locale" content="es_ES" />
<meta property="og:type" content="article" />
<meta property="og:title" content="LA VIDA HUMANA EN EL MEDI TÈCNIC - Editorial Claret" />
<meta property="og:description" content="FLORENSA, ALBERT" />
<meta property="og:url" content="https://www.editorialclaret.cat/producte/la-vida-humana-en-el-medi-tecnic-9788498463880/" />
<meta property="og:site_name" content="Editorial Claret" />
<meta property="article:modified_time" content="2024-05-22T11:08:50+00:00" />
<meta property="og:image" content="https://www.editorialclaret.cat/wp-content/uploads/./9788498463880.jpg" />
	<meta property="og:image:width" content="225" />
	<meta property="og:image:height" content="333" />
	<meta property="og:image:type" content="image/jpeg" />
<meta name="twitter:card" content="summary_large_image" />
<meta name="twitter:label1" content="Tiempo de lectura" />
	<meta name="twitter:data1" content="1 minuto" />
<script type="application/ld+json" class="yoast-schema-graph">{"@context":"https:\/\/schema.org","@graph":[{"@type":"WebPage","@id":"https:\/\/www.editorialclaret.cat\/producte\/la-vida-humana-en-el-medi-tecnic-9788498463880\/","url":"https:\/\/www.editorialclaret.cat\/producte\/la-vida-humana-en-el-medi-tecnic-9788498463880\/","name":"LA VIDA HUMANA EN EL MEDI TÈCNIC - Editorial Claret","isPartOf":{"@id":"https:\/\/www.editorialclaret.cat\/#website"},"primaryImageOfPage":{"@id":"https:\/\/www.editorialclaret.cat\/producte\/la-vida-humana-en-el-medi-tecnic-9788498463880\/#primaryimage"},"image":{"@id":"https:\/\/www.editorialclaret.cat\/producte\/la-vida-humana-en-el-medi-tecnic-9788498463880\/#primaryimage"},"thumbnailUrl":"https:\/\/www.editorialclaret.cat\/wp-content\/uploads\/.\/9788498463880.jpg","datePublished":"2022-11-07T06:48:46+00:00","dateModified":"2024-05-22T11:08:50+00:00","breadcrumb":{"@id":"https:\/\/www.editorialclaret.cat\/producte\/la-vida-humana-en-el-medi-tecnic-9788498463880\/#breadcrumb"},"inLanguage":"es","potentialAction":[{"@type":"ReadAction","target":["https:\/\/www.editorialclaret.cat\/producte\/la-vida-humana-en-el-medi-tecnic-9788498463880\/"]}]},{"@type":"ImageObject","inLanguage":"es","@id":"https:\/\/www.editorialclaret.cat\/producte\/la-vida-humana-en-el-medi-tecnic-9788498463880\/#primaryimage","url":"https:\/\/www.editorialclaret.cat\/wp-content\/uploads\/.\/9788498463880.jpg","contentUrl":"https:\/\/www.editorialclaret.cat\/wp-content\/uploads\/.\/9788498463880.jpg","width":225,"height":333,"caption":"9788498463880.jpg"},{"@type":"BreadcrumbList","@id":"https:\/\/www.editorialclaret.cat\/producte\/la-vida-humana-en-el-medi-tecnic-9788498463880\/#breadcrumb","itemListElement":[{"@type":"ListItem","position":1,"name":"Portada","item":"https:\/\/www.editorialclaret.cat\/es\/"},{"@type":"ListItem","position":2,"name":"Botiga","item":"https:\/\/www.editorialclaret.cat\/?page_id=16"},{"@type":"ListItem","position":3,"name":"LA VIDA HUMANA EN EL MEDI TÈCNIC"}]},{"@type":"WebSite","@id":"https:\/\/www.editorialclaret.cat\/#website","url":"https:\/\/www.editorialclaret.cat\/","name":"Editorial Claret","description":"","publisher":{"@id":"https:\/\/www.editorialclaret.cat\/#organization"},"potentialAction":[{"@type":"SearchAction","target":{"@type":"EntryPoint","urlTemplate":"https:\/\/www.editorialclaret.cat\/?s={search_term_string}"},"query-input":{"@type":"PropertyValueSpecification","valueRequired":true,"valueName":"search_term_string"}}],"inLanguage":"es"},{"@type":"Organization","@id":"https:\/\/www.editorialclaret.cat\/#organization","name":"Editorial Claret","url":"https:\/\/www.editorialclaret.cat\/","logo":{"@type":"ImageObject","inLanguage":"es","@id":"https:\/\/www.editorialclaret.cat\/#\/schema\/logo\/image\/","url":"https:\/\/www.editorialclaret.cat\/wp-content\/uploads\/.\/logo-claret.png","contentUrl":"https:\/\/www.editorialclaret.cat\/wp-content\/uploads\/.\/logo-claret.png","width":194,"height":79,"caption":"Editorial Claret"},"image":{"@id":"https:\/\/www.editorialclaret.cat\/#\/schema\/logo\/image\/"}}]}</script>
<!-- / Yoast SEO plugin. -->

LA VIDA HUMANA EN EL MEDI TÈCNIC - Editorial Claret
