{"id":47982,"date":"2022-11-07T07:45:32","date_gmt":"2022-11-07T06:45:32","guid":{"rendered":"http:\/\/dev.editorialclaret.cat\/producte\/el-crist-sense-bracos\/"},"modified":"2024-05-22T13:22:40","modified_gmt":"2024-05-22T11:22:40","slug":"el-crist-sense-bracos-9788498466539","status":"publish","type":"product","link":"https:\/\/www.editorialclaret.cat\/es\/producto\/el-crist-sense-bracos-9788498466539\/","title":{"rendered":"EL CRIST SENSE BRA\u00c7OS"},"content":{"rendered":"<p>La creu \u00e9s la mem\u00f2ria dels crucificats. \u00c9s la mem\u00f2ria commovedora d\u2019un D\u00e9u crucificat i record permanent de tots els qui pateixen de manera innocent i injusta. En Ramon Rius ens fa aixecar la mirada cap al Crucificat per no oblidar els qui sofreixen i ens invita a combatre el sofriment \u00abamb les nostres mans\u00bb. Ben conscients que la creu no \u00e9s el darrer dest\u00ed del qui segueix Crist. A una vida crucificada com la de Jes\u00fas nom\u00e9s li espera la resurrecci\u00f3. Les p\u00e0gines que segueixen s\u00f3n inspirades a l\u2019esgl\u00e9sia rom\u00e0nica de Sant Ludgeri de la ciutat de M\u00fcnster, al nord-oest d\u2019Alemanya, davant la imatge singular del Sant Crist sense mans ni bra\u00e7os.<\/p>\n<p>Es tracta d\u2019una Majestat de l\u2019any 1929, greument danyada durant el bombardeig que la ciutat va patir el 30 de setembre de 1944: un tros de metralla li va foradar el cor. Posteriorment es pogu\u00e9 restaurar, amb l\u2019excepci\u00f3 de les mans i els bra\u00e7os. En el seu lloc, gravada en la mateixa fusta de la creu, hi ha aquesta inscripci\u00f3 en alemany: \u00abNo tinc altres mans que les vostres\u00bb.<\/p>\n","protected":false},"excerpt":{"rendered":"<p>RIUS I MOSOLL, RAMON<\/p>\n","protected":false},"featured_media":47983,"template":"","meta":{"_acf_changed":false,"rs_blank_template":"","rs_page_bg_color":"","slide_template_v7":"","inline_featured_image":false,"_monsterinsights_skip_tracking":false,"_monsterinsights_sitenote_active":false,"_monsterinsights_sitenote_note":"","_monsterinsights_sitenote_category":0},"product_brand":[],"product_cat":[16],"product_tag":[],"class_list":{"0":"post-47982","1":"product","2":"type-product","3":"status-publish","4":"has-post-thumbnail","6":"product_cat-sense-categoria","8":"first","9":"instock","10":"taxable","11":"shipping-taxable","12":"purchasable","13":"product-type-simple"},"acf":{"autor":"RIUS I MOSOLL, RAMON","codart":"849846653","libros-coleccion":"","ediciones":"1","encuadernacion":"R\u00fastica","fecha_de_publicacion":"20\/04\/2012","novedad":"0","paginas":"84","subtitulo":"","orden":"999","portada":"0","idioma":"cat","autores-libros":[{"ID":47051,"post_author":"3","post_date":"2022-11-06 20:33:09","post_date_gmt":"2022-11-06 19:33:09","post_content":"","post_title":"RAMON RIUS I MOSOLL","post_excerpt":"","post_status":"publish","comment_status":"closed","ping_status":"closed","post_password":"","post_name":"ramon-rius-i-mosoll","to_ping":"","pinged":"","post_modified":"2022-11-06 20:33:09","post_modified_gmt":"2022-11-06 19:33:09","post_content_filtered":"","post_parent":0,"guid":"http:\/\/dev.editorialclaret.cat\/autor\/ramon-rius-i-mosoll\/","menu_order":0,"post_type":"autor","post_mime_type":"","comment_count":"0","filter":"raw"}]},"yoast_head":"<!-- This site is optimized with the Yoast SEO plugin v27.3 - https:\/\/yoast.com\/product\/yoast-seo-wordpress\/ -->\n<title>Editorial Claret<\/title>\n<meta name=\"robots\" content=\"noindex, follow, max-snippet:-1, max-image-preview:large, max-video-preview:-1\" \/>\n<meta property=\"og:locale\" content=\"es_ES\" \/>\n<meta property=\"og:type\" content=\"article\" \/>\n<meta property=\"og:title\" content=\"EL CRIST SENSE BRA\u00c7OS - Editorial Claret\" \/>\n<meta property=\"og:description\" content=\"RIUS I MOSOLL, RAMON\" \/>\n<meta property=\"og:url\" content=\"https:\/\/www.editorialclaret.cat\/producte\/el-crist-sense-bracos-9788498466539\/\" \/>\n<meta property=\"og:site_name\" content=\"Editorial Claret\" \/>\n<meta property=\"article:modified_time\" content=\"2024-05-22T11:22:40+00:00\" \/>\n<meta property=\"og:image\" content=\"https:\/\/www.editorialclaret.cat\/wp-content\/uploads\/.\/9788498466539.jpg\" \/>\n\t<meta property=\"og:image:width\" content=\"216\" \/>\n\t<meta property=\"og:image:height\" content=\"345\" \/>\n\t<meta property=\"og:image:type\" content=\"image\/jpeg\" \/>\n<meta name=\"twitter:card\" content=\"summary_large_image\" \/>\n<meta name=\"twitter:label1\" content=\"Tiempo de lectura\" \/>\n\t<meta name=\"twitter:data1\" content=\"1 minuto\" \/>\n<script type=\"application\/ld+json\" class=\"yoast-schema-graph\">{\"@context\":\"https:\\\/\\\/schema.org\",\"@graph\":[{\"@type\":\"WebPage\",\"@id\":\"https:\\\/\\\/www.editorialclaret.cat\\\/producte\\\/el-crist-sense-bracos-9788498466539\\\/\",\"url\":\"https:\\\/\\\/www.editorialclaret.cat\\\/producte\\\/el-crist-sense-bracos-9788498466539\\\/\",\"name\":\"EL CRIST SENSE BRA\u00c7OS - Editorial Claret\",\"isPartOf\":{\"@id\":\"https:\\\/\\\/www.editorialclaret.cat\\\/#website\"},\"primaryImageOfPage\":{\"@id\":\"https:\\\/\\\/www.editorialclaret.cat\\\/producte\\\/el-crist-sense-bracos-9788498466539\\\/#primaryimage\"},\"image\":{\"@id\":\"https:\\\/\\\/www.editorialclaret.cat\\\/producte\\\/el-crist-sense-bracos-9788498466539\\\/#primaryimage\"},\"thumbnailUrl\":\"https:\\\/\\\/www.editorialclaret.cat\\\/wp-content\\\/uploads\\\/.\\\/9788498466539.jpg\",\"datePublished\":\"2022-11-07T06:45:32+00:00\",\"dateModified\":\"2024-05-22T11:22:40+00:00\",\"breadcrumb\":{\"@id\":\"https:\\\/\\\/www.editorialclaret.cat\\\/producte\\\/el-crist-sense-bracos-9788498466539\\\/#breadcrumb\"},\"inLanguage\":\"es\",\"potentialAction\":[{\"@type\":\"ReadAction\",\"target\":[\"https:\\\/\\\/www.editorialclaret.cat\\\/producte\\\/el-crist-sense-bracos-9788498466539\\\/\"]}]},{\"@type\":\"ImageObject\",\"inLanguage\":\"es\",\"@id\":\"https:\\\/\\\/www.editorialclaret.cat\\\/producte\\\/el-crist-sense-bracos-9788498466539\\\/#primaryimage\",\"url\":\"https:\\\/\\\/www.editorialclaret.cat\\\/wp-content\\\/uploads\\\/.\\\/9788498466539.jpg\",\"contentUrl\":\"https:\\\/\\\/www.editorialclaret.cat\\\/wp-content\\\/uploads\\\/.\\\/9788498466539.jpg\",\"width\":216,\"height\":345,\"caption\":\"9788498466539.jpg\"},{\"@type\":\"BreadcrumbList\",\"@id\":\"https:\\\/\\\/www.editorialclaret.cat\\\/producte\\\/el-crist-sense-bracos-9788498466539\\\/#breadcrumb\",\"itemListElement\":[{\"@type\":\"ListItem\",\"position\":1,\"name\":\"Portada\",\"item\":\"https:\\\/\\\/www.editorialclaret.cat\\\/es\\\/\"},{\"@type\":\"ListItem\",\"position\":2,\"name\":\"Botiga\",\"item\":\"https:\\\/\\\/www.editorialclaret.cat\\\/?page_id=16\"},{\"@type\":\"ListItem\",\"position\":3,\"name\":\"EL CRIST SENSE BRA\u00c7OS\"}]},{\"@type\":\"WebSite\",\"@id\":\"https:\\\/\\\/www.editorialclaret.cat\\\/#website\",\"url\":\"https:\\\/\\\/www.editorialclaret.cat\\\/\",\"name\":\"Editorial Claret\",\"description\":\"\",\"publisher\":{\"@id\":\"https:\\\/\\\/www.editorialclaret.cat\\\/#organization\"},\"potentialAction\":[{\"@type\":\"SearchAction\",\"target\":{\"@type\":\"EntryPoint\",\"urlTemplate\":\"https:\\\/\\\/www.editorialclaret.cat\\\/?s={search_term_string}\"},\"query-input\":{\"@type\":\"PropertyValueSpecification\",\"valueRequired\":true,\"valueName\":\"search_term_string\"}}],\"inLanguage\":\"es\"},{\"@type\":\"Organization\",\"@id\":\"https:\\\/\\\/www.editorialclaret.cat\\\/#organization\",\"name\":\"Editorial Claret\",\"url\":\"https:\\\/\\\/www.editorialclaret.cat\\\/\",\"logo\":{\"@type\":\"ImageObject\",\"inLanguage\":\"es\",\"@id\":\"https:\\\/\\\/www.editorialclaret.cat\\\/#\\\/schema\\\/logo\\\/image\\\/\",\"url\":\"https:\\\/\\\/www.editorialclaret.cat\\\/wp-content\\\/uploads\\\/.\\\/logo-claret.png\",\"contentUrl\":\"https:\\\/\\\/www.editorialclaret.cat\\\/wp-content\\\/uploads\\\/.\\\/logo-claret.png\",\"width\":194,\"height\":79,\"caption\":\"Editorial Claret\"},\"image\":{\"@id\":\"https:\\\/\\\/www.editorialclaret.cat\\\/#\\\/schema\\\/logo\\\/image\\\/\"}}]}<\/script>\n<!-- \/ Yoast SEO plugin. -->","yoast_head_json":{"title":"Editorial Claret","robots":{"index":"noindex","follow":"follow","max-snippet":"max-snippet:-1","max-image-preview":"max-image-preview:large","max-video-preview":"max-video-preview:-1"},"og_locale":"es_ES","og_type":"article","og_title":"EL CRIST SENSE BRA\u00c7OS - Editorial Claret","og_description":"RIUS I MOSOLL, RAMON","og_url":"https:\/\/www.editorialclaret.cat\/producte\/el-crist-sense-bracos-9788498466539\/","og_site_name":"Editorial Claret","article_modified_time":"2024-05-22T11:22:40+00:00","og_image":[{"width":216,"height":345,"url":"https:\/\/www.editorialclaret.cat\/wp-content\/uploads\/.\/9788498466539.jpg","type":"image\/jpeg"}],"twitter_card":"summary_large_image","twitter_misc":{"Tiempo de lectura":"1 minuto"},"schema":{"@context":"https:\/\/schema.org","@graph":[{"@type":"WebPage","@id":"https:\/\/www.editorialclaret.cat\/producte\/el-crist-sense-bracos-9788498466539\/","url":"https:\/\/www.editorialclaret.cat\/producte\/el-crist-sense-bracos-9788498466539\/","name":"EL CRIST SENSE BRA\u00c7OS - Editorial Claret","isPartOf":{"@id":"https:\/\/www.editorialclaret.cat\/#website"},"primaryImageOfPage":{"@id":"https:\/\/www.editorialclaret.cat\/producte\/el-crist-sense-bracos-9788498466539\/#primaryimage"},"image":{"@id":"https:\/\/www.editorialclaret.cat\/producte\/el-crist-sense-bracos-9788498466539\/#primaryimage"},"thumbnailUrl":"https:\/\/www.editorialclaret.cat\/wp-content\/uploads\/.\/9788498466539.jpg","datePublished":"2022-11-07T06:45:32+00:00","dateModified":"2024-05-22T11:22:40+00:00","breadcrumb":{"@id":"https:\/\/www.editorialclaret.cat\/producte\/el-crist-sense-bracos-9788498466539\/#breadcrumb"},"inLanguage":"es","potentialAction":[{"@type":"ReadAction","target":["https:\/\/www.editorialclaret.cat\/producte\/el-crist-sense-bracos-9788498466539\/"]}]},{"@type":"ImageObject","inLanguage":"es","@id":"https:\/\/www.editorialclaret.cat\/producte\/el-crist-sense-bracos-9788498466539\/#primaryimage","url":"https:\/\/www.editorialclaret.cat\/wp-content\/uploads\/.\/9788498466539.jpg","contentUrl":"https:\/\/www.editorialclaret.cat\/wp-content\/uploads\/.\/9788498466539.jpg","width":216,"height":345,"caption":"9788498466539.jpg"},{"@type":"BreadcrumbList","@id":"https:\/\/www.editorialclaret.cat\/producte\/el-crist-sense-bracos-9788498466539\/#breadcrumb","itemListElement":[{"@type":"ListItem","position":1,"name":"Portada","item":"https:\/\/www.editorialclaret.cat\/es\/"},{"@type":"ListItem","position":2,"name":"Botiga","item":"https:\/\/www.editorialclaret.cat\/?page_id=16"},{"@type":"ListItem","position":3,"name":"EL CRIST SENSE BRA\u00c7OS"}]},{"@type":"WebSite","@id":"https:\/\/www.editorialclaret.cat\/#website","url":"https:\/\/www.editorialclaret.cat\/","name":"Editorial Claret","description":"","publisher":{"@id":"https:\/\/www.editorialclaret.cat\/#organization"},"potentialAction":[{"@type":"SearchAction","target":{"@type":"EntryPoint","urlTemplate":"https:\/\/www.editorialclaret.cat\/?s={search_term_string}"},"query-input":{"@type":"PropertyValueSpecification","valueRequired":true,"valueName":"search_term_string"}}],"inLanguage":"es"},{"@type":"Organization","@id":"https:\/\/www.editorialclaret.cat\/#organization","name":"Editorial Claret","url":"https:\/\/www.editorialclaret.cat\/","logo":{"@type":"ImageObject","inLanguage":"es","@id":"https:\/\/www.editorialclaret.cat\/#\/schema\/logo\/image\/","url":"https:\/\/www.editorialclaret.cat\/wp-content\/uploads\/.\/logo-claret.png","contentUrl":"https:\/\/www.editorialclaret.cat\/wp-content\/uploads\/.\/logo-claret.png","width":194,"height":79,"caption":"Editorial Claret"},"image":{"@id":"https:\/\/www.editorialclaret.cat\/#\/schema\/logo\/image\/"}}]}},"_links":{"self":[{"href":"https:\/\/www.editorialclaret.cat\/es\/wp-json\/wp\/v2\/product\/47982","targetHints":{"allow":["GET"]}}],"collection":[{"href":"https:\/\/www.editorialclaret.cat\/es\/wp-json\/wp\/v2\/product"}],"about":[{"href":"https:\/\/www.editorialclaret.cat\/es\/wp-json\/wp\/v2\/types\/product"}],"wp:featuredmedia":[{"embeddable":true,"href":"https:\/\/www.editorialclaret.cat\/es\/wp-json\/wp\/v2\/media\/47983"}],"wp:attachment":[{"href":"https:\/\/www.editorialclaret.cat\/es\/wp-json\/wp\/v2\/media?parent=47982"}],"wp:term":[{"taxonomy":"product_brand","embeddable":true,"href":"https:\/\/www.editorialclaret.cat\/es\/wp-json\/wp\/v2\/product_brand?post=47982"},{"taxonomy":"product_cat","embeddable":true,"href":"https:\/\/www.editorialclaret.cat\/es\/wp-json\/wp\/v2\/product_cat?post=47982"},{"taxonomy":"product_tag","embeddable":true,"href":"https:\/\/www.editorialclaret.cat\/es\/wp-json\/wp\/v2\/product_tag?post=47982"}],"curies":[{"name":"wp","href":"https:\/\/api.w.org\/{rel}","templated":true}]}}

EL CRIST SENSE BRAÇOS

<p>La creu és la memòria dels crucificats. És la memòria commovedora d’un Déu crucificat i record permanent de tots els qui pateixen de manera innocent i injusta. En Ramon Rius ens fa aixecar la mirada cap al Crucificat per no oblidar els qui sofreixen i ens invita a combatre el sofriment «amb les nostres mans». Ben conscients que la creu no és el darrer destí del qui segueix Crist. A una vida crucificada com la de Jesús només li espera la resurrecció. Les pàgines que segueixen són inspirades a l’església romànica de Sant Ludgeri de la ciutat de Münster, al nord-oest d’Alemanya, davant la imatge singular del Sant Crist sense mans ni braços.</p>
<p>Es tracta d’una Majestat de l’any 1929, greument danyada durant el bombardeig que la ciutat va patir el 30 de setembre de 1944: un tros de metralla li va foradar el cor. Posteriorment es pogué restaurar, amb l’excepció de les mans i els braços. En el seu lloc, gravada en la mateixa fusta de la creu, hi ha aquesta inscripció en alemany: «No tinc altres mans que les vostres».</p>

Rústica

<!-- This site is optimized with the Yoast SEO plugin v27.3 - https://yoast.com/product/yoast-seo-wordpress/ -->
<title>Editorial Claret</title>
<meta name="robots" content="noindex, follow, max-snippet:-1, max-image-preview:large, max-video-preview:-1" />
<meta property="og:locale" content="es_ES" />
<meta property="og:type" content="article" />
<meta property="og:title" content="EL CRIST SENSE BRAÇOS - Editorial Claret" />
<meta property="og:description" content="RIUS I MOSOLL, RAMON" />
<meta property="og:url" content="https://www.editorialclaret.cat/producte/el-crist-sense-bracos-9788498466539/" />
<meta property="og:site_name" content="Editorial Claret" />
<meta property="article:modified_time" content="2024-05-22T11:22:40+00:00" />
<meta property="og:image" content="https://www.editorialclaret.cat/wp-content/uploads/./9788498466539.jpg" />
	<meta property="og:image:width" content="216" />
	<meta property="og:image:height" content="345" />
	<meta property="og:image:type" content="image/jpeg" />
<meta name="twitter:card" content="summary_large_image" />
<meta name="twitter:label1" content="Tiempo de lectura" />
	<meta name="twitter:data1" content="1 minuto" />
<script type="application/ld+json" class="yoast-schema-graph">{"@context":"https:\/\/schema.org","@graph":[{"@type":"WebPage","@id":"https:\/\/www.editorialclaret.cat\/producte\/el-crist-sense-bracos-9788498466539\/","url":"https:\/\/www.editorialclaret.cat\/producte\/el-crist-sense-bracos-9788498466539\/","name":"EL CRIST SENSE BRAÇOS - Editorial Claret","isPartOf":{"@id":"https:\/\/www.editorialclaret.cat\/#website"},"primaryImageOfPage":{"@id":"https:\/\/www.editorialclaret.cat\/producte\/el-crist-sense-bracos-9788498466539\/#primaryimage"},"image":{"@id":"https:\/\/www.editorialclaret.cat\/producte\/el-crist-sense-bracos-9788498466539\/#primaryimage"},"thumbnailUrl":"https:\/\/www.editorialclaret.cat\/wp-content\/uploads\/.\/9788498466539.jpg","datePublished":"2022-11-07T06:45:32+00:00","dateModified":"2024-05-22T11:22:40+00:00","breadcrumb":{"@id":"https:\/\/www.editorialclaret.cat\/producte\/el-crist-sense-bracos-9788498466539\/#breadcrumb"},"inLanguage":"es","potentialAction":[{"@type":"ReadAction","target":["https:\/\/www.editorialclaret.cat\/producte\/el-crist-sense-bracos-9788498466539\/"]}]},{"@type":"ImageObject","inLanguage":"es","@id":"https:\/\/www.editorialclaret.cat\/producte\/el-crist-sense-bracos-9788498466539\/#primaryimage","url":"https:\/\/www.editorialclaret.cat\/wp-content\/uploads\/.\/9788498466539.jpg","contentUrl":"https:\/\/www.editorialclaret.cat\/wp-content\/uploads\/.\/9788498466539.jpg","width":216,"height":345,"caption":"9788498466539.jpg"},{"@type":"BreadcrumbList","@id":"https:\/\/www.editorialclaret.cat\/producte\/el-crist-sense-bracos-9788498466539\/#breadcrumb","itemListElement":[{"@type":"ListItem","position":1,"name":"Portada","item":"https:\/\/www.editorialclaret.cat\/es\/"},{"@type":"ListItem","position":2,"name":"Botiga","item":"https:\/\/www.editorialclaret.cat\/?page_id=16"},{"@type":"ListItem","position":3,"name":"EL CRIST SENSE BRAÇOS"}]},{"@type":"WebSite","@id":"https:\/\/www.editorialclaret.cat\/#website","url":"https:\/\/www.editorialclaret.cat\/","name":"Editorial Claret","description":"","publisher":{"@id":"https:\/\/www.editorialclaret.cat\/#organization"},"potentialAction":[{"@type":"SearchAction","target":{"@type":"EntryPoint","urlTemplate":"https:\/\/www.editorialclaret.cat\/?s={search_term_string}"},"query-input":{"@type":"PropertyValueSpecification","valueRequired":true,"valueName":"search_term_string"}}],"inLanguage":"es"},{"@type":"Organization","@id":"https:\/\/www.editorialclaret.cat\/#organization","name":"Editorial Claret","url":"https:\/\/www.editorialclaret.cat\/","logo":{"@type":"ImageObject","inLanguage":"es","@id":"https:\/\/www.editorialclaret.cat\/#\/schema\/logo\/image\/","url":"https:\/\/www.editorialclaret.cat\/wp-content\/uploads\/.\/logo-claret.png","contentUrl":"https:\/\/www.editorialclaret.cat\/wp-content\/uploads\/.\/logo-claret.png","width":194,"height":79,"caption":"Editorial Claret"},"image":{"@id":"https:\/\/www.editorialclaret.cat\/#\/schema\/logo\/image\/"}}]}</script>
<!-- / Yoast SEO plugin. -->

EL CRIST SENSE BRAÇOS - Editorial Claret
