{"id":47794,"date":"2022-11-07T07:42:11","date_gmt":"2022-11-07T06:42:11","guid":{"rendered":"http:\/\/dev.editorialclaret.cat\/producte\/el-diari-de-lanima\/"},"modified":"2025-11-24T13:25:33","modified_gmt":"2025-11-24T12:25:33","slug":"el-diari-de-lanima-9788498467628","status":"publish","type":"product","link":"https:\/\/www.editorialclaret.cat\/es\/producto\/el-diari-de-lanima-9788498467628\/","title":{"rendered":"EL DIARI DE L&#8217;\u00c0NIMA"},"content":{"rendered":"<p>En El diari de l\u2019\u00e0nima trobem les caracter\u00edstiques d\u2019un home de profunda fe i simplicitat evang\u00e8lica (\u00abmans i humil de cor\u00bb) que, com a sant pare, va atraure les simpaties de cat\u00f2lics, cristians d\u2019altres confessions i homes de bona voluntat d\u2019arreu del m\u00f3n.<\/p>\n<p>Les enc\u00edcliques del papa Joan sobre tema social i sobre la pau a la terra van tenir un gran impacte. Per\u00f2, sobretot, amb la convocat\u00f2ria i inici del Concili Vatic\u00e0 II va engegar l\u2019aggiornamento o reforma de l\u2019Esgl\u00e9sia cat\u00f2lica tal com en aquell moment convenia.<\/p>\n<p>Llegir el seu diari, document d\u2019excepcional autenticitat, \u00e9s endinsar-se en la seva \u00e0nima senzilla, bondadosa, serena, que el f\u00e9u capa\u00e7 de reflectir el rostre paternal de D\u00e9u i el llan\u00e7\u00e0 a iniciatives de gran aud\u00e0cia. Les seves virtuts her\u00f2iques han estat reconegudes can\u00f2nicament amb la seva beatificaci\u00f3.<\/p>\n","protected":false},"excerpt":{"rendered":"<p>JOAN XXIII<\/p>\n","protected":false},"featured_media":47795,"template":"","meta":{"_acf_changed":false,"rs_blank_template":"","rs_page_bg_color":"","slide_template_v7":"","inline_featured_image":false,"_monsterinsights_skip_tracking":false,"_monsterinsights_sitenote_active":false,"_monsterinsights_sitenote_note":"","_monsterinsights_sitenote_category":0},"product_brand":[],"product_cat":[1303,1299],"product_tag":[],"class_list":{"0":"post-47794","1":"product","2":"type-product","3":"status-publish","4":"has-post-thumbnail","6":"product_cat-sabidurias","7":"product_cat-savieses","9":"first","10":"instock","11":"taxable","12":"shipping-taxable","13":"purchasable","14":"product-type-simple"},"acf":{"autor":"JOAN XXIII","codart":"849846762","libros-coleccion":"","ediciones":"1","encuadernacion":"R\u00fastica","fecha_de_publicacion":"14\/06\/2013","novedad":"0","paginas":"482","subtitulo":"","orden":"999","portada":"0","idioma":"cat","autores-libros":[{"ID":16691,"post_author":"3","post_date":"2022-10-19 01:07:30","post_date_gmt":"2022-10-18 23:07:30","post_content":"","post_title":"JOAN XXIII","post_excerpt":"","post_status":"publish","comment_status":"closed","ping_status":"closed","post_password":"","post_name":"joan-xxiii","to_ping":"","pinged":"","post_modified":"2022-10-19 01:07:30","post_modified_gmt":"2022-10-18 23:07:30","post_content_filtered":"","post_parent":0,"guid":"http:\/\/dev.editorialclaret.cat\/autor\/joan-xxiii\/","menu_order":0,"post_type":"autor","post_mime_type":"","comment_count":"0","filter":"raw"}],"traductores-libros":"","ilustradores-libros":"","formato":"","linkebook":"","precioebook":"","ficha":"","muestra":"","presentacion":"","booktrailer":"","resenas":"","recomendamos":"","mas_vendido":""},"yoast_head":"<!-- This site is optimized with the Yoast SEO plugin v27.3 - https:\/\/yoast.com\/product\/yoast-seo-wordpress\/ -->\n<title>Editorial Claret<\/title>\n<meta name=\"robots\" content=\"noindex, follow, max-snippet:-1, max-image-preview:large, max-video-preview:-1\" \/>\n<meta property=\"og:locale\" content=\"es_ES\" \/>\n<meta property=\"og:type\" content=\"article\" \/>\n<meta property=\"og:title\" content=\"EL DIARI DE L&#039;\u00c0NIMA - Editorial Claret\" \/>\n<meta property=\"og:description\" content=\"JOAN XXIII\" \/>\n<meta property=\"og:url\" content=\"https:\/\/www.editorialclaret.cat\/producte\/el-diari-de-lanima-9788498467628\/\" \/>\n<meta property=\"og:site_name\" content=\"Editorial Claret\" \/>\n<meta property=\"article:modified_time\" content=\"2025-11-24T12:25:33+00:00\" \/>\n<meta property=\"og:image\" content=\"https:\/\/www.editorialclaret.cat\/wp-content\/uploads\/.\/9788498467628.jpg\" \/>\n\t<meta property=\"og:image:width\" content=\"225\" \/>\n\t<meta property=\"og:image:height\" content=\"332\" \/>\n\t<meta property=\"og:image:type\" content=\"image\/jpeg\" \/>\n<meta name=\"twitter:card\" content=\"summary_large_image\" \/>\n<meta name=\"twitter:label1\" content=\"Tiempo de lectura\" \/>\n\t<meta name=\"twitter:data1\" content=\"1 minuto\" \/>\n<script type=\"application\/ld+json\" class=\"yoast-schema-graph\">{\"@context\":\"https:\\\/\\\/schema.org\",\"@graph\":[{\"@type\":\"WebPage\",\"@id\":\"https:\\\/\\\/www.editorialclaret.cat\\\/producte\\\/el-diari-de-lanima-9788498467628\\\/\",\"url\":\"https:\\\/\\\/www.editorialclaret.cat\\\/producte\\\/el-diari-de-lanima-9788498467628\\\/\",\"name\":\"EL DIARI DE L'\u00c0NIMA - Editorial Claret\",\"isPartOf\":{\"@id\":\"https:\\\/\\\/www.editorialclaret.cat\\\/#website\"},\"primaryImageOfPage\":{\"@id\":\"https:\\\/\\\/www.editorialclaret.cat\\\/producte\\\/el-diari-de-lanima-9788498467628\\\/#primaryimage\"},\"image\":{\"@id\":\"https:\\\/\\\/www.editorialclaret.cat\\\/producte\\\/el-diari-de-lanima-9788498467628\\\/#primaryimage\"},\"thumbnailUrl\":\"https:\\\/\\\/www.editorialclaret.cat\\\/wp-content\\\/uploads\\\/.\\\/9788498467628.jpg\",\"datePublished\":\"2022-11-07T06:42:11+00:00\",\"dateModified\":\"2025-11-24T12:25:33+00:00\",\"breadcrumb\":{\"@id\":\"https:\\\/\\\/www.editorialclaret.cat\\\/producte\\\/el-diari-de-lanima-9788498467628\\\/#breadcrumb\"},\"inLanguage\":\"es\",\"potentialAction\":[{\"@type\":\"ReadAction\",\"target\":[\"https:\\\/\\\/www.editorialclaret.cat\\\/producte\\\/el-diari-de-lanima-9788498467628\\\/\"]}]},{\"@type\":\"ImageObject\",\"inLanguage\":\"es\",\"@id\":\"https:\\\/\\\/www.editorialclaret.cat\\\/producte\\\/el-diari-de-lanima-9788498467628\\\/#primaryimage\",\"url\":\"https:\\\/\\\/www.editorialclaret.cat\\\/wp-content\\\/uploads\\\/.\\\/9788498467628.jpg\",\"contentUrl\":\"https:\\\/\\\/www.editorialclaret.cat\\\/wp-content\\\/uploads\\\/.\\\/9788498467628.jpg\",\"width\":225,\"height\":332,\"caption\":\"9788498467628.jpg\"},{\"@type\":\"BreadcrumbList\",\"@id\":\"https:\\\/\\\/www.editorialclaret.cat\\\/producte\\\/el-diari-de-lanima-9788498467628\\\/#breadcrumb\",\"itemListElement\":[{\"@type\":\"ListItem\",\"position\":1,\"name\":\"Portada\",\"item\":\"https:\\\/\\\/www.editorialclaret.cat\\\/es\\\/\"},{\"@type\":\"ListItem\",\"position\":2,\"name\":\"Botiga\",\"item\":\"https:\\\/\\\/www.editorialclaret.cat\\\/?page_id=16\"},{\"@type\":\"ListItem\",\"position\":3,\"name\":\"EL DIARI DE L&#8217;\u00c0NIMA\"}]},{\"@type\":\"WebSite\",\"@id\":\"https:\\\/\\\/www.editorialclaret.cat\\\/#website\",\"url\":\"https:\\\/\\\/www.editorialclaret.cat\\\/\",\"name\":\"Editorial Claret\",\"description\":\"\",\"publisher\":{\"@id\":\"https:\\\/\\\/www.editorialclaret.cat\\\/#organization\"},\"potentialAction\":[{\"@type\":\"SearchAction\",\"target\":{\"@type\":\"EntryPoint\",\"urlTemplate\":\"https:\\\/\\\/www.editorialclaret.cat\\\/?s={search_term_string}\"},\"query-input\":{\"@type\":\"PropertyValueSpecification\",\"valueRequired\":true,\"valueName\":\"search_term_string\"}}],\"inLanguage\":\"es\"},{\"@type\":\"Organization\",\"@id\":\"https:\\\/\\\/www.editorialclaret.cat\\\/#organization\",\"name\":\"Editorial Claret\",\"url\":\"https:\\\/\\\/www.editorialclaret.cat\\\/\",\"logo\":{\"@type\":\"ImageObject\",\"inLanguage\":\"es\",\"@id\":\"https:\\\/\\\/www.editorialclaret.cat\\\/#\\\/schema\\\/logo\\\/image\\\/\",\"url\":\"https:\\\/\\\/www.editorialclaret.cat\\\/wp-content\\\/uploads\\\/.\\\/logo-claret.png\",\"contentUrl\":\"https:\\\/\\\/www.editorialclaret.cat\\\/wp-content\\\/uploads\\\/.\\\/logo-claret.png\",\"width\":194,\"height\":79,\"caption\":\"Editorial Claret\"},\"image\":{\"@id\":\"https:\\\/\\\/www.editorialclaret.cat\\\/#\\\/schema\\\/logo\\\/image\\\/\"}}]}<\/script>\n<!-- \/ Yoast SEO plugin. -->","yoast_head_json":{"title":"Editorial Claret","robots":{"index":"noindex","follow":"follow","max-snippet":"max-snippet:-1","max-image-preview":"max-image-preview:large","max-video-preview":"max-video-preview:-1"},"og_locale":"es_ES","og_type":"article","og_title":"EL DIARI DE L'\u00c0NIMA - Editorial Claret","og_description":"JOAN XXIII","og_url":"https:\/\/www.editorialclaret.cat\/producte\/el-diari-de-lanima-9788498467628\/","og_site_name":"Editorial Claret","article_modified_time":"2025-11-24T12:25:33+00:00","og_image":[{"width":225,"height":332,"url":"https:\/\/www.editorialclaret.cat\/wp-content\/uploads\/.\/9788498467628.jpg","type":"image\/jpeg"}],"twitter_card":"summary_large_image","twitter_misc":{"Tiempo de lectura":"1 minuto"},"schema":{"@context":"https:\/\/schema.org","@graph":[{"@type":"WebPage","@id":"https:\/\/www.editorialclaret.cat\/producte\/el-diari-de-lanima-9788498467628\/","url":"https:\/\/www.editorialclaret.cat\/producte\/el-diari-de-lanima-9788498467628\/","name":"EL DIARI DE L'\u00c0NIMA - Editorial Claret","isPartOf":{"@id":"https:\/\/www.editorialclaret.cat\/#website"},"primaryImageOfPage":{"@id":"https:\/\/www.editorialclaret.cat\/producte\/el-diari-de-lanima-9788498467628\/#primaryimage"},"image":{"@id":"https:\/\/www.editorialclaret.cat\/producte\/el-diari-de-lanima-9788498467628\/#primaryimage"},"thumbnailUrl":"https:\/\/www.editorialclaret.cat\/wp-content\/uploads\/.\/9788498467628.jpg","datePublished":"2022-11-07T06:42:11+00:00","dateModified":"2025-11-24T12:25:33+00:00","breadcrumb":{"@id":"https:\/\/www.editorialclaret.cat\/producte\/el-diari-de-lanima-9788498467628\/#breadcrumb"},"inLanguage":"es","potentialAction":[{"@type":"ReadAction","target":["https:\/\/www.editorialclaret.cat\/producte\/el-diari-de-lanima-9788498467628\/"]}]},{"@type":"ImageObject","inLanguage":"es","@id":"https:\/\/www.editorialclaret.cat\/producte\/el-diari-de-lanima-9788498467628\/#primaryimage","url":"https:\/\/www.editorialclaret.cat\/wp-content\/uploads\/.\/9788498467628.jpg","contentUrl":"https:\/\/www.editorialclaret.cat\/wp-content\/uploads\/.\/9788498467628.jpg","width":225,"height":332,"caption":"9788498467628.jpg"},{"@type":"BreadcrumbList","@id":"https:\/\/www.editorialclaret.cat\/producte\/el-diari-de-lanima-9788498467628\/#breadcrumb","itemListElement":[{"@type":"ListItem","position":1,"name":"Portada","item":"https:\/\/www.editorialclaret.cat\/es\/"},{"@type":"ListItem","position":2,"name":"Botiga","item":"https:\/\/www.editorialclaret.cat\/?page_id=16"},{"@type":"ListItem","position":3,"name":"EL DIARI DE L&#8217;\u00c0NIMA"}]},{"@type":"WebSite","@id":"https:\/\/www.editorialclaret.cat\/#website","url":"https:\/\/www.editorialclaret.cat\/","name":"Editorial Claret","description":"","publisher":{"@id":"https:\/\/www.editorialclaret.cat\/#organization"},"potentialAction":[{"@type":"SearchAction","target":{"@type":"EntryPoint","urlTemplate":"https:\/\/www.editorialclaret.cat\/?s={search_term_string}"},"query-input":{"@type":"PropertyValueSpecification","valueRequired":true,"valueName":"search_term_string"}}],"inLanguage":"es"},{"@type":"Organization","@id":"https:\/\/www.editorialclaret.cat\/#organization","name":"Editorial Claret","url":"https:\/\/www.editorialclaret.cat\/","logo":{"@type":"ImageObject","inLanguage":"es","@id":"https:\/\/www.editorialclaret.cat\/#\/schema\/logo\/image\/","url":"https:\/\/www.editorialclaret.cat\/wp-content\/uploads\/.\/logo-claret.png","contentUrl":"https:\/\/www.editorialclaret.cat\/wp-content\/uploads\/.\/logo-claret.png","width":194,"height":79,"caption":"Editorial Claret"},"image":{"@id":"https:\/\/www.editorialclaret.cat\/#\/schema\/logo\/image\/"}}]}},"_links":{"self":[{"href":"https:\/\/www.editorialclaret.cat\/es\/wp-json\/wp\/v2\/product\/47794","targetHints":{"allow":["GET"]}}],"collection":[{"href":"https:\/\/www.editorialclaret.cat\/es\/wp-json\/wp\/v2\/product"}],"about":[{"href":"https:\/\/www.editorialclaret.cat\/es\/wp-json\/wp\/v2\/types\/product"}],"wp:featuredmedia":[{"embeddable":true,"href":"https:\/\/www.editorialclaret.cat\/es\/wp-json\/wp\/v2\/media\/47795"}],"wp:attachment":[{"href":"https:\/\/www.editorialclaret.cat\/es\/wp-json\/wp\/v2\/media?parent=47794"}],"wp:term":[{"taxonomy":"product_brand","embeddable":true,"href":"https:\/\/www.editorialclaret.cat\/es\/wp-json\/wp\/v2\/product_brand?post=47794"},{"taxonomy":"product_cat","embeddable":true,"href":"https:\/\/www.editorialclaret.cat\/es\/wp-json\/wp\/v2\/product_cat?post=47794"},{"taxonomy":"product_tag","embeddable":true,"href":"https:\/\/www.editorialclaret.cat\/es\/wp-json\/wp\/v2\/product_tag?post=47794"}],"curies":[{"name":"wp","href":"https:\/\/api.w.org\/{rel}","templated":true}]}}

EL DIARI DE L&#8217;ÀNIMA

<p>En El diari de l’ànima trobem les característiques d’un home de profunda fe i simplicitat evangèlica («mans i humil de cor») que, com a sant pare, va atraure les simpaties de catòlics, cristians d’altres confessions i homes de bona voluntat d’arreu del món.</p>
<p>Les encícliques del papa Joan sobre tema social i sobre la pau a la terra van tenir un gran impacte. Però, sobretot, amb la convocatòria i inici del Concili Vaticà II va engegar l’aggiornamento o reforma de l’Església catòlica tal com en aquell moment convenia.</p>
<p>Llegir el seu diari, document d’excepcional autenticitat, és endinsar-se en la seva ànima senzilla, bondadosa, serena, que el féu capaç de reflectir el rostre paternal de Déu i el llançà a iniciatives de gran audàcia. Les seves virtuts heròiques han estat reconegudes canònicament amb la seva beatificació.</p>

Rústica

<!-- This site is optimized with the Yoast SEO plugin v27.3 - https://yoast.com/product/yoast-seo-wordpress/ -->
<title>Editorial Claret</title>
<meta name="robots" content="noindex, follow, max-snippet:-1, max-image-preview:large, max-video-preview:-1" />
<meta property="og:locale" content="es_ES" />
<meta property="og:type" content="article" />
<meta property="og:title" content="EL DIARI DE L&#039;ÀNIMA - Editorial Claret" />
<meta property="og:description" content="JOAN XXIII" />
<meta property="og:url" content="https://www.editorialclaret.cat/producte/el-diari-de-lanima-9788498467628/" />
<meta property="og:site_name" content="Editorial Claret" />
<meta property="article:modified_time" content="2025-11-24T12:25:33+00:00" />
<meta property="og:image" content="https://www.editorialclaret.cat/wp-content/uploads/./9788498467628.jpg" />
	<meta property="og:image:width" content="225" />
	<meta property="og:image:height" content="332" />
	<meta property="og:image:type" content="image/jpeg" />
<meta name="twitter:card" content="summary_large_image" />
<meta name="twitter:label1" content="Tiempo de lectura" />
	<meta name="twitter:data1" content="1 minuto" />
<script type="application/ld+json" class="yoast-schema-graph">{"@context":"https:\/\/schema.org","@graph":[{"@type":"WebPage","@id":"https:\/\/www.editorialclaret.cat\/producte\/el-diari-de-lanima-9788498467628\/","url":"https:\/\/www.editorialclaret.cat\/producte\/el-diari-de-lanima-9788498467628\/","name":"EL DIARI DE L'ÀNIMA - Editorial Claret","isPartOf":{"@id":"https:\/\/www.editorialclaret.cat\/#website"},"primaryImageOfPage":{"@id":"https:\/\/www.editorialclaret.cat\/producte\/el-diari-de-lanima-9788498467628\/#primaryimage"},"image":{"@id":"https:\/\/www.editorialclaret.cat\/producte\/el-diari-de-lanima-9788498467628\/#primaryimage"},"thumbnailUrl":"https:\/\/www.editorialclaret.cat\/wp-content\/uploads\/.\/9788498467628.jpg","datePublished":"2022-11-07T06:42:11+00:00","dateModified":"2025-11-24T12:25:33+00:00","breadcrumb":{"@id":"https:\/\/www.editorialclaret.cat\/producte\/el-diari-de-lanima-9788498467628\/#breadcrumb"},"inLanguage":"es","potentialAction":[{"@type":"ReadAction","target":["https:\/\/www.editorialclaret.cat\/producte\/el-diari-de-lanima-9788498467628\/"]}]},{"@type":"ImageObject","inLanguage":"es","@id":"https:\/\/www.editorialclaret.cat\/producte\/el-diari-de-lanima-9788498467628\/#primaryimage","url":"https:\/\/www.editorialclaret.cat\/wp-content\/uploads\/.\/9788498467628.jpg","contentUrl":"https:\/\/www.editorialclaret.cat\/wp-content\/uploads\/.\/9788498467628.jpg","width":225,"height":332,"caption":"9788498467628.jpg"},{"@type":"BreadcrumbList","@id":"https:\/\/www.editorialclaret.cat\/producte\/el-diari-de-lanima-9788498467628\/#breadcrumb","itemListElement":[{"@type":"ListItem","position":1,"name":"Portada","item":"https:\/\/www.editorialclaret.cat\/es\/"},{"@type":"ListItem","position":2,"name":"Botiga","item":"https:\/\/www.editorialclaret.cat\/?page_id=16"},{"@type":"ListItem","position":3,"name":"EL DIARI DE L&#8217;ÀNIMA"}]},{"@type":"WebSite","@id":"https:\/\/www.editorialclaret.cat\/#website","url":"https:\/\/www.editorialclaret.cat\/","name":"Editorial Claret","description":"","publisher":{"@id":"https:\/\/www.editorialclaret.cat\/#organization"},"potentialAction":[{"@type":"SearchAction","target":{"@type":"EntryPoint","urlTemplate":"https:\/\/www.editorialclaret.cat\/?s={search_term_string}"},"query-input":{"@type":"PropertyValueSpecification","valueRequired":true,"valueName":"search_term_string"}}],"inLanguage":"es"},{"@type":"Organization","@id":"https:\/\/www.editorialclaret.cat\/#organization","name":"Editorial Claret","url":"https:\/\/www.editorialclaret.cat\/","logo":{"@type":"ImageObject","inLanguage":"es","@id":"https:\/\/www.editorialclaret.cat\/#\/schema\/logo\/image\/","url":"https:\/\/www.editorialclaret.cat\/wp-content\/uploads\/.\/logo-claret.png","contentUrl":"https:\/\/www.editorialclaret.cat\/wp-content\/uploads\/.\/logo-claret.png","width":194,"height":79,"caption":"Editorial Claret"},"image":{"@id":"https:\/\/www.editorialclaret.cat\/#\/schema\/logo\/image\/"}}]}</script>
<!-- / Yoast SEO plugin. -->

EL DIARI DE L'ÀNIMA - Editorial Claret
