{"id":47782,"date":"2022-11-07T07:41:59","date_gmt":"2022-11-07T06:41:59","guid":{"rendered":"http:\/\/dev.editorialclaret.cat\/producte\/pacem-in-terris-pau-a-la-terra-2\/"},"modified":"2024-05-22T13:31:47","modified_gmt":"2024-05-22T11:31:47","slug":"pacem-in-terris-pau-a-la-terra-9788498467789","status":"publish","type":"product","link":"https:\/\/www.editorialclaret.cat\/es\/producto\/pacem-in-terris-pau-a-la-terra-9788498467789\/","title":{"rendered":"PACEM IN TERRIS &#8211; PAU A LA TERRA"},"content":{"rendered":"<p>El dia 11 d\u2019abril de 1963 \u2013Dijous Sant\u2013, es feia p\u00fablica la vuitena enc\u00edclica de Joan XXIII, la Pacem in terris, signada pel mateix Papa dos dies abans. \u00c9s la seva darrera enc\u00edclica i la m\u00e9s famosa. Dos mesos m\u00e9s tard, el 3 de juny, dilluns de la Pentecosta, la mort del \u00abPapa bo\u00bb convertia aquest llarg escrit en el seu testament per al m\u00f3n sencer.<\/p>\n<p>L\u2019enc\u00edclica Pacem in terris es dirigeix a tots els homes sense distinci\u00f3. \u00c9s una enc\u00edclica sobre la pau, escrita amb paraules desarmades. Confia que els homes, moguts per D\u00e9u, s\u00f3n capa\u00e7os d\u2019avaan\u00e7ar pel cam\u00ed de la veritat, de la just\u00edcia, de l\u2019amor mutu, de la llibertat.<\/p>\n","protected":false},"excerpt":{"rendered":"<p>JOAN XXIII<\/p>\n","protected":false},"featured_media":47783,"template":"","meta":{"_acf_changed":false,"rs_blank_template":"","rs_page_bg_color":"","slide_template_v7":"","inline_featured_image":false,"_monsterinsights_skip_tracking":false,"_monsterinsights_sitenote_active":false,"_monsterinsights_sitenote_note":"","_monsterinsights_sitenote_category":0},"product_brand":[],"product_cat":[16],"product_tag":[],"class_list":{"0":"post-47782","1":"product","2":"type-product","3":"status-publish","4":"has-post-thumbnail","6":"product_cat-sense-categoria","8":"first","9":"instock","10":"taxable","11":"shipping-taxable","12":"purchasable","13":"product-type-simple"},"acf":{"autor":"JOAN XXIII","codart":"849846778","libros-coleccion":"","ediciones":"2","encuadernacion":"R\u00fastica","fecha_de_publicacion":"02\/08\/2013","novedad":"0","paginas":"150","subtitulo":"SEGONA EDICI\u00d3","orden":"999","portada":"0","idioma":"cat","autores-libros":[{"ID":16691,"post_author":"3","post_date":"2022-10-19 01:07:30","post_date_gmt":"2022-10-18 23:07:30","post_content":"","post_title":"JOAN XXIII","post_excerpt":"","post_status":"publish","comment_status":"closed","ping_status":"closed","post_password":"","post_name":"joan-xxiii","to_ping":"","pinged":"","post_modified":"2022-10-19 01:07:30","post_modified_gmt":"2022-10-18 23:07:30","post_content_filtered":"","post_parent":0,"guid":"http:\/\/dev.editorialclaret.cat\/autor\/joan-xxiii\/","menu_order":0,"post_type":"autor","post_mime_type":"","comment_count":"0","filter":"raw"}],"traductores-libros":"","ilustradores-libros":"","formato":"","linkebook":"","precioebook":"","ficha":"","muestra":"","presentacion":"","booktrailer":"","resenas":"","recomendamos":"","mas_vendido":""},"yoast_head":"<!-- This site is optimized with the Yoast SEO plugin v27.3 - https:\/\/yoast.com\/product\/yoast-seo-wordpress\/ -->\n<title>Editorial Claret<\/title>\n<meta name=\"robots\" content=\"noindex, follow, max-snippet:-1, max-image-preview:large, max-video-preview:-1\" \/>\n<meta property=\"og:locale\" content=\"es_ES\" \/>\n<meta property=\"og:type\" content=\"article\" \/>\n<meta property=\"og:title\" content=\"PACEM IN TERRIS - PAU A LA TERRA - Editorial Claret\" \/>\n<meta property=\"og:description\" content=\"JOAN XXIII\" \/>\n<meta property=\"og:url\" content=\"https:\/\/www.editorialclaret.cat\/producte\/pacem-in-terris-pau-a-la-terra-9788498467789\/\" \/>\n<meta property=\"og:site_name\" content=\"Editorial Claret\" \/>\n<meta property=\"article:modified_time\" content=\"2024-05-22T11:31:47+00:00\" \/>\n<meta property=\"og:image\" content=\"https:\/\/www.editorialclaret.cat\/wp-content\/uploads\/.\/9788498467789.jpg\" \/>\n\t<meta property=\"og:image:width\" content=\"225\" \/>\n\t<meta property=\"og:image:height\" content=\"333\" \/>\n\t<meta property=\"og:image:type\" content=\"image\/jpeg\" \/>\n<meta name=\"twitter:card\" content=\"summary_large_image\" \/>\n<meta name=\"twitter:label1\" content=\"Tiempo de lectura\" \/>\n\t<meta name=\"twitter:data1\" content=\"1 minuto\" \/>\n<script type=\"application\/ld+json\" class=\"yoast-schema-graph\">{\"@context\":\"https:\\\/\\\/schema.org\",\"@graph\":[{\"@type\":\"WebPage\",\"@id\":\"https:\\\/\\\/www.editorialclaret.cat\\\/producte\\\/pacem-in-terris-pau-a-la-terra-9788498467789\\\/\",\"url\":\"https:\\\/\\\/www.editorialclaret.cat\\\/producte\\\/pacem-in-terris-pau-a-la-terra-9788498467789\\\/\",\"name\":\"PACEM IN TERRIS - PAU A LA TERRA - Editorial Claret\",\"isPartOf\":{\"@id\":\"https:\\\/\\\/www.editorialclaret.cat\\\/#website\"},\"primaryImageOfPage\":{\"@id\":\"https:\\\/\\\/www.editorialclaret.cat\\\/producte\\\/pacem-in-terris-pau-a-la-terra-9788498467789\\\/#primaryimage\"},\"image\":{\"@id\":\"https:\\\/\\\/www.editorialclaret.cat\\\/producte\\\/pacem-in-terris-pau-a-la-terra-9788498467789\\\/#primaryimage\"},\"thumbnailUrl\":\"https:\\\/\\\/www.editorialclaret.cat\\\/wp-content\\\/uploads\\\/.\\\/9788498467789.jpg\",\"datePublished\":\"2022-11-07T06:41:59+00:00\",\"dateModified\":\"2024-05-22T11:31:47+00:00\",\"breadcrumb\":{\"@id\":\"https:\\\/\\\/www.editorialclaret.cat\\\/producte\\\/pacem-in-terris-pau-a-la-terra-9788498467789\\\/#breadcrumb\"},\"inLanguage\":\"es\",\"potentialAction\":[{\"@type\":\"ReadAction\",\"target\":[\"https:\\\/\\\/www.editorialclaret.cat\\\/producte\\\/pacem-in-terris-pau-a-la-terra-9788498467789\\\/\"]}]},{\"@type\":\"ImageObject\",\"inLanguage\":\"es\",\"@id\":\"https:\\\/\\\/www.editorialclaret.cat\\\/producte\\\/pacem-in-terris-pau-a-la-terra-9788498467789\\\/#primaryimage\",\"url\":\"https:\\\/\\\/www.editorialclaret.cat\\\/wp-content\\\/uploads\\\/.\\\/9788498467789.jpg\",\"contentUrl\":\"https:\\\/\\\/www.editorialclaret.cat\\\/wp-content\\\/uploads\\\/.\\\/9788498467789.jpg\",\"width\":225,\"height\":333,\"caption\":\"9788498467789.jpg\"},{\"@type\":\"BreadcrumbList\",\"@id\":\"https:\\\/\\\/www.editorialclaret.cat\\\/producte\\\/pacem-in-terris-pau-a-la-terra-9788498467789\\\/#breadcrumb\",\"itemListElement\":[{\"@type\":\"ListItem\",\"position\":1,\"name\":\"Portada\",\"item\":\"https:\\\/\\\/www.editorialclaret.cat\\\/es\\\/\"},{\"@type\":\"ListItem\",\"position\":2,\"name\":\"Botiga\",\"item\":\"https:\\\/\\\/www.editorialclaret.cat\\\/?page_id=16\"},{\"@type\":\"ListItem\",\"position\":3,\"name\":\"PACEM IN TERRIS &#8211; PAU A LA TERRA\"}]},{\"@type\":\"WebSite\",\"@id\":\"https:\\\/\\\/www.editorialclaret.cat\\\/#website\",\"url\":\"https:\\\/\\\/www.editorialclaret.cat\\\/\",\"name\":\"Editorial Claret\",\"description\":\"\",\"publisher\":{\"@id\":\"https:\\\/\\\/www.editorialclaret.cat\\\/#organization\"},\"potentialAction\":[{\"@type\":\"SearchAction\",\"target\":{\"@type\":\"EntryPoint\",\"urlTemplate\":\"https:\\\/\\\/www.editorialclaret.cat\\\/?s={search_term_string}\"},\"query-input\":{\"@type\":\"PropertyValueSpecification\",\"valueRequired\":true,\"valueName\":\"search_term_string\"}}],\"inLanguage\":\"es\"},{\"@type\":\"Organization\",\"@id\":\"https:\\\/\\\/www.editorialclaret.cat\\\/#organization\",\"name\":\"Editorial Claret\",\"url\":\"https:\\\/\\\/www.editorialclaret.cat\\\/\",\"logo\":{\"@type\":\"ImageObject\",\"inLanguage\":\"es\",\"@id\":\"https:\\\/\\\/www.editorialclaret.cat\\\/#\\\/schema\\\/logo\\\/image\\\/\",\"url\":\"https:\\\/\\\/www.editorialclaret.cat\\\/wp-content\\\/uploads\\\/.\\\/logo-claret.png\",\"contentUrl\":\"https:\\\/\\\/www.editorialclaret.cat\\\/wp-content\\\/uploads\\\/.\\\/logo-claret.png\",\"width\":194,\"height\":79,\"caption\":\"Editorial Claret\"},\"image\":{\"@id\":\"https:\\\/\\\/www.editorialclaret.cat\\\/#\\\/schema\\\/logo\\\/image\\\/\"}}]}<\/script>\n<!-- \/ Yoast SEO plugin. -->","yoast_head_json":{"title":"Editorial Claret","robots":{"index":"noindex","follow":"follow","max-snippet":"max-snippet:-1","max-image-preview":"max-image-preview:large","max-video-preview":"max-video-preview:-1"},"og_locale":"es_ES","og_type":"article","og_title":"PACEM IN TERRIS - PAU A LA TERRA - Editorial Claret","og_description":"JOAN XXIII","og_url":"https:\/\/www.editorialclaret.cat\/producte\/pacem-in-terris-pau-a-la-terra-9788498467789\/","og_site_name":"Editorial Claret","article_modified_time":"2024-05-22T11:31:47+00:00","og_image":[{"width":225,"height":333,"url":"https:\/\/www.editorialclaret.cat\/wp-content\/uploads\/.\/9788498467789.jpg","type":"image\/jpeg"}],"twitter_card":"summary_large_image","twitter_misc":{"Tiempo de lectura":"1 minuto"},"schema":{"@context":"https:\/\/schema.org","@graph":[{"@type":"WebPage","@id":"https:\/\/www.editorialclaret.cat\/producte\/pacem-in-terris-pau-a-la-terra-9788498467789\/","url":"https:\/\/www.editorialclaret.cat\/producte\/pacem-in-terris-pau-a-la-terra-9788498467789\/","name":"PACEM IN TERRIS - PAU A LA TERRA - Editorial Claret","isPartOf":{"@id":"https:\/\/www.editorialclaret.cat\/#website"},"primaryImageOfPage":{"@id":"https:\/\/www.editorialclaret.cat\/producte\/pacem-in-terris-pau-a-la-terra-9788498467789\/#primaryimage"},"image":{"@id":"https:\/\/www.editorialclaret.cat\/producte\/pacem-in-terris-pau-a-la-terra-9788498467789\/#primaryimage"},"thumbnailUrl":"https:\/\/www.editorialclaret.cat\/wp-content\/uploads\/.\/9788498467789.jpg","datePublished":"2022-11-07T06:41:59+00:00","dateModified":"2024-05-22T11:31:47+00:00","breadcrumb":{"@id":"https:\/\/www.editorialclaret.cat\/producte\/pacem-in-terris-pau-a-la-terra-9788498467789\/#breadcrumb"},"inLanguage":"es","potentialAction":[{"@type":"ReadAction","target":["https:\/\/www.editorialclaret.cat\/producte\/pacem-in-terris-pau-a-la-terra-9788498467789\/"]}]},{"@type":"ImageObject","inLanguage":"es","@id":"https:\/\/www.editorialclaret.cat\/producte\/pacem-in-terris-pau-a-la-terra-9788498467789\/#primaryimage","url":"https:\/\/www.editorialclaret.cat\/wp-content\/uploads\/.\/9788498467789.jpg","contentUrl":"https:\/\/www.editorialclaret.cat\/wp-content\/uploads\/.\/9788498467789.jpg","width":225,"height":333,"caption":"9788498467789.jpg"},{"@type":"BreadcrumbList","@id":"https:\/\/www.editorialclaret.cat\/producte\/pacem-in-terris-pau-a-la-terra-9788498467789\/#breadcrumb","itemListElement":[{"@type":"ListItem","position":1,"name":"Portada","item":"https:\/\/www.editorialclaret.cat\/es\/"},{"@type":"ListItem","position":2,"name":"Botiga","item":"https:\/\/www.editorialclaret.cat\/?page_id=16"},{"@type":"ListItem","position":3,"name":"PACEM IN TERRIS &#8211; PAU A LA TERRA"}]},{"@type":"WebSite","@id":"https:\/\/www.editorialclaret.cat\/#website","url":"https:\/\/www.editorialclaret.cat\/","name":"Editorial Claret","description":"","publisher":{"@id":"https:\/\/www.editorialclaret.cat\/#organization"},"potentialAction":[{"@type":"SearchAction","target":{"@type":"EntryPoint","urlTemplate":"https:\/\/www.editorialclaret.cat\/?s={search_term_string}"},"query-input":{"@type":"PropertyValueSpecification","valueRequired":true,"valueName":"search_term_string"}}],"inLanguage":"es"},{"@type":"Organization","@id":"https:\/\/www.editorialclaret.cat\/#organization","name":"Editorial Claret","url":"https:\/\/www.editorialclaret.cat\/","logo":{"@type":"ImageObject","inLanguage":"es","@id":"https:\/\/www.editorialclaret.cat\/#\/schema\/logo\/image\/","url":"https:\/\/www.editorialclaret.cat\/wp-content\/uploads\/.\/logo-claret.png","contentUrl":"https:\/\/www.editorialclaret.cat\/wp-content\/uploads\/.\/logo-claret.png","width":194,"height":79,"caption":"Editorial Claret"},"image":{"@id":"https:\/\/www.editorialclaret.cat\/#\/schema\/logo\/image\/"}}]}},"_links":{"self":[{"href":"https:\/\/www.editorialclaret.cat\/es\/wp-json\/wp\/v2\/product\/47782","targetHints":{"allow":["GET"]}}],"collection":[{"href":"https:\/\/www.editorialclaret.cat\/es\/wp-json\/wp\/v2\/product"}],"about":[{"href":"https:\/\/www.editorialclaret.cat\/es\/wp-json\/wp\/v2\/types\/product"}],"wp:featuredmedia":[{"embeddable":true,"href":"https:\/\/www.editorialclaret.cat\/es\/wp-json\/wp\/v2\/media\/47783"}],"wp:attachment":[{"href":"https:\/\/www.editorialclaret.cat\/es\/wp-json\/wp\/v2\/media?parent=47782"}],"wp:term":[{"taxonomy":"product_brand","embeddable":true,"href":"https:\/\/www.editorialclaret.cat\/es\/wp-json\/wp\/v2\/product_brand?post=47782"},{"taxonomy":"product_cat","embeddable":true,"href":"https:\/\/www.editorialclaret.cat\/es\/wp-json\/wp\/v2\/product_cat?post=47782"},{"taxonomy":"product_tag","embeddable":true,"href":"https:\/\/www.editorialclaret.cat\/es\/wp-json\/wp\/v2\/product_tag?post=47782"}],"curies":[{"name":"wp","href":"https:\/\/api.w.org\/{rel}","templated":true}]}}

<p>El dia 11 d’abril de 1963 –Dijous Sant–, es feia pública la vuitena encíclica de Joan XXIII, la Pacem in terris, signada pel mateix Papa dos dies abans. És la seva darrera encíclica i la més famosa. Dos mesos més tard, el 3 de juny, dilluns de la Pentecosta, la mort del «Papa bo» convertia aquest llarg escrit en el seu testament per al món sencer.</p>
<p>L’encíclica Pacem in terris es dirigeix a tots els homes sense distinció. És una encíclica sobre la pau, escrita amb paraules desarmades. Confia que els homes, moguts per Déu, són capaços d’avaançar pel camí de la veritat, de la justícia, de l’amor mutu, de la llibertat.</p>

Rústica

SEGONA EDICIÓ
