{"id":47718,"date":"2022-11-07T07:40:53","date_gmt":"2022-11-07T06:40:53","guid":{"rendered":"http:\/\/dev.editorialclaret.cat\/producte\/lesperit-llavor-de-lunivers\/"},"modified":"2024-07-12T13:30:26","modified_gmt":"2024-07-12T11:30:26","slug":"lesperit-llavor-de-lunivers-9788498468274","status":"publish","type":"product","link":"https:\/\/www.editorialclaret.cat\/es\/producto\/lesperit-llavor-de-lunivers-9788498468274\/","title":{"rendered":"L&#8217;ESPERIT, LLAVOR DE L&#8217;UNIVERS"},"content":{"rendered":"<p>L\u2019escrit \u00e9s un soliloqui, si b\u00e9 dit en veu alta per si alg\u00fa el vol escoltar, \u00e9s a dir, llegir. Manifesto la meva visi\u00f3 de l\u2019univers i de l\u2019exist\u00e8ncia humana basada en una infraestructura evang\u00e8lica. Escrivint aquest paper, em cerco a mi mateix. Aquesta \u00e9s la intenci\u00f3 primordial i puc dir exclusiva de tot el que dic. Vull fer una mena d\u2019inventari d\u2019elements ideol\u00f2gics i vivencials que, en els meus vuitanta-quatre anys, em marquen la pr\u00f2pia vida i la manera de concebre l\u2019incommensurable i complex moviment hum\u00e0 que em condiciona. Intento ordenar dins meu la configuraci\u00f3 de la manera de veure el meu personal existir i la seva relaci\u00f3 amb l\u2019univers que m\u2019embolcalla. No faig cap autobiografia, si b\u00e9 tot l\u2019escrit t\u00e9 un substrat biogr\u00e0fic. Vull, per\u00f2, amb sentiment humanitzador parlar de l\u2019Esperit en veu baixa i suau per ajudar a superar desequilibris que trastornen. Parlo de l\u2019Esperit que em comunica esperit i ho haig de dir. No em puc desentendre d\u2019una energia que em transcendeix i que m\u2019atrau, d\u2019una for\u00e7a espiritual que se\u2019m fa experi\u00e8ncia \u00edntima. Sens dubte, \u00e9s all\u00f2 que assevera Agust\u00ed de Tagaste o d\u2019Hipona quan diu en el seu llibre de les Confessions: \u00abEns has fet per a tu, Senyor, i el nostre cor est\u00e0 inquiet fins que no reposi en tu\u00bb (I,1).<\/p>\n","protected":false},"excerpt":{"rendered":"<p>POU I RIUS, RAMON<\/p>\n","protected":false},"featured_media":66719,"template":"","meta":{"_acf_changed":false,"rs_blank_template":"","rs_page_bg_color":"","slide_template_v7":"","inline_featured_image":false,"_monsterinsights_skip_tracking":false,"_monsterinsights_sitenote_active":false,"_monsterinsights_sitenote_note":"","_monsterinsights_sitenote_category":0},"product_brand":[],"product_cat":[1055,817,1303,1299,814,1052],"product_tag":[],"class_list":{"0":"post-47718","1":"product","2":"type-product","3":"status-publish","4":"has-post-thumbnail","6":"product_cat-espiritualidad-espiritualidad","7":"product_cat-espiritualitat-espiritualitat","8":"product_cat-sabidurias","9":"product_cat-savieses","10":"product_cat-teologia","11":"product_cat-teologia-espiritualidad","13":"first","14":"instock","15":"taxable","16":"shipping-taxable","17":"purchasable","18":"product-type-simple"},"acf":{"autor":"POU I RIUS, RAMON","codart":"849846827","libros-coleccion":"Savieses","ediciones":"1","encuadernacion":"R\u00fastica","fecha_de_publicacion":"14\/02\/2014","novedad":"0","paginas":"160","subtitulo":"","orden":"999","portada":"0","idioma":"cat","autores-libros":[{"ID":20374,"post_author":"3","post_date":"2022-10-19 01:32:21","post_date_gmt":"2022-10-18 23:32:21","post_content":"","post_title":"RAMON POU I RIUS","post_excerpt":"","post_status":"publish","comment_status":"closed","ping_status":"closed","post_password":"","post_name":"ramon-pou-i-rius","to_ping":"","pinged":"","post_modified":"2022-10-19 01:32:21","post_modified_gmt":"2022-10-18 23:32:21","post_content_filtered":"","post_parent":0,"guid":"http:\/\/dev.editorialclaret.cat\/autor\/ramon-pou-i-rius\/","menu_order":0,"post_type":"autor","post_mime_type":"","comment_count":"0","filter":"raw"}],"traductores-libros":"","ilustradores-libros":"","formato":"","linkebook":"","precioebook":"","ficha":"","muestra":"","presentacion":"","booktrailer":"","resenas":"","recomendamos":"","mas_vendido":""},"yoast_head":"<!-- This site is optimized with the Yoast SEO plugin v27.3 - https:\/\/yoast.com\/product\/yoast-seo-wordpress\/ -->\n<title>Editorial Claret<\/title>\n<meta name=\"robots\" content=\"noindex, follow, max-snippet:-1, max-image-preview:large, max-video-preview:-1\" \/>\n<meta property=\"og:locale\" content=\"es_ES\" \/>\n<meta property=\"og:type\" content=\"article\" \/>\n<meta property=\"og:title\" content=\"L&#039;ESPERIT, LLAVOR DE L&#039;UNIVERS - Editorial Claret\" \/>\n<meta property=\"og:description\" content=\"POU I RIUS, RAMON\" \/>\n<meta property=\"og:url\" content=\"https:\/\/www.editorialclaret.cat\/producte\/lesperit-llavor-de-lunivers-9788498468274\/\" \/>\n<meta property=\"og:site_name\" content=\"Editorial Claret\" \/>\n<meta property=\"article:modified_time\" content=\"2024-07-12T11:30:26+00:00\" \/>\n<meta property=\"og:image\" content=\"https:\/\/www.editorialclaret.cat\/wp-content\/uploads\/9788498468274-1.jpg\" \/>\n\t<meta property=\"og:image:width\" content=\"1713\" \/>\n\t<meta property=\"og:image:height\" content=\"2539\" \/>\n\t<meta property=\"og:image:type\" content=\"image\/jpeg\" \/>\n<meta name=\"twitter:card\" content=\"summary_large_image\" \/>\n<meta name=\"twitter:label1\" content=\"Tiempo de lectura\" \/>\n\t<meta name=\"twitter:data1\" content=\"2 minutos\" \/>\n<script type=\"application\/ld+json\" class=\"yoast-schema-graph\">{\"@context\":\"https:\\\/\\\/schema.org\",\"@graph\":[{\"@type\":\"WebPage\",\"@id\":\"https:\\\/\\\/www.editorialclaret.cat\\\/producte\\\/lesperit-llavor-de-lunivers-9788498468274\\\/\",\"url\":\"https:\\\/\\\/www.editorialclaret.cat\\\/producte\\\/lesperit-llavor-de-lunivers-9788498468274\\\/\",\"name\":\"L'ESPERIT, LLAVOR DE L'UNIVERS - Editorial Claret\",\"isPartOf\":{\"@id\":\"https:\\\/\\\/www.editorialclaret.cat\\\/#website\"},\"primaryImageOfPage\":{\"@id\":\"https:\\\/\\\/www.editorialclaret.cat\\\/producte\\\/lesperit-llavor-de-lunivers-9788498468274\\\/#primaryimage\"},\"image\":{\"@id\":\"https:\\\/\\\/www.editorialclaret.cat\\\/producte\\\/lesperit-llavor-de-lunivers-9788498468274\\\/#primaryimage\"},\"thumbnailUrl\":\"https:\\\/\\\/www.editorialclaret.cat\\\/wp-content\\\/uploads\\\/9788498468274-1.jpg\",\"datePublished\":\"2022-11-07T06:40:53+00:00\",\"dateModified\":\"2024-07-12T11:30:26+00:00\",\"breadcrumb\":{\"@id\":\"https:\\\/\\\/www.editorialclaret.cat\\\/producte\\\/lesperit-llavor-de-lunivers-9788498468274\\\/#breadcrumb\"},\"inLanguage\":\"es\",\"potentialAction\":[{\"@type\":\"ReadAction\",\"target\":[\"https:\\\/\\\/www.editorialclaret.cat\\\/producte\\\/lesperit-llavor-de-lunivers-9788498468274\\\/\"]}]},{\"@type\":\"ImageObject\",\"inLanguage\":\"es\",\"@id\":\"https:\\\/\\\/www.editorialclaret.cat\\\/producte\\\/lesperit-llavor-de-lunivers-9788498468274\\\/#primaryimage\",\"url\":\"https:\\\/\\\/www.editorialclaret.cat\\\/wp-content\\\/uploads\\\/9788498468274-1.jpg\",\"contentUrl\":\"https:\\\/\\\/www.editorialclaret.cat\\\/wp-content\\\/uploads\\\/9788498468274-1.jpg\",\"width\":1713,\"height\":2539,\"caption\":\"9788498468274.jpg\"},{\"@type\":\"BreadcrumbList\",\"@id\":\"https:\\\/\\\/www.editorialclaret.cat\\\/producte\\\/lesperit-llavor-de-lunivers-9788498468274\\\/#breadcrumb\",\"itemListElement\":[{\"@type\":\"ListItem\",\"position\":1,\"name\":\"Portada\",\"item\":\"https:\\\/\\\/www.editorialclaret.cat\\\/es\\\/\"},{\"@type\":\"ListItem\",\"position\":2,\"name\":\"Botiga\",\"item\":\"https:\\\/\\\/www.editorialclaret.cat\\\/?page_id=16\"},{\"@type\":\"ListItem\",\"position\":3,\"name\":\"L&#8217;ESPERIT, LLAVOR DE L&#8217;UNIVERS\"}]},{\"@type\":\"WebSite\",\"@id\":\"https:\\\/\\\/www.editorialclaret.cat\\\/#website\",\"url\":\"https:\\\/\\\/www.editorialclaret.cat\\\/\",\"name\":\"Editorial Claret\",\"description\":\"\",\"publisher\":{\"@id\":\"https:\\\/\\\/www.editorialclaret.cat\\\/#organization\"},\"potentialAction\":[{\"@type\":\"SearchAction\",\"target\":{\"@type\":\"EntryPoint\",\"urlTemplate\":\"https:\\\/\\\/www.editorialclaret.cat\\\/?s={search_term_string}\"},\"query-input\":{\"@type\":\"PropertyValueSpecification\",\"valueRequired\":true,\"valueName\":\"search_term_string\"}}],\"inLanguage\":\"es\"},{\"@type\":\"Organization\",\"@id\":\"https:\\\/\\\/www.editorialclaret.cat\\\/#organization\",\"name\":\"Editorial Claret\",\"url\":\"https:\\\/\\\/www.editorialclaret.cat\\\/\",\"logo\":{\"@type\":\"ImageObject\",\"inLanguage\":\"es\",\"@id\":\"https:\\\/\\\/www.editorialclaret.cat\\\/#\\\/schema\\\/logo\\\/image\\\/\",\"url\":\"https:\\\/\\\/www.editorialclaret.cat\\\/wp-content\\\/uploads\\\/.\\\/logo-claret.png\",\"contentUrl\":\"https:\\\/\\\/www.editorialclaret.cat\\\/wp-content\\\/uploads\\\/.\\\/logo-claret.png\",\"width\":194,\"height\":79,\"caption\":\"Editorial Claret\"},\"image\":{\"@id\":\"https:\\\/\\\/www.editorialclaret.cat\\\/#\\\/schema\\\/logo\\\/image\\\/\"}}]}<\/script>\n<!-- \/ Yoast SEO plugin. -->","yoast_head_json":{"title":"Editorial Claret","robots":{"index":"noindex","follow":"follow","max-snippet":"max-snippet:-1","max-image-preview":"max-image-preview:large","max-video-preview":"max-video-preview:-1"},"og_locale":"es_ES","og_type":"article","og_title":"L'ESPERIT, LLAVOR DE L'UNIVERS - Editorial Claret","og_description":"POU I RIUS, RAMON","og_url":"https:\/\/www.editorialclaret.cat\/producte\/lesperit-llavor-de-lunivers-9788498468274\/","og_site_name":"Editorial Claret","article_modified_time":"2024-07-12T11:30:26+00:00","og_image":[{"width":1713,"height":2539,"url":"https:\/\/www.editorialclaret.cat\/wp-content\/uploads\/9788498468274-1.jpg","type":"image\/jpeg"}],"twitter_card":"summary_large_image","twitter_misc":{"Tiempo de lectura":"2 minutos"},"schema":{"@context":"https:\/\/schema.org","@graph":[{"@type":"WebPage","@id":"https:\/\/www.editorialclaret.cat\/producte\/lesperit-llavor-de-lunivers-9788498468274\/","url":"https:\/\/www.editorialclaret.cat\/producte\/lesperit-llavor-de-lunivers-9788498468274\/","name":"L'ESPERIT, LLAVOR DE L'UNIVERS - Editorial Claret","isPartOf":{"@id":"https:\/\/www.editorialclaret.cat\/#website"},"primaryImageOfPage":{"@id":"https:\/\/www.editorialclaret.cat\/producte\/lesperit-llavor-de-lunivers-9788498468274\/#primaryimage"},"image":{"@id":"https:\/\/www.editorialclaret.cat\/producte\/lesperit-llavor-de-lunivers-9788498468274\/#primaryimage"},"thumbnailUrl":"https:\/\/www.editorialclaret.cat\/wp-content\/uploads\/9788498468274-1.jpg","datePublished":"2022-11-07T06:40:53+00:00","dateModified":"2024-07-12T11:30:26+00:00","breadcrumb":{"@id":"https:\/\/www.editorialclaret.cat\/producte\/lesperit-llavor-de-lunivers-9788498468274\/#breadcrumb"},"inLanguage":"es","potentialAction":[{"@type":"ReadAction","target":["https:\/\/www.editorialclaret.cat\/producte\/lesperit-llavor-de-lunivers-9788498468274\/"]}]},{"@type":"ImageObject","inLanguage":"es","@id":"https:\/\/www.editorialclaret.cat\/producte\/lesperit-llavor-de-lunivers-9788498468274\/#primaryimage","url":"https:\/\/www.editorialclaret.cat\/wp-content\/uploads\/9788498468274-1.jpg","contentUrl":"https:\/\/www.editorialclaret.cat\/wp-content\/uploads\/9788498468274-1.jpg","width":1713,"height":2539,"caption":"9788498468274.jpg"},{"@type":"BreadcrumbList","@id":"https:\/\/www.editorialclaret.cat\/producte\/lesperit-llavor-de-lunivers-9788498468274\/#breadcrumb","itemListElement":[{"@type":"ListItem","position":1,"name":"Portada","item":"https:\/\/www.editorialclaret.cat\/es\/"},{"@type":"ListItem","position":2,"name":"Botiga","item":"https:\/\/www.editorialclaret.cat\/?page_id=16"},{"@type":"ListItem","position":3,"name":"L&#8217;ESPERIT, LLAVOR DE L&#8217;UNIVERS"}]},{"@type":"WebSite","@id":"https:\/\/www.editorialclaret.cat\/#website","url":"https:\/\/www.editorialclaret.cat\/","name":"Editorial Claret","description":"","publisher":{"@id":"https:\/\/www.editorialclaret.cat\/#organization"},"potentialAction":[{"@type":"SearchAction","target":{"@type":"EntryPoint","urlTemplate":"https:\/\/www.editorialclaret.cat\/?s={search_term_string}"},"query-input":{"@type":"PropertyValueSpecification","valueRequired":true,"valueName":"search_term_string"}}],"inLanguage":"es"},{"@type":"Organization","@id":"https:\/\/www.editorialclaret.cat\/#organization","name":"Editorial Claret","url":"https:\/\/www.editorialclaret.cat\/","logo":{"@type":"ImageObject","inLanguage":"es","@id":"https:\/\/www.editorialclaret.cat\/#\/schema\/logo\/image\/","url":"https:\/\/www.editorialclaret.cat\/wp-content\/uploads\/.\/logo-claret.png","contentUrl":"https:\/\/www.editorialclaret.cat\/wp-content\/uploads\/.\/logo-claret.png","width":194,"height":79,"caption":"Editorial Claret"},"image":{"@id":"https:\/\/www.editorialclaret.cat\/#\/schema\/logo\/image\/"}}]}},"_links":{"self":[{"href":"https:\/\/www.editorialclaret.cat\/es\/wp-json\/wp\/v2\/product\/47718","targetHints":{"allow":["GET"]}}],"collection":[{"href":"https:\/\/www.editorialclaret.cat\/es\/wp-json\/wp\/v2\/product"}],"about":[{"href":"https:\/\/www.editorialclaret.cat\/es\/wp-json\/wp\/v2\/types\/product"}],"wp:featuredmedia":[{"embeddable":true,"href":"https:\/\/www.editorialclaret.cat\/es\/wp-json\/wp\/v2\/media\/66719"}],"wp:attachment":[{"href":"https:\/\/www.editorialclaret.cat\/es\/wp-json\/wp\/v2\/media?parent=47718"}],"wp:term":[{"taxonomy":"product_brand","embeddable":true,"href":"https:\/\/www.editorialclaret.cat\/es\/wp-json\/wp\/v2\/product_brand?post=47718"},{"taxonomy":"product_cat","embeddable":true,"href":"https:\/\/www.editorialclaret.cat\/es\/wp-json\/wp\/v2\/product_cat?post=47718"},{"taxonomy":"product_tag","embeddable":true,"href":"https:\/\/www.editorialclaret.cat\/es\/wp-json\/wp\/v2\/product_tag?post=47718"}],"curies":[{"name":"wp","href":"https:\/\/api.w.org\/{rel}","templated":true}]}}

<p>L’escrit és un soliloqui, si bé dit en veu alta per si algú el vol escoltar, és a dir, llegir. Manifesto la meva visió de l’univers i de l’existència humana basada en una infraestructura evangèlica. Escrivint aquest paper, em cerco a mi mateix. Aquesta és la intenció primordial i puc dir exclusiva de tot el que dic. Vull fer una mena d’inventari d’elements ideològics i vivencials que, en els meus vuitanta-quatre anys, em marquen la pròpia vida i la manera de concebre l’incommensurable i complex moviment humà que em condiciona. Intento ordenar dins meu la configuració de la manera de veure el meu personal existir i la seva relació amb l’univers que m’embolcalla. No faig cap autobiografia, si bé tot l’escrit té un substrat biogràfic. Vull, però, amb sentiment humanitzador parlar de l’Esperit en veu baixa i suau per ajudar a superar desequilibris que trastornen. Parlo de l’Esperit que em comunica esperit i ho haig de dir. No em puc desentendre d’una energia que em transcendeix i que m’atrau, d’una força espiritual que se’m fa experiència íntima. Sens dubte, és allò que assevera Agustí de Tagaste o d’Hipona quan diu en el seu llibre de les Confessions: «Ens has fet per a tu, Senyor, i el nostre cor està inquiet fins que no reposi en tu» (I,1).</p>

Rústica
