{"id":47685,"date":"2022-11-07T07:40:18","date_gmt":"2022-11-07T06:40:18","guid":{"rendered":"http:\/\/dev.editorialclaret.cat\/producte\/alvaro-del-portillo\/"},"modified":"2024-05-22T13:36:40","modified_gmt":"2024-05-22T11:36:40","slug":"alvaro-del-portillo-9788498468663","status":"publish","type":"product","link":"https:\/\/www.editorialclaret.cat\/es\/producto\/alvaro-del-portillo-9788498468663\/","title":{"rendered":"\u00c1LVARO DEL PORTILLO"},"content":{"rendered":"<p>Portava en l\u2019\u00e0nima la passi\u00f3 per ajudar els altres, amb valentia i aud\u00e0cia sense respectes humans, exigent amb si mateix i comprensiu amb els altres. Com li agradava servir! Quantes vegades repetia la paraula servei!<\/p>\n<p>\u00c1lvaro del Portillo Diez de Solano va ser el gran col\u00b7laborador de sant Josepmaria, amb qui va estar des de molt jove i fins a la mort del fundador el 1975 quan el succe\u00ed al capdavant de l\u2019Opus Dei. La seva vida va estar marcada per un sentit de fidelitat i servei a l\u2019Esgl\u00e9sia. Va treballar al Concili Vatic\u00e0 II i, tamb\u00e9, a la c\u00faria vaticana amb diversos enc\u00e0rrecs. Tothom qui el tract\u00e0 va poder experimentar la seva afabilitat.<\/p>\n<p>Al llarg de la seva vida va visitar Catalunya en nombroses ocasions. El desembre de 1939, va acompanyar sant Josepmaria per a iniciar la tasca apost\u00f2lica de l\u2019Opus Dei a Catalunya, que va seguir de prop durant els anys 40. A m\u00e9s, pass\u00e0 la Setmana Santa del 1943 a Montserrat convidat per l\u2019abat Escarr\u00e9, amb qui l\u2019un\u00ed una gran amistat. Sempre aprofitava les estades a Barcelona per a expressar la seva estimaci\u00f3 a la Mare de D\u00e9u de la Merc\u00e8 visitant la seva bas\u00edlica.<\/p>\n","protected":false},"excerpt":{"rendered":"<p>BERNAL, SALVADOR<\/p>\n","protected":false},"featured_media":47686,"template":"","meta":{"_acf_changed":false,"rs_blank_template":"","rs_page_bg_color":"","slide_template_v7":"","inline_featured_image":false,"_monsterinsights_skip_tracking":false,"_monsterinsights_sitenote_active":false,"_monsterinsights_sitenote_note":"","_monsterinsights_sitenote_category":0},"product_brand":[],"product_cat":[1068,831,1055,817,833,1070],"product_tag":[],"class_list":{"0":"post-47685","1":"product","2":"type-product","3":"status-publish","4":"has-post-thumbnail","6":"product_cat-eclesiologia-espiritualidad","7":"product_cat-eclesiologia","8":"product_cat-espiritualidad-espiritualidad","9":"product_cat-espiritualitat-espiritualitat","10":"product_cat-santoral","11":"product_cat-santoral-espiritualidad","13":"first","14":"instock","15":"taxable","16":"shipping-taxable","17":"purchasable","18":"product-type-simple"},"acf":{"autor":"BERNAL, SALVADOR","codart":"849846866 ","libros-coleccion":"","ediciones":"1","encuadernacion":"R\u00fastica","fecha_de_publicacion":"19\/06\/2014","novedad":"0","paginas":"104","subtitulo":"UNA SEMBLAN\u00c7A PERSONAL","orden":"999","portada":"0","idioma":"cat","autores-libros":[{"ID":20872,"post_author":"3","post_date":"2022-10-19 01:35:23","post_date_gmt":"2022-10-18 23:35:23","post_content":"","post_title":"SALVADOR BERNAL","post_excerpt":"","post_status":"publish","comment_status":"closed","ping_status":"closed","post_password":"","post_name":"salvador-bernal","to_ping":"","pinged":"","post_modified":"2022-10-19 01:35:23","post_modified_gmt":"2022-10-18 23:35:23","post_content_filtered":"","post_parent":0,"guid":"http:\/\/dev.editorialclaret.cat\/autor\/salvador-bernal\/","menu_order":0,"post_type":"autor","post_mime_type":"","comment_count":"0","filter":"raw"}]},"yoast_head":"<!-- This site is optimized with the Yoast SEO plugin v27.3 - https:\/\/yoast.com\/product\/yoast-seo-wordpress\/ -->\n<title>Editorial Claret<\/title>\n<meta name=\"robots\" content=\"noindex, follow, max-snippet:-1, max-image-preview:large, max-video-preview:-1\" \/>\n<meta property=\"og:locale\" content=\"es_ES\" \/>\n<meta property=\"og:type\" content=\"article\" \/>\n<meta property=\"og:title\" content=\"\u00c1LVARO DEL PORTILLO - Editorial Claret\" \/>\n<meta property=\"og:description\" content=\"BERNAL, SALVADOR\" \/>\n<meta property=\"og:url\" content=\"https:\/\/www.editorialclaret.cat\/producte\/alvaro-del-portillo-9788498468663\/\" \/>\n<meta property=\"og:site_name\" content=\"Editorial Claret\" \/>\n<meta property=\"article:modified_time\" content=\"2024-05-22T11:36:40+00:00\" \/>\n<meta property=\"og:image\" content=\"https:\/\/www.editorialclaret.cat\/wp-content\/uploads\/.\/9788498468663.jpg\" \/>\n\t<meta property=\"og:image:width\" content=\"175\" \/>\n\t<meta property=\"og:image:height\" content=\"244\" \/>\n\t<meta property=\"og:image:type\" content=\"image\/jpeg\" \/>\n<meta name=\"twitter:card\" content=\"summary_large_image\" \/>\n<meta name=\"twitter:label1\" content=\"Tiempo de lectura\" \/>\n\t<meta name=\"twitter:data1\" content=\"1 minuto\" \/>\n<script type=\"application\/ld+json\" class=\"yoast-schema-graph\">{\"@context\":\"https:\\\/\\\/schema.org\",\"@graph\":[{\"@type\":\"WebPage\",\"@id\":\"https:\\\/\\\/www.editorialclaret.cat\\\/producte\\\/alvaro-del-portillo-9788498468663\\\/\",\"url\":\"https:\\\/\\\/www.editorialclaret.cat\\\/producte\\\/alvaro-del-portillo-9788498468663\\\/\",\"name\":\"\u00c1LVARO DEL PORTILLO - Editorial Claret\",\"isPartOf\":{\"@id\":\"https:\\\/\\\/www.editorialclaret.cat\\\/#website\"},\"primaryImageOfPage\":{\"@id\":\"https:\\\/\\\/www.editorialclaret.cat\\\/producte\\\/alvaro-del-portillo-9788498468663\\\/#primaryimage\"},\"image\":{\"@id\":\"https:\\\/\\\/www.editorialclaret.cat\\\/producte\\\/alvaro-del-portillo-9788498468663\\\/#primaryimage\"},\"thumbnailUrl\":\"https:\\\/\\\/www.editorialclaret.cat\\\/wp-content\\\/uploads\\\/.\\\/9788498468663.jpg\",\"datePublished\":\"2022-11-07T06:40:18+00:00\",\"dateModified\":\"2024-05-22T11:36:40+00:00\",\"breadcrumb\":{\"@id\":\"https:\\\/\\\/www.editorialclaret.cat\\\/producte\\\/alvaro-del-portillo-9788498468663\\\/#breadcrumb\"},\"inLanguage\":\"es\",\"potentialAction\":[{\"@type\":\"ReadAction\",\"target\":[\"https:\\\/\\\/www.editorialclaret.cat\\\/producte\\\/alvaro-del-portillo-9788498468663\\\/\"]}]},{\"@type\":\"ImageObject\",\"inLanguage\":\"es\",\"@id\":\"https:\\\/\\\/www.editorialclaret.cat\\\/producte\\\/alvaro-del-portillo-9788498468663\\\/#primaryimage\",\"url\":\"https:\\\/\\\/www.editorialclaret.cat\\\/wp-content\\\/uploads\\\/.\\\/9788498468663.jpg\",\"contentUrl\":\"https:\\\/\\\/www.editorialclaret.cat\\\/wp-content\\\/uploads\\\/.\\\/9788498468663.jpg\",\"width\":175,\"height\":244,\"caption\":\"9788498468663.jpg\"},{\"@type\":\"BreadcrumbList\",\"@id\":\"https:\\\/\\\/www.editorialclaret.cat\\\/producte\\\/alvaro-del-portillo-9788498468663\\\/#breadcrumb\",\"itemListElement\":[{\"@type\":\"ListItem\",\"position\":1,\"name\":\"Portada\",\"item\":\"https:\\\/\\\/www.editorialclaret.cat\\\/es\\\/\"},{\"@type\":\"ListItem\",\"position\":2,\"name\":\"Botiga\",\"item\":\"https:\\\/\\\/www.editorialclaret.cat\\\/?page_id=16\"},{\"@type\":\"ListItem\",\"position\":3,\"name\":\"\u00c1LVARO DEL PORTILLO\"}]},{\"@type\":\"WebSite\",\"@id\":\"https:\\\/\\\/www.editorialclaret.cat\\\/#website\",\"url\":\"https:\\\/\\\/www.editorialclaret.cat\\\/\",\"name\":\"Editorial Claret\",\"description\":\"\",\"publisher\":{\"@id\":\"https:\\\/\\\/www.editorialclaret.cat\\\/#organization\"},\"potentialAction\":[{\"@type\":\"SearchAction\",\"target\":{\"@type\":\"EntryPoint\",\"urlTemplate\":\"https:\\\/\\\/www.editorialclaret.cat\\\/?s={search_term_string}\"},\"query-input\":{\"@type\":\"PropertyValueSpecification\",\"valueRequired\":true,\"valueName\":\"search_term_string\"}}],\"inLanguage\":\"es\"},{\"@type\":\"Organization\",\"@id\":\"https:\\\/\\\/www.editorialclaret.cat\\\/#organization\",\"name\":\"Editorial Claret\",\"url\":\"https:\\\/\\\/www.editorialclaret.cat\\\/\",\"logo\":{\"@type\":\"ImageObject\",\"inLanguage\":\"es\",\"@id\":\"https:\\\/\\\/www.editorialclaret.cat\\\/#\\\/schema\\\/logo\\\/image\\\/\",\"url\":\"https:\\\/\\\/www.editorialclaret.cat\\\/wp-content\\\/uploads\\\/.\\\/logo-claret.png\",\"contentUrl\":\"https:\\\/\\\/www.editorialclaret.cat\\\/wp-content\\\/uploads\\\/.\\\/logo-claret.png\",\"width\":194,\"height\":79,\"caption\":\"Editorial Claret\"},\"image\":{\"@id\":\"https:\\\/\\\/www.editorialclaret.cat\\\/#\\\/schema\\\/logo\\\/image\\\/\"}}]}<\/script>\n<!-- \/ Yoast SEO plugin. -->","yoast_head_json":{"title":"Editorial Claret","robots":{"index":"noindex","follow":"follow","max-snippet":"max-snippet:-1","max-image-preview":"max-image-preview:large","max-video-preview":"max-video-preview:-1"},"og_locale":"es_ES","og_type":"article","og_title":"\u00c1LVARO DEL PORTILLO - Editorial Claret","og_description":"BERNAL, SALVADOR","og_url":"https:\/\/www.editorialclaret.cat\/producte\/alvaro-del-portillo-9788498468663\/","og_site_name":"Editorial Claret","article_modified_time":"2024-05-22T11:36:40+00:00","og_image":[{"width":175,"height":244,"url":"https:\/\/www.editorialclaret.cat\/wp-content\/uploads\/.\/9788498468663.jpg","type":"image\/jpeg"}],"twitter_card":"summary_large_image","twitter_misc":{"Tiempo de lectura":"1 minuto"},"schema":{"@context":"https:\/\/schema.org","@graph":[{"@type":"WebPage","@id":"https:\/\/www.editorialclaret.cat\/producte\/alvaro-del-portillo-9788498468663\/","url":"https:\/\/www.editorialclaret.cat\/producte\/alvaro-del-portillo-9788498468663\/","name":"\u00c1LVARO DEL PORTILLO - Editorial Claret","isPartOf":{"@id":"https:\/\/www.editorialclaret.cat\/#website"},"primaryImageOfPage":{"@id":"https:\/\/www.editorialclaret.cat\/producte\/alvaro-del-portillo-9788498468663\/#primaryimage"},"image":{"@id":"https:\/\/www.editorialclaret.cat\/producte\/alvaro-del-portillo-9788498468663\/#primaryimage"},"thumbnailUrl":"https:\/\/www.editorialclaret.cat\/wp-content\/uploads\/.\/9788498468663.jpg","datePublished":"2022-11-07T06:40:18+00:00","dateModified":"2024-05-22T11:36:40+00:00","breadcrumb":{"@id":"https:\/\/www.editorialclaret.cat\/producte\/alvaro-del-portillo-9788498468663\/#breadcrumb"},"inLanguage":"es","potentialAction":[{"@type":"ReadAction","target":["https:\/\/www.editorialclaret.cat\/producte\/alvaro-del-portillo-9788498468663\/"]}]},{"@type":"ImageObject","inLanguage":"es","@id":"https:\/\/www.editorialclaret.cat\/producte\/alvaro-del-portillo-9788498468663\/#primaryimage","url":"https:\/\/www.editorialclaret.cat\/wp-content\/uploads\/.\/9788498468663.jpg","contentUrl":"https:\/\/www.editorialclaret.cat\/wp-content\/uploads\/.\/9788498468663.jpg","width":175,"height":244,"caption":"9788498468663.jpg"},{"@type":"BreadcrumbList","@id":"https:\/\/www.editorialclaret.cat\/producte\/alvaro-del-portillo-9788498468663\/#breadcrumb","itemListElement":[{"@type":"ListItem","position":1,"name":"Portada","item":"https:\/\/www.editorialclaret.cat\/es\/"},{"@type":"ListItem","position":2,"name":"Botiga","item":"https:\/\/www.editorialclaret.cat\/?page_id=16"},{"@type":"ListItem","position":3,"name":"\u00c1LVARO DEL PORTILLO"}]},{"@type":"WebSite","@id":"https:\/\/www.editorialclaret.cat\/#website","url":"https:\/\/www.editorialclaret.cat\/","name":"Editorial Claret","description":"","publisher":{"@id":"https:\/\/www.editorialclaret.cat\/#organization"},"potentialAction":[{"@type":"SearchAction","target":{"@type":"EntryPoint","urlTemplate":"https:\/\/www.editorialclaret.cat\/?s={search_term_string}"},"query-input":{"@type":"PropertyValueSpecification","valueRequired":true,"valueName":"search_term_string"}}],"inLanguage":"es"},{"@type":"Organization","@id":"https:\/\/www.editorialclaret.cat\/#organization","name":"Editorial Claret","url":"https:\/\/www.editorialclaret.cat\/","logo":{"@type":"ImageObject","inLanguage":"es","@id":"https:\/\/www.editorialclaret.cat\/#\/schema\/logo\/image\/","url":"https:\/\/www.editorialclaret.cat\/wp-content\/uploads\/.\/logo-claret.png","contentUrl":"https:\/\/www.editorialclaret.cat\/wp-content\/uploads\/.\/logo-claret.png","width":194,"height":79,"caption":"Editorial Claret"},"image":{"@id":"https:\/\/www.editorialclaret.cat\/#\/schema\/logo\/image\/"}}]}},"_links":{"self":[{"href":"https:\/\/www.editorialclaret.cat\/es\/wp-json\/wp\/v2\/product\/47685","targetHints":{"allow":["GET"]}}],"collection":[{"href":"https:\/\/www.editorialclaret.cat\/es\/wp-json\/wp\/v2\/product"}],"about":[{"href":"https:\/\/www.editorialclaret.cat\/es\/wp-json\/wp\/v2\/types\/product"}],"wp:featuredmedia":[{"embeddable":true,"href":"https:\/\/www.editorialclaret.cat\/es\/wp-json\/wp\/v2\/media\/47686"}],"wp:attachment":[{"href":"https:\/\/www.editorialclaret.cat\/es\/wp-json\/wp\/v2\/media?parent=47685"}],"wp:term":[{"taxonomy":"product_brand","embeddable":true,"href":"https:\/\/www.editorialclaret.cat\/es\/wp-json\/wp\/v2\/product_brand?post=47685"},{"taxonomy":"product_cat","embeddable":true,"href":"https:\/\/www.editorialclaret.cat\/es\/wp-json\/wp\/v2\/product_cat?post=47685"},{"taxonomy":"product_tag","embeddable":true,"href":"https:\/\/www.editorialclaret.cat\/es\/wp-json\/wp\/v2\/product_tag?post=47685"}],"curies":[{"name":"wp","href":"https:\/\/api.w.org\/{rel}","templated":true}]}}

ÁLVARO DEL PORTILLO

<p>Portava en l’ànima la passió per ajudar els altres, amb valentia i audàcia sense respectes humans, exigent amb si mateix i comprensiu amb els altres. Com li agradava servir! Quantes vegades repetia la paraula servei!</p>
<p>Álvaro del Portillo Diez de Solano va ser el gran col·laborador de sant Josepmaria, amb qui va estar des de molt jove i fins a la mort del fundador el 1975 quan el succeí al capdavant de l’Opus Dei. La seva vida va estar marcada per un sentit de fidelitat i servei a l’Església. Va treballar al Concili Vaticà II i, també, a la cúria vaticana amb diversos encàrrecs. Tothom qui el tractà va poder experimentar la seva afabilitat.</p>
<p>Al llarg de la seva vida va visitar Catalunya en nombroses ocasions. El desembre de 1939, va acompanyar sant Josepmaria per a iniciar la tasca apostòlica de l’Opus Dei a Catalunya, que va seguir de prop durant els anys 40. A més, passà la Setmana Santa del 1943 a Montserrat convidat per l’abat Escarré, amb qui l’uní una gran amistat. Sempre aprofitava les estades a Barcelona per a expressar la seva estimació a la Mare de Déu de la Mercè visitant la seva basílica.</p>

Rústica

UNA SEMBLANÇA PERSONAL

<!-- This site is optimized with the Yoast SEO plugin v27.3 - https://yoast.com/product/yoast-seo-wordpress/ -->
<title>Editorial Claret</title>
<meta name="robots" content="noindex, follow, max-snippet:-1, max-image-preview:large, max-video-preview:-1" />
<meta property="og:locale" content="es_ES" />
<meta property="og:type" content="article" />
<meta property="og:title" content="ÁLVARO DEL PORTILLO - Editorial Claret" />
<meta property="og:description" content="BERNAL, SALVADOR" />
<meta property="og:url" content="https://www.editorialclaret.cat/producte/alvaro-del-portillo-9788498468663/" />
<meta property="og:site_name" content="Editorial Claret" />
<meta property="article:modified_time" content="2024-05-22T11:36:40+00:00" />
<meta property="og:image" content="https://www.editorialclaret.cat/wp-content/uploads/./9788498468663.jpg" />
	<meta property="og:image:width" content="175" />
	<meta property="og:image:height" content="244" />
	<meta property="og:image:type" content="image/jpeg" />
<meta name="twitter:card" content="summary_large_image" />
<meta name="twitter:label1" content="Tiempo de lectura" />
	<meta name="twitter:data1" content="1 minuto" />
<script type="application/ld+json" class="yoast-schema-graph">{"@context":"https:\/\/schema.org","@graph":[{"@type":"WebPage","@id":"https:\/\/www.editorialclaret.cat\/producte\/alvaro-del-portillo-9788498468663\/","url":"https:\/\/www.editorialclaret.cat\/producte\/alvaro-del-portillo-9788498468663\/","name":"ÁLVARO DEL PORTILLO - Editorial Claret","isPartOf":{"@id":"https:\/\/www.editorialclaret.cat\/#website"},"primaryImageOfPage":{"@id":"https:\/\/www.editorialclaret.cat\/producte\/alvaro-del-portillo-9788498468663\/#primaryimage"},"image":{"@id":"https:\/\/www.editorialclaret.cat\/producte\/alvaro-del-portillo-9788498468663\/#primaryimage"},"thumbnailUrl":"https:\/\/www.editorialclaret.cat\/wp-content\/uploads\/.\/9788498468663.jpg","datePublished":"2022-11-07T06:40:18+00:00","dateModified":"2024-05-22T11:36:40+00:00","breadcrumb":{"@id":"https:\/\/www.editorialclaret.cat\/producte\/alvaro-del-portillo-9788498468663\/#breadcrumb"},"inLanguage":"es","potentialAction":[{"@type":"ReadAction","target":["https:\/\/www.editorialclaret.cat\/producte\/alvaro-del-portillo-9788498468663\/"]}]},{"@type":"ImageObject","inLanguage":"es","@id":"https:\/\/www.editorialclaret.cat\/producte\/alvaro-del-portillo-9788498468663\/#primaryimage","url":"https:\/\/www.editorialclaret.cat\/wp-content\/uploads\/.\/9788498468663.jpg","contentUrl":"https:\/\/www.editorialclaret.cat\/wp-content\/uploads\/.\/9788498468663.jpg","width":175,"height":244,"caption":"9788498468663.jpg"},{"@type":"BreadcrumbList","@id":"https:\/\/www.editorialclaret.cat\/producte\/alvaro-del-portillo-9788498468663\/#breadcrumb","itemListElement":[{"@type":"ListItem","position":1,"name":"Portada","item":"https:\/\/www.editorialclaret.cat\/es\/"},{"@type":"ListItem","position":2,"name":"Botiga","item":"https:\/\/www.editorialclaret.cat\/?page_id=16"},{"@type":"ListItem","position":3,"name":"ÁLVARO DEL PORTILLO"}]},{"@type":"WebSite","@id":"https:\/\/www.editorialclaret.cat\/#website","url":"https:\/\/www.editorialclaret.cat\/","name":"Editorial Claret","description":"","publisher":{"@id":"https:\/\/www.editorialclaret.cat\/#organization"},"potentialAction":[{"@type":"SearchAction","target":{"@type":"EntryPoint","urlTemplate":"https:\/\/www.editorialclaret.cat\/?s={search_term_string}"},"query-input":{"@type":"PropertyValueSpecification","valueRequired":true,"valueName":"search_term_string"}}],"inLanguage":"es"},{"@type":"Organization","@id":"https:\/\/www.editorialclaret.cat\/#organization","name":"Editorial Claret","url":"https:\/\/www.editorialclaret.cat\/","logo":{"@type":"ImageObject","inLanguage":"es","@id":"https:\/\/www.editorialclaret.cat\/#\/schema\/logo\/image\/","url":"https:\/\/www.editorialclaret.cat\/wp-content\/uploads\/.\/logo-claret.png","contentUrl":"https:\/\/www.editorialclaret.cat\/wp-content\/uploads\/.\/logo-claret.png","width":194,"height":79,"caption":"Editorial Claret"},"image":{"@id":"https:\/\/www.editorialclaret.cat\/#\/schema\/logo\/image\/"}}]}</script>
<!-- / Yoast SEO plugin. -->

ÁLVARO DEL PORTILLO - Editorial Claret
