{"id":47508,"date":"2022-11-07T07:37:17","date_gmt":"2022-11-07T06:37:17","guid":{"rendered":"http:\/\/dev.editorialclaret.cat\/producte\/la-presencia-de-santa-teresa-en-la-poesia-catalana\/"},"modified":"2024-05-22T13:30:44","modified_gmt":"2024-05-22T11:30:44","slug":"la-presencia-de-santa-teresa-en-la-poesia-catalana-9788498467727","status":"publish","type":"product","link":"https:\/\/www.editorialclaret.cat\/es\/producto\/la-presencia-de-santa-teresa-en-la-poesia-catalana-9788498467727\/","title":{"rendered":"LA PRES\u00c8NCIA DE SANTA TERESA EN LA POESIA CATALANA"},"content":{"rendered":"<p>\u201cAquest text del professor Joan Requesens analitza de manera detallada alguns poemes escollits de diferents \u00e8poques de la literatura catalana i, tot llegint-los entre l\u00ednies, en fa una interpretaci\u00f3 que permet descobrir l\u2019exist\u00e8ncia de diverses perspectives de l\u2019acostament a Teresa de Jes\u00fas al llarg del temps. La publicaci\u00f3 d\u2019aquest valu\u00f3s estudi permet de perllongar l\u2019atenci\u00f3 de santa Teresa m\u00e9s ennl\u00e0 de l\u2019any del Centenari\u201d del Pr\u00f2leg d\u2019Agusti Borrell.<\/p>\n","protected":false},"excerpt":{"rendered":"<p>REQUESENS I PIQUER, JOAN<\/p>\n","protected":false},"featured_media":47509,"template":"","meta":{"_acf_changed":false,"rs_blank_template":"","rs_page_bg_color":"","slide_template_v7":"","inline_featured_image":false,"_monsterinsights_skip_tracking":false,"_monsterinsights_sitenote_active":false,"_monsterinsights_sitenote_note":"","_monsterinsights_sitenote_category":0},"product_brand":[],"product_cat":[830,1067],"product_tag":[],"class_list":{"0":"post-47508","1":"product","2":"type-product","3":"status-publish","4":"has-post-thumbnail","6":"product_cat-vida-religiosa","7":"product_cat-vida-religiosa-espiritualidad","9":"first","10":"instock","11":"taxable","12":"shipping-taxable","13":"purchasable","14":"product-type-simple"},"acf":{"autor":"REQUESENS I PIQUER, JOAN","codart":"849846772","libros-coleccion":"","ediciones":"1","encuadernacion":"Grapado","fecha_de_publicacion":"23\/12\/2015","novedad":"0","paginas":"56","subtitulo":"TRES HIP\u00d2TESIS I UNA CONSTATACI\u00d3","orden":"999","portada":"0","idioma":"cat","autores-libros":[{"ID":46898,"post_author":"3","post_date":"2022-11-06 20:31:57","post_date_gmt":"2022-11-06 19:31:57","post_content":"","post_title":"JOAN REQUESENS I PIQUER","post_excerpt":"","post_status":"publish","comment_status":"closed","ping_status":"closed","post_password":"","post_name":"joan-requesens-i-piquer","to_ping":"","pinged":"","post_modified":"2022-11-06 20:31:57","post_modified_gmt":"2022-11-06 19:31:57","post_content_filtered":"","post_parent":0,"guid":"http:\/\/dev.editorialclaret.cat\/autor\/joan-requesens-i-piquer\/","menu_order":0,"post_type":"autor","post_mime_type":"","comment_count":"0","filter":"raw"}]},"yoast_head":"<!-- This site is optimized with the Yoast SEO plugin v27.3 - https:\/\/yoast.com\/product\/yoast-seo-wordpress\/ -->\n<title>Editorial Claret<\/title>\n<meta name=\"robots\" content=\"noindex, follow, max-snippet:-1, max-image-preview:large, max-video-preview:-1\" \/>\n<meta property=\"og:locale\" content=\"es_ES\" \/>\n<meta property=\"og:type\" content=\"article\" \/>\n<meta property=\"og:title\" content=\"LA PRES\u00c8NCIA DE SANTA TERESA EN LA POESIA CATALANA - Editorial Claret\" \/>\n<meta property=\"og:description\" content=\"REQUESENS I PIQUER, JOAN\" \/>\n<meta property=\"og:url\" content=\"https:\/\/www.editorialclaret.cat\/producte\/la-presencia-de-santa-teresa-en-la-poesia-catalana-9788498467727\/\" \/>\n<meta property=\"og:site_name\" content=\"Editorial Claret\" \/>\n<meta property=\"article:modified_time\" content=\"2024-05-22T11:30:44+00:00\" \/>\n<meta property=\"og:image\" content=\"https:\/\/www.editorialclaret.cat\/wp-content\/uploads\/.\/9788498467727.png\" \/>\n\t<meta property=\"og:image:width\" content=\"225\" \/>\n\t<meta property=\"og:image:height\" content=\"311\" \/>\n\t<meta property=\"og:image:type\" content=\"image\/png\" \/>\n<meta name=\"twitter:card\" content=\"summary_large_image\" \/>\n<script type=\"application\/ld+json\" class=\"yoast-schema-graph\">{\"@context\":\"https:\\\/\\\/schema.org\",\"@graph\":[{\"@type\":\"WebPage\",\"@id\":\"https:\\\/\\\/www.editorialclaret.cat\\\/producte\\\/la-presencia-de-santa-teresa-en-la-poesia-catalana-9788498467727\\\/\",\"url\":\"https:\\\/\\\/www.editorialclaret.cat\\\/producte\\\/la-presencia-de-santa-teresa-en-la-poesia-catalana-9788498467727\\\/\",\"name\":\"LA PRES\u00c8NCIA DE SANTA TERESA EN LA POESIA CATALANA - Editorial Claret\",\"isPartOf\":{\"@id\":\"https:\\\/\\\/www.editorialclaret.cat\\\/#website\"},\"primaryImageOfPage\":{\"@id\":\"https:\\\/\\\/www.editorialclaret.cat\\\/producte\\\/la-presencia-de-santa-teresa-en-la-poesia-catalana-9788498467727\\\/#primaryimage\"},\"image\":{\"@id\":\"https:\\\/\\\/www.editorialclaret.cat\\\/producte\\\/la-presencia-de-santa-teresa-en-la-poesia-catalana-9788498467727\\\/#primaryimage\"},\"thumbnailUrl\":\"https:\\\/\\\/www.editorialclaret.cat\\\/wp-content\\\/uploads\\\/.\\\/9788498467727.png\",\"datePublished\":\"2022-11-07T06:37:17+00:00\",\"dateModified\":\"2024-05-22T11:30:44+00:00\",\"breadcrumb\":{\"@id\":\"https:\\\/\\\/www.editorialclaret.cat\\\/producte\\\/la-presencia-de-santa-teresa-en-la-poesia-catalana-9788498467727\\\/#breadcrumb\"},\"inLanguage\":\"es\",\"potentialAction\":[{\"@type\":\"ReadAction\",\"target\":[\"https:\\\/\\\/www.editorialclaret.cat\\\/producte\\\/la-presencia-de-santa-teresa-en-la-poesia-catalana-9788498467727\\\/\"]}]},{\"@type\":\"ImageObject\",\"inLanguage\":\"es\",\"@id\":\"https:\\\/\\\/www.editorialclaret.cat\\\/producte\\\/la-presencia-de-santa-teresa-en-la-poesia-catalana-9788498467727\\\/#primaryimage\",\"url\":\"https:\\\/\\\/www.editorialclaret.cat\\\/wp-content\\\/uploads\\\/.\\\/9788498467727.png\",\"contentUrl\":\"https:\\\/\\\/www.editorialclaret.cat\\\/wp-content\\\/uploads\\\/.\\\/9788498467727.png\",\"width\":225,\"height\":311,\"caption\":\"9788498467727.png\"},{\"@type\":\"BreadcrumbList\",\"@id\":\"https:\\\/\\\/www.editorialclaret.cat\\\/producte\\\/la-presencia-de-santa-teresa-en-la-poesia-catalana-9788498467727\\\/#breadcrumb\",\"itemListElement\":[{\"@type\":\"ListItem\",\"position\":1,\"name\":\"Portada\",\"item\":\"https:\\\/\\\/www.editorialclaret.cat\\\/es\\\/\"},{\"@type\":\"ListItem\",\"position\":2,\"name\":\"Botiga\",\"item\":\"https:\\\/\\\/www.editorialclaret.cat\\\/?page_id=16\"},{\"@type\":\"ListItem\",\"position\":3,\"name\":\"LA PRES\u00c8NCIA DE SANTA TERESA EN LA POESIA CATALANA\"}]},{\"@type\":\"WebSite\",\"@id\":\"https:\\\/\\\/www.editorialclaret.cat\\\/#website\",\"url\":\"https:\\\/\\\/www.editorialclaret.cat\\\/\",\"name\":\"Editorial Claret\",\"description\":\"\",\"publisher\":{\"@id\":\"https:\\\/\\\/www.editorialclaret.cat\\\/#organization\"},\"potentialAction\":[{\"@type\":\"SearchAction\",\"target\":{\"@type\":\"EntryPoint\",\"urlTemplate\":\"https:\\\/\\\/www.editorialclaret.cat\\\/?s={search_term_string}\"},\"query-input\":{\"@type\":\"PropertyValueSpecification\",\"valueRequired\":true,\"valueName\":\"search_term_string\"}}],\"inLanguage\":\"es\"},{\"@type\":\"Organization\",\"@id\":\"https:\\\/\\\/www.editorialclaret.cat\\\/#organization\",\"name\":\"Editorial Claret\",\"url\":\"https:\\\/\\\/www.editorialclaret.cat\\\/\",\"logo\":{\"@type\":\"ImageObject\",\"inLanguage\":\"es\",\"@id\":\"https:\\\/\\\/www.editorialclaret.cat\\\/#\\\/schema\\\/logo\\\/image\\\/\",\"url\":\"https:\\\/\\\/www.editorialclaret.cat\\\/wp-content\\\/uploads\\\/.\\\/logo-claret.png\",\"contentUrl\":\"https:\\\/\\\/www.editorialclaret.cat\\\/wp-content\\\/uploads\\\/.\\\/logo-claret.png\",\"width\":194,\"height\":79,\"caption\":\"Editorial Claret\"},\"image\":{\"@id\":\"https:\\\/\\\/www.editorialclaret.cat\\\/#\\\/schema\\\/logo\\\/image\\\/\"}}]}<\/script>\n<!-- \/ Yoast SEO plugin. -->","yoast_head_json":{"title":"Editorial Claret","robots":{"index":"noindex","follow":"follow","max-snippet":"max-snippet:-1","max-image-preview":"max-image-preview:large","max-video-preview":"max-video-preview:-1"},"og_locale":"es_ES","og_type":"article","og_title":"LA PRES\u00c8NCIA DE SANTA TERESA EN LA POESIA CATALANA - Editorial Claret","og_description":"REQUESENS I PIQUER, JOAN","og_url":"https:\/\/www.editorialclaret.cat\/producte\/la-presencia-de-santa-teresa-en-la-poesia-catalana-9788498467727\/","og_site_name":"Editorial Claret","article_modified_time":"2024-05-22T11:30:44+00:00","og_image":[{"width":225,"height":311,"url":"https:\/\/www.editorialclaret.cat\/wp-content\/uploads\/.\/9788498467727.png","type":"image\/png"}],"twitter_card":"summary_large_image","schema":{"@context":"https:\/\/schema.org","@graph":[{"@type":"WebPage","@id":"https:\/\/www.editorialclaret.cat\/producte\/la-presencia-de-santa-teresa-en-la-poesia-catalana-9788498467727\/","url":"https:\/\/www.editorialclaret.cat\/producte\/la-presencia-de-santa-teresa-en-la-poesia-catalana-9788498467727\/","name":"LA PRES\u00c8NCIA DE SANTA TERESA EN LA POESIA CATALANA - Editorial Claret","isPartOf":{"@id":"https:\/\/www.editorialclaret.cat\/#website"},"primaryImageOfPage":{"@id":"https:\/\/www.editorialclaret.cat\/producte\/la-presencia-de-santa-teresa-en-la-poesia-catalana-9788498467727\/#primaryimage"},"image":{"@id":"https:\/\/www.editorialclaret.cat\/producte\/la-presencia-de-santa-teresa-en-la-poesia-catalana-9788498467727\/#primaryimage"},"thumbnailUrl":"https:\/\/www.editorialclaret.cat\/wp-content\/uploads\/.\/9788498467727.png","datePublished":"2022-11-07T06:37:17+00:00","dateModified":"2024-05-22T11:30:44+00:00","breadcrumb":{"@id":"https:\/\/www.editorialclaret.cat\/producte\/la-presencia-de-santa-teresa-en-la-poesia-catalana-9788498467727\/#breadcrumb"},"inLanguage":"es","potentialAction":[{"@type":"ReadAction","target":["https:\/\/www.editorialclaret.cat\/producte\/la-presencia-de-santa-teresa-en-la-poesia-catalana-9788498467727\/"]}]},{"@type":"ImageObject","inLanguage":"es","@id":"https:\/\/www.editorialclaret.cat\/producte\/la-presencia-de-santa-teresa-en-la-poesia-catalana-9788498467727\/#primaryimage","url":"https:\/\/www.editorialclaret.cat\/wp-content\/uploads\/.\/9788498467727.png","contentUrl":"https:\/\/www.editorialclaret.cat\/wp-content\/uploads\/.\/9788498467727.png","width":225,"height":311,"caption":"9788498467727.png"},{"@type":"BreadcrumbList","@id":"https:\/\/www.editorialclaret.cat\/producte\/la-presencia-de-santa-teresa-en-la-poesia-catalana-9788498467727\/#breadcrumb","itemListElement":[{"@type":"ListItem","position":1,"name":"Portada","item":"https:\/\/www.editorialclaret.cat\/es\/"},{"@type":"ListItem","position":2,"name":"Botiga","item":"https:\/\/www.editorialclaret.cat\/?page_id=16"},{"@type":"ListItem","position":3,"name":"LA PRES\u00c8NCIA DE SANTA TERESA EN LA POESIA CATALANA"}]},{"@type":"WebSite","@id":"https:\/\/www.editorialclaret.cat\/#website","url":"https:\/\/www.editorialclaret.cat\/","name":"Editorial Claret","description":"","publisher":{"@id":"https:\/\/www.editorialclaret.cat\/#organization"},"potentialAction":[{"@type":"SearchAction","target":{"@type":"EntryPoint","urlTemplate":"https:\/\/www.editorialclaret.cat\/?s={search_term_string}"},"query-input":{"@type":"PropertyValueSpecification","valueRequired":true,"valueName":"search_term_string"}}],"inLanguage":"es"},{"@type":"Organization","@id":"https:\/\/www.editorialclaret.cat\/#organization","name":"Editorial Claret","url":"https:\/\/www.editorialclaret.cat\/","logo":{"@type":"ImageObject","inLanguage":"es","@id":"https:\/\/www.editorialclaret.cat\/#\/schema\/logo\/image\/","url":"https:\/\/www.editorialclaret.cat\/wp-content\/uploads\/.\/logo-claret.png","contentUrl":"https:\/\/www.editorialclaret.cat\/wp-content\/uploads\/.\/logo-claret.png","width":194,"height":79,"caption":"Editorial Claret"},"image":{"@id":"https:\/\/www.editorialclaret.cat\/#\/schema\/logo\/image\/"}}]}},"_links":{"self":[{"href":"https:\/\/www.editorialclaret.cat\/es\/wp-json\/wp\/v2\/product\/47508","targetHints":{"allow":["GET"]}}],"collection":[{"href":"https:\/\/www.editorialclaret.cat\/es\/wp-json\/wp\/v2\/product"}],"about":[{"href":"https:\/\/www.editorialclaret.cat\/es\/wp-json\/wp\/v2\/types\/product"}],"wp:featuredmedia":[{"embeddable":true,"href":"https:\/\/www.editorialclaret.cat\/es\/wp-json\/wp\/v2\/media\/47509"}],"wp:attachment":[{"href":"https:\/\/www.editorialclaret.cat\/es\/wp-json\/wp\/v2\/media?parent=47508"}],"wp:term":[{"taxonomy":"product_brand","embeddable":true,"href":"https:\/\/www.editorialclaret.cat\/es\/wp-json\/wp\/v2\/product_brand?post=47508"},{"taxonomy":"product_cat","embeddable":true,"href":"https:\/\/www.editorialclaret.cat\/es\/wp-json\/wp\/v2\/product_cat?post=47508"},{"taxonomy":"product_tag","embeddable":true,"href":"https:\/\/www.editorialclaret.cat\/es\/wp-json\/wp\/v2\/product_tag?post=47508"}],"curies":[{"name":"wp","href":"https:\/\/api.w.org\/{rel}","templated":true}]}}

LA PRESÈNCIA DE SANTA TERESA EN LA POESIA CATALANA

<p>“Aquest text del professor Joan Requesens analitza de manera detallada alguns poemes escollits de diferents èpoques de la literatura catalana i, tot llegint-los entre línies, en fa una interpretació que permet descobrir l’existència de diverses perspectives de l’acostament a Teresa de Jesús al llarg del temps. La publicació d’aquest valuós estudi permet de perllongar l’atenció de santa Teresa més ennlà de l’any del Centenari” del Pròleg d’Agusti Borrell.</p>

TRES HIPÒTESIS I UNA CONSTATACIÓ

<!-- This site is optimized with the Yoast SEO plugin v27.3 - https://yoast.com/product/yoast-seo-wordpress/ -->
<title>Editorial Claret</title>
<meta name="robots" content="noindex, follow, max-snippet:-1, max-image-preview:large, max-video-preview:-1" />
<meta property="og:locale" content="es_ES" />
<meta property="og:type" content="article" />
<meta property="og:title" content="LA PRESÈNCIA DE SANTA TERESA EN LA POESIA CATALANA - Editorial Claret" />
<meta property="og:description" content="REQUESENS I PIQUER, JOAN" />
<meta property="og:url" content="https://www.editorialclaret.cat/producte/la-presencia-de-santa-teresa-en-la-poesia-catalana-9788498467727/" />
<meta property="og:site_name" content="Editorial Claret" />
<meta property="article:modified_time" content="2024-05-22T11:30:44+00:00" />
<meta property="og:image" content="https://www.editorialclaret.cat/wp-content/uploads/./9788498467727.png" />
	<meta property="og:image:width" content="225" />
	<meta property="og:image:height" content="311" />
	<meta property="og:image:type" content="image/png" />
<meta name="twitter:card" content="summary_large_image" />
<script type="application/ld+json" class="yoast-schema-graph">{"@context":"https:\/\/schema.org","@graph":[{"@type":"WebPage","@id":"https:\/\/www.editorialclaret.cat\/producte\/la-presencia-de-santa-teresa-en-la-poesia-catalana-9788498467727\/","url":"https:\/\/www.editorialclaret.cat\/producte\/la-presencia-de-santa-teresa-en-la-poesia-catalana-9788498467727\/","name":"LA PRESÈNCIA DE SANTA TERESA EN LA POESIA CATALANA - Editorial Claret","isPartOf":{"@id":"https:\/\/www.editorialclaret.cat\/#website"},"primaryImageOfPage":{"@id":"https:\/\/www.editorialclaret.cat\/producte\/la-presencia-de-santa-teresa-en-la-poesia-catalana-9788498467727\/#primaryimage"},"image":{"@id":"https:\/\/www.editorialclaret.cat\/producte\/la-presencia-de-santa-teresa-en-la-poesia-catalana-9788498467727\/#primaryimage"},"thumbnailUrl":"https:\/\/www.editorialclaret.cat\/wp-content\/uploads\/.\/9788498467727.png","datePublished":"2022-11-07T06:37:17+00:00","dateModified":"2024-05-22T11:30:44+00:00","breadcrumb":{"@id":"https:\/\/www.editorialclaret.cat\/producte\/la-presencia-de-santa-teresa-en-la-poesia-catalana-9788498467727\/#breadcrumb"},"inLanguage":"es","potentialAction":[{"@type":"ReadAction","target":["https:\/\/www.editorialclaret.cat\/producte\/la-presencia-de-santa-teresa-en-la-poesia-catalana-9788498467727\/"]}]},{"@type":"ImageObject","inLanguage":"es","@id":"https:\/\/www.editorialclaret.cat\/producte\/la-presencia-de-santa-teresa-en-la-poesia-catalana-9788498467727\/#primaryimage","url":"https:\/\/www.editorialclaret.cat\/wp-content\/uploads\/.\/9788498467727.png","contentUrl":"https:\/\/www.editorialclaret.cat\/wp-content\/uploads\/.\/9788498467727.png","width":225,"height":311,"caption":"9788498467727.png"},{"@type":"BreadcrumbList","@id":"https:\/\/www.editorialclaret.cat\/producte\/la-presencia-de-santa-teresa-en-la-poesia-catalana-9788498467727\/#breadcrumb","itemListElement":[{"@type":"ListItem","position":1,"name":"Portada","item":"https:\/\/www.editorialclaret.cat\/es\/"},{"@type":"ListItem","position":2,"name":"Botiga","item":"https:\/\/www.editorialclaret.cat\/?page_id=16"},{"@type":"ListItem","position":3,"name":"LA PRESÈNCIA DE SANTA TERESA EN LA POESIA CATALANA"}]},{"@type":"WebSite","@id":"https:\/\/www.editorialclaret.cat\/#website","url":"https:\/\/www.editorialclaret.cat\/","name":"Editorial Claret","description":"","publisher":{"@id":"https:\/\/www.editorialclaret.cat\/#organization"},"potentialAction":[{"@type":"SearchAction","target":{"@type":"EntryPoint","urlTemplate":"https:\/\/www.editorialclaret.cat\/?s={search_term_string}"},"query-input":{"@type":"PropertyValueSpecification","valueRequired":true,"valueName":"search_term_string"}}],"inLanguage":"es"},{"@type":"Organization","@id":"https:\/\/www.editorialclaret.cat\/#organization","name":"Editorial Claret","url":"https:\/\/www.editorialclaret.cat\/","logo":{"@type":"ImageObject","inLanguage":"es","@id":"https:\/\/www.editorialclaret.cat\/#\/schema\/logo\/image\/","url":"https:\/\/www.editorialclaret.cat\/wp-content\/uploads\/.\/logo-claret.png","contentUrl":"https:\/\/www.editorialclaret.cat\/wp-content\/uploads\/.\/logo-claret.png","width":194,"height":79,"caption":"Editorial Claret"},"image":{"@id":"https:\/\/www.editorialclaret.cat\/#\/schema\/logo\/image\/"}}]}</script>
<!-- / Yoast SEO plugin. -->

LA PRESÈNCIA DE SANTA TERESA EN LA POESIA CATALANA - Editorial Claret
