{"id":47478,"date":"2022-11-07T07:36:46","date_gmt":"2022-11-07T06:36:46","guid":{"rendered":"http:\/\/dev.editorialclaret.cat\/producte\/deixem-de-ser-mediocres\/"},"modified":"2024-05-22T13:19:01","modified_gmt":"2024-05-22T11:19:01","slug":"deixem-de-ser-mediocres-9788498465914","status":"publish","type":"product","link":"https:\/\/www.editorialclaret.cat\/es\/producto\/deixem-de-ser-mediocres-9788498465914\/","title":{"rendered":"DEIXEM DE SER MEDIOCRES"},"content":{"rendered":"<p>J. Bosco Faner, cercador incansable del silenci ple de D\u00e9u, ens sorpr\u00e8n amb una nova publicaci\u00f3: Deixem de ser mediocres. Aquesta vegada comparteix amb nosaltres la vida normal d\u2019un poble: les seves festes, els seus actes culturals, la seva rutina di\u00e0ria passejant pel carrer, anant en bicicleta, conversant amb uns i altres&#8230; I ho fa, donant-nos a con\u00e8ixer l\u2019experi\u00e8ncia i la reflexi\u00f3 que va posar al Facebook, dia a dia i durant el 2013. En aquestes p\u00e0gines afegeix una cita b\u00edblica i una pregunta. La cita, connectada amb el que exposa, ens ajuda a con\u00e8ixer la vida que hi ha en diferents autors b\u00edblics i la pregunta ens acompanya a fer tamb\u00e9 la nostra reflexi\u00f3.<br \/>J. Bosco pret\u00e9n encendre l\u2019espurna que ens tregui de la indifer\u00e8ncia, de la superficialitat que tantes vegades ens envaeix. La mediocritat \u2013diu\u2013 mai enc\u00e9n la flama de la passi\u00f3 que anima el foc.<br \/>Moss\u00e8n Faner, que s\u2019ha forjat liter\u00e0riament bevent dels cl\u00e0ssics i pellucant en tot moment la vasta cultura popular de la seva terra, torna a la paraula i vessa de nou detalls de la vida del seu poble, detalls d\u2019un poble que podria ser tamb\u00e9 el teu.<br \/>Observant detingudament cada expressi\u00f3, coneix-te millor i reflexiona el teu entorn<\/p>\n","protected":false},"excerpt":{"rendered":"<p>BOSCO FANER, JOAN<\/p>\n","protected":false},"featured_media":47479,"template":"","meta":{"_acf_changed":false,"rs_blank_template":"","rs_page_bg_color":"","slide_template_v7":"","inline_featured_image":false,"_monsterinsights_skip_tracking":false,"_monsterinsights_sitenote_active":false,"_monsterinsights_sitenote_note":"","_monsterinsights_sitenote_category":0},"product_brand":[],"product_cat":[1055,817],"product_tag":[],"class_list":{"0":"post-47478","1":"product","2":"type-product","3":"status-publish","4":"has-post-thumbnail","6":"product_cat-espiritualidad-espiritualidad","7":"product_cat-espiritualitat-espiritualitat","9":"first","10":"instock","11":"taxable","12":"shipping-taxable","13":"purchasable","14":"product-type-simple"},"acf":{"autor":"BOSCO FANER, JOAN","codart":"849846591","libros-coleccion":"","ediciones":"1","encuadernacion":"R\u00fastica","fecha_de_publicacion":"30\/03\/2016","novedad":"0","paginas":"334","subtitulo":"REFLEXIONS AL MEU FACEBOOK","orden":"999","portada":"0","idioma":"cat","autores-libros":[]},"yoast_head":"<!-- This site is optimized with the Yoast SEO plugin v27.3 - https:\/\/yoast.com\/product\/yoast-seo-wordpress\/ -->\n<title>Editorial Claret<\/title>\n<meta name=\"robots\" content=\"noindex, follow, max-snippet:-1, max-image-preview:large, max-video-preview:-1\" \/>\n<meta property=\"og:locale\" content=\"es_ES\" \/>\n<meta property=\"og:type\" content=\"article\" \/>\n<meta property=\"og:title\" content=\"DEIXEM DE SER MEDIOCRES - Editorial Claret\" \/>\n<meta property=\"og:description\" content=\"BOSCO FANER, JOAN\" \/>\n<meta property=\"og:url\" content=\"https:\/\/www.editorialclaret.cat\/producte\/deixem-de-ser-mediocres-9788498465914\/\" \/>\n<meta property=\"og:site_name\" content=\"Editorial Claret\" \/>\n<meta property=\"article:modified_time\" content=\"2024-05-22T11:19:01+00:00\" \/>\n<meta property=\"og:image\" content=\"https:\/\/www.editorialclaret.cat\/wp-content\/uploads\/.\/9788498465914.jpg\" \/>\n\t<meta property=\"og:image:width\" content=\"225\" \/>\n\t<meta property=\"og:image:height\" content=\"333\" \/>\n\t<meta property=\"og:image:type\" content=\"image\/jpeg\" \/>\n<meta name=\"twitter:card\" content=\"summary_large_image\" \/>\n<meta name=\"twitter:label1\" content=\"Tiempo de lectura\" \/>\n\t<meta name=\"twitter:data1\" content=\"1 minuto\" \/>\n<script type=\"application\/ld+json\" class=\"yoast-schema-graph\">{\"@context\":\"https:\\\/\\\/schema.org\",\"@graph\":[{\"@type\":\"WebPage\",\"@id\":\"https:\\\/\\\/www.editorialclaret.cat\\\/producte\\\/deixem-de-ser-mediocres-9788498465914\\\/\",\"url\":\"https:\\\/\\\/www.editorialclaret.cat\\\/producte\\\/deixem-de-ser-mediocres-9788498465914\\\/\",\"name\":\"DEIXEM DE SER MEDIOCRES - Editorial Claret\",\"isPartOf\":{\"@id\":\"https:\\\/\\\/www.editorialclaret.cat\\\/#website\"},\"primaryImageOfPage\":{\"@id\":\"https:\\\/\\\/www.editorialclaret.cat\\\/producte\\\/deixem-de-ser-mediocres-9788498465914\\\/#primaryimage\"},\"image\":{\"@id\":\"https:\\\/\\\/www.editorialclaret.cat\\\/producte\\\/deixem-de-ser-mediocres-9788498465914\\\/#primaryimage\"},\"thumbnailUrl\":\"https:\\\/\\\/www.editorialclaret.cat\\\/wp-content\\\/uploads\\\/.\\\/9788498465914.jpg\",\"datePublished\":\"2022-11-07T06:36:46+00:00\",\"dateModified\":\"2024-05-22T11:19:01+00:00\",\"breadcrumb\":{\"@id\":\"https:\\\/\\\/www.editorialclaret.cat\\\/producte\\\/deixem-de-ser-mediocres-9788498465914\\\/#breadcrumb\"},\"inLanguage\":\"es\",\"potentialAction\":[{\"@type\":\"ReadAction\",\"target\":[\"https:\\\/\\\/www.editorialclaret.cat\\\/producte\\\/deixem-de-ser-mediocres-9788498465914\\\/\"]}]},{\"@type\":\"ImageObject\",\"inLanguage\":\"es\",\"@id\":\"https:\\\/\\\/www.editorialclaret.cat\\\/producte\\\/deixem-de-ser-mediocres-9788498465914\\\/#primaryimage\",\"url\":\"https:\\\/\\\/www.editorialclaret.cat\\\/wp-content\\\/uploads\\\/.\\\/9788498465914.jpg\",\"contentUrl\":\"https:\\\/\\\/www.editorialclaret.cat\\\/wp-content\\\/uploads\\\/.\\\/9788498465914.jpg\",\"width\":225,\"height\":333,\"caption\":\"9788498465914.jpg\"},{\"@type\":\"BreadcrumbList\",\"@id\":\"https:\\\/\\\/www.editorialclaret.cat\\\/producte\\\/deixem-de-ser-mediocres-9788498465914\\\/#breadcrumb\",\"itemListElement\":[{\"@type\":\"ListItem\",\"position\":1,\"name\":\"Portada\",\"item\":\"https:\\\/\\\/www.editorialclaret.cat\\\/es\\\/\"},{\"@type\":\"ListItem\",\"position\":2,\"name\":\"Botiga\",\"item\":\"https:\\\/\\\/www.editorialclaret.cat\\\/?page_id=16\"},{\"@type\":\"ListItem\",\"position\":3,\"name\":\"DEIXEM DE SER MEDIOCRES\"}]},{\"@type\":\"WebSite\",\"@id\":\"https:\\\/\\\/www.editorialclaret.cat\\\/#website\",\"url\":\"https:\\\/\\\/www.editorialclaret.cat\\\/\",\"name\":\"Editorial Claret\",\"description\":\"\",\"publisher\":{\"@id\":\"https:\\\/\\\/www.editorialclaret.cat\\\/#organization\"},\"potentialAction\":[{\"@type\":\"SearchAction\",\"target\":{\"@type\":\"EntryPoint\",\"urlTemplate\":\"https:\\\/\\\/www.editorialclaret.cat\\\/?s={search_term_string}\"},\"query-input\":{\"@type\":\"PropertyValueSpecification\",\"valueRequired\":true,\"valueName\":\"search_term_string\"}}],\"inLanguage\":\"es\"},{\"@type\":\"Organization\",\"@id\":\"https:\\\/\\\/www.editorialclaret.cat\\\/#organization\",\"name\":\"Editorial Claret\",\"url\":\"https:\\\/\\\/www.editorialclaret.cat\\\/\",\"logo\":{\"@type\":\"ImageObject\",\"inLanguage\":\"es\",\"@id\":\"https:\\\/\\\/www.editorialclaret.cat\\\/#\\\/schema\\\/logo\\\/image\\\/\",\"url\":\"https:\\\/\\\/www.editorialclaret.cat\\\/wp-content\\\/uploads\\\/.\\\/logo-claret.png\",\"contentUrl\":\"https:\\\/\\\/www.editorialclaret.cat\\\/wp-content\\\/uploads\\\/.\\\/logo-claret.png\",\"width\":194,\"height\":79,\"caption\":\"Editorial Claret\"},\"image\":{\"@id\":\"https:\\\/\\\/www.editorialclaret.cat\\\/#\\\/schema\\\/logo\\\/image\\\/\"}}]}<\/script>\n<!-- \/ Yoast SEO plugin. -->","yoast_head_json":{"title":"Editorial Claret","robots":{"index":"noindex","follow":"follow","max-snippet":"max-snippet:-1","max-image-preview":"max-image-preview:large","max-video-preview":"max-video-preview:-1"},"og_locale":"es_ES","og_type":"article","og_title":"DEIXEM DE SER MEDIOCRES - Editorial Claret","og_description":"BOSCO FANER, JOAN","og_url":"https:\/\/www.editorialclaret.cat\/producte\/deixem-de-ser-mediocres-9788498465914\/","og_site_name":"Editorial Claret","article_modified_time":"2024-05-22T11:19:01+00:00","og_image":[{"width":225,"height":333,"url":"https:\/\/www.editorialclaret.cat\/wp-content\/uploads\/.\/9788498465914.jpg","type":"image\/jpeg"}],"twitter_card":"summary_large_image","twitter_misc":{"Tiempo de lectura":"1 minuto"},"schema":{"@context":"https:\/\/schema.org","@graph":[{"@type":"WebPage","@id":"https:\/\/www.editorialclaret.cat\/producte\/deixem-de-ser-mediocres-9788498465914\/","url":"https:\/\/www.editorialclaret.cat\/producte\/deixem-de-ser-mediocres-9788498465914\/","name":"DEIXEM DE SER MEDIOCRES - Editorial Claret","isPartOf":{"@id":"https:\/\/www.editorialclaret.cat\/#website"},"primaryImageOfPage":{"@id":"https:\/\/www.editorialclaret.cat\/producte\/deixem-de-ser-mediocres-9788498465914\/#primaryimage"},"image":{"@id":"https:\/\/www.editorialclaret.cat\/producte\/deixem-de-ser-mediocres-9788498465914\/#primaryimage"},"thumbnailUrl":"https:\/\/www.editorialclaret.cat\/wp-content\/uploads\/.\/9788498465914.jpg","datePublished":"2022-11-07T06:36:46+00:00","dateModified":"2024-05-22T11:19:01+00:00","breadcrumb":{"@id":"https:\/\/www.editorialclaret.cat\/producte\/deixem-de-ser-mediocres-9788498465914\/#breadcrumb"},"inLanguage":"es","potentialAction":[{"@type":"ReadAction","target":["https:\/\/www.editorialclaret.cat\/producte\/deixem-de-ser-mediocres-9788498465914\/"]}]},{"@type":"ImageObject","inLanguage":"es","@id":"https:\/\/www.editorialclaret.cat\/producte\/deixem-de-ser-mediocres-9788498465914\/#primaryimage","url":"https:\/\/www.editorialclaret.cat\/wp-content\/uploads\/.\/9788498465914.jpg","contentUrl":"https:\/\/www.editorialclaret.cat\/wp-content\/uploads\/.\/9788498465914.jpg","width":225,"height":333,"caption":"9788498465914.jpg"},{"@type":"BreadcrumbList","@id":"https:\/\/www.editorialclaret.cat\/producte\/deixem-de-ser-mediocres-9788498465914\/#breadcrumb","itemListElement":[{"@type":"ListItem","position":1,"name":"Portada","item":"https:\/\/www.editorialclaret.cat\/es\/"},{"@type":"ListItem","position":2,"name":"Botiga","item":"https:\/\/www.editorialclaret.cat\/?page_id=16"},{"@type":"ListItem","position":3,"name":"DEIXEM DE SER MEDIOCRES"}]},{"@type":"WebSite","@id":"https:\/\/www.editorialclaret.cat\/#website","url":"https:\/\/www.editorialclaret.cat\/","name":"Editorial Claret","description":"","publisher":{"@id":"https:\/\/www.editorialclaret.cat\/#organization"},"potentialAction":[{"@type":"SearchAction","target":{"@type":"EntryPoint","urlTemplate":"https:\/\/www.editorialclaret.cat\/?s={search_term_string}"},"query-input":{"@type":"PropertyValueSpecification","valueRequired":true,"valueName":"search_term_string"}}],"inLanguage":"es"},{"@type":"Organization","@id":"https:\/\/www.editorialclaret.cat\/#organization","name":"Editorial Claret","url":"https:\/\/www.editorialclaret.cat\/","logo":{"@type":"ImageObject","inLanguage":"es","@id":"https:\/\/www.editorialclaret.cat\/#\/schema\/logo\/image\/","url":"https:\/\/www.editorialclaret.cat\/wp-content\/uploads\/.\/logo-claret.png","contentUrl":"https:\/\/www.editorialclaret.cat\/wp-content\/uploads\/.\/logo-claret.png","width":194,"height":79,"caption":"Editorial Claret"},"image":{"@id":"https:\/\/www.editorialclaret.cat\/#\/schema\/logo\/image\/"}}]}},"_links":{"self":[{"href":"https:\/\/www.editorialclaret.cat\/es\/wp-json\/wp\/v2\/product\/47478","targetHints":{"allow":["GET"]}}],"collection":[{"href":"https:\/\/www.editorialclaret.cat\/es\/wp-json\/wp\/v2\/product"}],"about":[{"href":"https:\/\/www.editorialclaret.cat\/es\/wp-json\/wp\/v2\/types\/product"}],"wp:featuredmedia":[{"embeddable":true,"href":"https:\/\/www.editorialclaret.cat\/es\/wp-json\/wp\/v2\/media\/47479"}],"wp:attachment":[{"href":"https:\/\/www.editorialclaret.cat\/es\/wp-json\/wp\/v2\/media?parent=47478"}],"wp:term":[{"taxonomy":"product_brand","embeddable":true,"href":"https:\/\/www.editorialclaret.cat\/es\/wp-json\/wp\/v2\/product_brand?post=47478"},{"taxonomy":"product_cat","embeddable":true,"href":"https:\/\/www.editorialclaret.cat\/es\/wp-json\/wp\/v2\/product_cat?post=47478"},{"taxonomy":"product_tag","embeddable":true,"href":"https:\/\/www.editorialclaret.cat\/es\/wp-json\/wp\/v2\/product_tag?post=47478"}],"curies":[{"name":"wp","href":"https:\/\/api.w.org\/{rel}","templated":true}]}}

<p>J. Bosco Faner, cercador incansable del silenci ple de Déu, ens sorprèn amb una nova publicació: Deixem de ser mediocres. Aquesta vegada comparteix amb nosaltres la vida normal d’un poble: les seves festes, els seus actes culturals, la seva rutina diària passejant pel carrer, anant en bicicleta, conversant amb uns i altres&#8230; I ho fa, donant-nos a conèixer l’experiència i la reflexió que va posar al Facebook, dia a dia i durant el 2013. En aquestes pàgines afegeix una cita bíblica i una pregunta. La cita, connectada amb el que exposa, ens ajuda a conèixer la vida que hi ha en diferents autors bíblics i la pregunta ens acompanya a fer també la nostra reflexió.<br />J. Bosco pretén encendre l’espurna que ens tregui de la indiferència, de la superficialitat que tantes vegades ens envaeix. La mediocritat –diu– mai encén la flama de la passió que anima el foc.<br />Mossèn Faner, que s’ha forjat literàriament bevent dels clàssics i pellucant en tot moment la vasta cultura popular de la seva terra, torna a la paraula i vessa de nou detalls de la vida del seu poble, detalls d’un poble que podria ser també el teu.<br />Observant detingudament cada expressió, coneix-te millor i reflexiona el teu entorn</p>

Rústica
