{"id":47421,"date":"2022-11-07T07:35:48","date_gmt":"2022-11-07T06:35:48","guid":{"rendered":"http:\/\/dev.editorialclaret.cat\/producte\/papas-es-para-vosotros\/"},"modified":"2026-01-14T16:36:58","modified_gmt":"2026-01-14T15:36:58","slug":"papas-es-para-vosotros-9788491360469","status":"publish","type":"product","link":"https:\/\/www.editorialclaret.cat\/es\/producto\/papas-es-para-vosotros-9788491360469\/","title":{"rendered":"PAP\u00c1S , ES PARA VOSOTROS"},"content":{"rendered":"<p>Pap\u00e1s, es para vosotros quiere ser un conjunto de reflexiones acompa\u00f1adas de una serie de pautas con el fin de ayudar a los padres a salir airosos de las situaciones a las que diariamente tienen que enfrentarse en la agradable tarea de educar a los hijos. <br \/>Me ha surgido del alma brindar un sentido homenaje a la figura de la MADRE, por cuanto desde cierta psicolog\u00eda se ha cargado sobre ella gran parte de la responsabilidad de lo que acontece a los hijos.<br \/>Toda la primera parte est\u00e1 dedicada a diferentes aspectos de la relaci\u00f3n madre-hijo. La segunda la dedicamos a exponer las principales caracter\u00edsticas del ni\u00f1o\/a de Educaci\u00f3n Infantil y Primaria con el fin de mejorar la comprensi\u00f3n de sus comportamientos y relativizar acontecimientos. En la tercera parte mostramos una serie de situacions como la del ni\u00f1o protegido, el papel de los l\u00edmites, etc. Finalmente en la cuarta parte presentamos un conjunto de estrategias. \u00bfPor qu\u00e9 nuestras intervenciones con los hijos son tan poco eficientes?<br \/>No nos quepa la menor duda de que, por muy iguales que creamos que son, y por m\u00e1s que procuremos tratar a nuestros hijos por igual, las preferencias aparecen en contra de nuestra voluntad. <br \/>Hay ni\u00f1os y ni\u00f1as que son los eternos segundones, hasta en la distribuci\u00f3n de los pantalones. Damos respuesta.<\/p>\n","protected":false},"excerpt":{"rendered":"<p>BENET VILAS, JOSEP<\/p>\n","protected":false},"featured_media":70260,"template":"","meta":{"_acf_changed":false,"rs_blank_template":"","rs_page_bg_color":"","slide_template_v7":"","inline_featured_image":false,"_monsterinsights_skip_tracking":false,"_monsterinsights_sitenote_active":false,"_monsterinsights_sitenote_note":"","_monsterinsights_sitenote_category":0},"product_brand":[],"product_cat":[838,1075],"product_tag":[],"class_list":{"0":"post-47421","1":"product","2":"type-product","3":"status-publish","4":"has-post-thumbnail","6":"product_cat-escola-de-pares","7":"product_cat-escuela-de-padres","9":"first","10":"instock","11":"taxable","12":"shipping-taxable","13":"purchasable","14":"product-type-simple"},"acf":{"autor":"BENET VILAS, JOSEP","codart":"849136046","libros-coleccion":"","ediciones":"1","encuadernacion":"R\u00fastica","fecha_de_publicacion":"05\/09\/2017","novedad":"0","paginas":"261","subtitulo":"A LOS PAPIS CON HIJOS E HIJAS EN EDUCACI\u00d3N INFANTIL Y UN POCO MAYORES","orden":"0","portada":"0","idioma":"spa","autores-libros":[{"ID":46918,"post_author":"3","post_date":"2022-11-06 20:32:06","post_date_gmt":"2022-11-06 19:32:06","post_content":"","post_title":"JOSEP BENET I VILAS","post_excerpt":"","post_status":"publish","comment_status":"closed","ping_status":"closed","post_password":"","post_name":"josep-benet-i-vilas","to_ping":"","pinged":"","post_modified":"2022-11-06 20:32:06","post_modified_gmt":"2022-11-06 19:32:06","post_content_filtered":"","post_parent":0,"guid":"http:\/\/dev.editorialclaret.cat\/autor\/josep-benet-i-vilas\/","menu_order":0,"post_type":"autor","post_mime_type":"","comment_count":"0","filter":"raw"}],"booktrailer":"","resenas":""},"yoast_head":"<!-- This site is optimized with the Yoast SEO plugin v27.3 - https:\/\/yoast.com\/product\/yoast-seo-wordpress\/ -->\n<title>Editorial Claret<\/title>\n<meta name=\"robots\" content=\"noindex, follow, max-snippet:-1, max-image-preview:large, max-video-preview:-1\" \/>\n<meta property=\"og:locale\" content=\"es_ES\" \/>\n<meta property=\"og:type\" content=\"article\" \/>\n<meta property=\"og:title\" content=\"PAP\u00c1S , ES PARA VOSOTROS - Editorial Claret\" \/>\n<meta property=\"og:description\" content=\"BENET VILAS, JOSEP\" \/>\n<meta property=\"og:url\" content=\"https:\/\/www.editorialclaret.cat\/producte\/papas-es-para-vosotros-9788491360469\/\" \/>\n<meta property=\"og:site_name\" content=\"Editorial Claret\" \/>\n<meta property=\"article:modified_time\" content=\"2026-01-14T15:36:58+00:00\" \/>\n<meta property=\"og:image\" content=\"https:\/\/www.editorialclaret.cat\/wp-content\/uploads\/9788491360469-1.jpg\" \/>\n\t<meta property=\"og:image:width\" content=\"350\" \/>\n\t<meta property=\"og:image:height\" content=\"519\" \/>\n\t<meta property=\"og:image:type\" content=\"image\/jpeg\" \/>\n<meta name=\"twitter:card\" content=\"summary_large_image\" \/>\n<meta name=\"twitter:label1\" content=\"Tiempo de lectura\" \/>\n\t<meta name=\"twitter:data1\" content=\"1 minuto\" \/>\n<script type=\"application\/ld+json\" class=\"yoast-schema-graph\">{\"@context\":\"https:\\\/\\\/schema.org\",\"@graph\":[{\"@type\":\"WebPage\",\"@id\":\"https:\\\/\\\/www.editorialclaret.cat\\\/producte\\\/papas-es-para-vosotros-9788491360469\\\/\",\"url\":\"https:\\\/\\\/www.editorialclaret.cat\\\/producte\\\/papas-es-para-vosotros-9788491360469\\\/\",\"name\":\"PAP\u00c1S , ES PARA VOSOTROS - Editorial Claret\",\"isPartOf\":{\"@id\":\"https:\\\/\\\/www.editorialclaret.cat\\\/#website\"},\"primaryImageOfPage\":{\"@id\":\"https:\\\/\\\/www.editorialclaret.cat\\\/producte\\\/papas-es-para-vosotros-9788491360469\\\/#primaryimage\"},\"image\":{\"@id\":\"https:\\\/\\\/www.editorialclaret.cat\\\/producte\\\/papas-es-para-vosotros-9788491360469\\\/#primaryimage\"},\"thumbnailUrl\":\"https:\\\/\\\/www.editorialclaret.cat\\\/wp-content\\\/uploads\\\/9788491360469-1.jpg\",\"datePublished\":\"2022-11-07T06:35:48+00:00\",\"dateModified\":\"2026-01-14T15:36:58+00:00\",\"breadcrumb\":{\"@id\":\"https:\\\/\\\/www.editorialclaret.cat\\\/producte\\\/papas-es-para-vosotros-9788491360469\\\/#breadcrumb\"},\"inLanguage\":\"es\",\"potentialAction\":[{\"@type\":\"ReadAction\",\"target\":[\"https:\\\/\\\/www.editorialclaret.cat\\\/producte\\\/papas-es-para-vosotros-9788491360469\\\/\"]}]},{\"@type\":\"ImageObject\",\"inLanguage\":\"es\",\"@id\":\"https:\\\/\\\/www.editorialclaret.cat\\\/producte\\\/papas-es-para-vosotros-9788491360469\\\/#primaryimage\",\"url\":\"https:\\\/\\\/www.editorialclaret.cat\\\/wp-content\\\/uploads\\\/9788491360469-1.jpg\",\"contentUrl\":\"https:\\\/\\\/www.editorialclaret.cat\\\/wp-content\\\/uploads\\\/9788491360469-1.jpg\",\"width\":350,\"height\":519,\"caption\":\"9788491360469.jpg\"},{\"@type\":\"BreadcrumbList\",\"@id\":\"https:\\\/\\\/www.editorialclaret.cat\\\/producte\\\/papas-es-para-vosotros-9788491360469\\\/#breadcrumb\",\"itemListElement\":[{\"@type\":\"ListItem\",\"position\":1,\"name\":\"Portada\",\"item\":\"https:\\\/\\\/www.editorialclaret.cat\\\/es\\\/\"},{\"@type\":\"ListItem\",\"position\":2,\"name\":\"Botiga\",\"item\":\"https:\\\/\\\/www.editorialclaret.cat\\\/?page_id=16\"},{\"@type\":\"ListItem\",\"position\":3,\"name\":\"PAP\u00c1S , ES PARA VOSOTROS\"}]},{\"@type\":\"WebSite\",\"@id\":\"https:\\\/\\\/www.editorialclaret.cat\\\/#website\",\"url\":\"https:\\\/\\\/www.editorialclaret.cat\\\/\",\"name\":\"Editorial Claret\",\"description\":\"\",\"publisher\":{\"@id\":\"https:\\\/\\\/www.editorialclaret.cat\\\/#organization\"},\"potentialAction\":[{\"@type\":\"SearchAction\",\"target\":{\"@type\":\"EntryPoint\",\"urlTemplate\":\"https:\\\/\\\/www.editorialclaret.cat\\\/?s={search_term_string}\"},\"query-input\":{\"@type\":\"PropertyValueSpecification\",\"valueRequired\":true,\"valueName\":\"search_term_string\"}}],\"inLanguage\":\"es\"},{\"@type\":\"Organization\",\"@id\":\"https:\\\/\\\/www.editorialclaret.cat\\\/#organization\",\"name\":\"Editorial Claret\",\"url\":\"https:\\\/\\\/www.editorialclaret.cat\\\/\",\"logo\":{\"@type\":\"ImageObject\",\"inLanguage\":\"es\",\"@id\":\"https:\\\/\\\/www.editorialclaret.cat\\\/#\\\/schema\\\/logo\\\/image\\\/\",\"url\":\"https:\\\/\\\/www.editorialclaret.cat\\\/wp-content\\\/uploads\\\/.\\\/logo-claret.png\",\"contentUrl\":\"https:\\\/\\\/www.editorialclaret.cat\\\/wp-content\\\/uploads\\\/.\\\/logo-claret.png\",\"width\":194,\"height\":79,\"caption\":\"Editorial Claret\"},\"image\":{\"@id\":\"https:\\\/\\\/www.editorialclaret.cat\\\/#\\\/schema\\\/logo\\\/image\\\/\"}}]}<\/script>\n<!-- \/ Yoast SEO plugin. -->","yoast_head_json":{"title":"Editorial Claret","robots":{"index":"noindex","follow":"follow","max-snippet":"max-snippet:-1","max-image-preview":"max-image-preview:large","max-video-preview":"max-video-preview:-1"},"og_locale":"es_ES","og_type":"article","og_title":"PAP\u00c1S , ES PARA VOSOTROS - Editorial Claret","og_description":"BENET VILAS, JOSEP","og_url":"https:\/\/www.editorialclaret.cat\/producte\/papas-es-para-vosotros-9788491360469\/","og_site_name":"Editorial Claret","article_modified_time":"2026-01-14T15:36:58+00:00","og_image":[{"width":350,"height":519,"url":"https:\/\/www.editorialclaret.cat\/wp-content\/uploads\/9788491360469-1.jpg","type":"image\/jpeg"}],"twitter_card":"summary_large_image","twitter_misc":{"Tiempo de lectura":"1 minuto"},"schema":{"@context":"https:\/\/schema.org","@graph":[{"@type":"WebPage","@id":"https:\/\/www.editorialclaret.cat\/producte\/papas-es-para-vosotros-9788491360469\/","url":"https:\/\/www.editorialclaret.cat\/producte\/papas-es-para-vosotros-9788491360469\/","name":"PAP\u00c1S , ES PARA VOSOTROS - Editorial Claret","isPartOf":{"@id":"https:\/\/www.editorialclaret.cat\/#website"},"primaryImageOfPage":{"@id":"https:\/\/www.editorialclaret.cat\/producte\/papas-es-para-vosotros-9788491360469\/#primaryimage"},"image":{"@id":"https:\/\/www.editorialclaret.cat\/producte\/papas-es-para-vosotros-9788491360469\/#primaryimage"},"thumbnailUrl":"https:\/\/www.editorialclaret.cat\/wp-content\/uploads\/9788491360469-1.jpg","datePublished":"2022-11-07T06:35:48+00:00","dateModified":"2026-01-14T15:36:58+00:00","breadcrumb":{"@id":"https:\/\/www.editorialclaret.cat\/producte\/papas-es-para-vosotros-9788491360469\/#breadcrumb"},"inLanguage":"es","potentialAction":[{"@type":"ReadAction","target":["https:\/\/www.editorialclaret.cat\/producte\/papas-es-para-vosotros-9788491360469\/"]}]},{"@type":"ImageObject","inLanguage":"es","@id":"https:\/\/www.editorialclaret.cat\/producte\/papas-es-para-vosotros-9788491360469\/#primaryimage","url":"https:\/\/www.editorialclaret.cat\/wp-content\/uploads\/9788491360469-1.jpg","contentUrl":"https:\/\/www.editorialclaret.cat\/wp-content\/uploads\/9788491360469-1.jpg","width":350,"height":519,"caption":"9788491360469.jpg"},{"@type":"BreadcrumbList","@id":"https:\/\/www.editorialclaret.cat\/producte\/papas-es-para-vosotros-9788491360469\/#breadcrumb","itemListElement":[{"@type":"ListItem","position":1,"name":"Portada","item":"https:\/\/www.editorialclaret.cat\/es\/"},{"@type":"ListItem","position":2,"name":"Botiga","item":"https:\/\/www.editorialclaret.cat\/?page_id=16"},{"@type":"ListItem","position":3,"name":"PAP\u00c1S , ES PARA VOSOTROS"}]},{"@type":"WebSite","@id":"https:\/\/www.editorialclaret.cat\/#website","url":"https:\/\/www.editorialclaret.cat\/","name":"Editorial Claret","description":"","publisher":{"@id":"https:\/\/www.editorialclaret.cat\/#organization"},"potentialAction":[{"@type":"SearchAction","target":{"@type":"EntryPoint","urlTemplate":"https:\/\/www.editorialclaret.cat\/?s={search_term_string}"},"query-input":{"@type":"PropertyValueSpecification","valueRequired":true,"valueName":"search_term_string"}}],"inLanguage":"es"},{"@type":"Organization","@id":"https:\/\/www.editorialclaret.cat\/#organization","name":"Editorial Claret","url":"https:\/\/www.editorialclaret.cat\/","logo":{"@type":"ImageObject","inLanguage":"es","@id":"https:\/\/www.editorialclaret.cat\/#\/schema\/logo\/image\/","url":"https:\/\/www.editorialclaret.cat\/wp-content\/uploads\/.\/logo-claret.png","contentUrl":"https:\/\/www.editorialclaret.cat\/wp-content\/uploads\/.\/logo-claret.png","width":194,"height":79,"caption":"Editorial Claret"},"image":{"@id":"https:\/\/www.editorialclaret.cat\/#\/schema\/logo\/image\/"}}]}},"_links":{"self":[{"href":"https:\/\/www.editorialclaret.cat\/es\/wp-json\/wp\/v2\/product\/47421","targetHints":{"allow":["GET"]}}],"collection":[{"href":"https:\/\/www.editorialclaret.cat\/es\/wp-json\/wp\/v2\/product"}],"about":[{"href":"https:\/\/www.editorialclaret.cat\/es\/wp-json\/wp\/v2\/types\/product"}],"wp:featuredmedia":[{"embeddable":true,"href":"https:\/\/www.editorialclaret.cat\/es\/wp-json\/wp\/v2\/media\/70260"}],"wp:attachment":[{"href":"https:\/\/www.editorialclaret.cat\/es\/wp-json\/wp\/v2\/media?parent=47421"}],"wp:term":[{"taxonomy":"product_brand","embeddable":true,"href":"https:\/\/www.editorialclaret.cat\/es\/wp-json\/wp\/v2\/product_brand?post=47421"},{"taxonomy":"product_cat","embeddable":true,"href":"https:\/\/www.editorialclaret.cat\/es\/wp-json\/wp\/v2\/product_cat?post=47421"},{"taxonomy":"product_tag","embeddable":true,"href":"https:\/\/www.editorialclaret.cat\/es\/wp-json\/wp\/v2\/product_tag?post=47421"}],"curies":[{"name":"wp","href":"https:\/\/api.w.org\/{rel}","templated":true}]}}

PAPÁS , ES PARA VOSOTROS

<p>Papás, es para vosotros quiere ser un conjunto de reflexiones acompañadas de una serie de pautas con el fin de ayudar a los padres a salir airosos de las situaciones a las que diariamente tienen que enfrentarse en la agradable tarea de educar a los hijos. <br />Me ha surgido del alma brindar un sentido homenaje a la figura de la MADRE, por cuanto desde cierta psicología se ha cargado sobre ella gran parte de la responsabilidad de lo que acontece a los hijos.<br />Toda la primera parte está dedicada a diferentes aspectos de la relación madre-hijo. La segunda la dedicamos a exponer las principales características del niño/a de Educación Infantil y Primaria con el fin de mejorar la comprensión de sus comportamientos y relativizar acontecimientos. En la tercera parte mostramos una serie de situacions como la del niño protegido, el papel de los límites, etc. Finalmente en la cuarta parte presentamos un conjunto de estrategias. ¿Por qué nuestras intervenciones con los hijos son tan poco eficientes?<br />No nos quepa la menor duda de que, por muy iguales que creamos que son, y por más que procuremos tratar a nuestros hijos por igual, las preferencias aparecen en contra de nuestra voluntad. <br />Hay niños y niñas que son los eternos segundones, hasta en la distribución de los pantalones. Damos respuesta.</p>

Rústica

A LOS PAPIS CON HIJOS E HIJAS EN EDUCACIÓN INFANTIL Y UN POCO MAYORES

<!-- This site is optimized with the Yoast SEO plugin v27.3 - https://yoast.com/product/yoast-seo-wordpress/ -->
<title>Editorial Claret</title>
<meta name="robots" content="noindex, follow, max-snippet:-1, max-image-preview:large, max-video-preview:-1" />
<meta property="og:locale" content="es_ES" />
<meta property="og:type" content="article" />
<meta property="og:title" content="PAPÁS , ES PARA VOSOTROS - Editorial Claret" />
<meta property="og:description" content="BENET VILAS, JOSEP" />
<meta property="og:url" content="https://www.editorialclaret.cat/producte/papas-es-para-vosotros-9788491360469/" />
<meta property="og:site_name" content="Editorial Claret" />
<meta property="article:modified_time" content="2026-01-14T15:36:58+00:00" />
<meta property="og:image" content="https://www.editorialclaret.cat/wp-content/uploads/9788491360469-1.jpg" />
	<meta property="og:image:width" content="350" />
	<meta property="og:image:height" content="519" />
	<meta property="og:image:type" content="image/jpeg" />
<meta name="twitter:card" content="summary_large_image" />
<meta name="twitter:label1" content="Tiempo de lectura" />
	<meta name="twitter:data1" content="1 minuto" />
<script type="application/ld+json" class="yoast-schema-graph">{"@context":"https:\/\/schema.org","@graph":[{"@type":"WebPage","@id":"https:\/\/www.editorialclaret.cat\/producte\/papas-es-para-vosotros-9788491360469\/","url":"https:\/\/www.editorialclaret.cat\/producte\/papas-es-para-vosotros-9788491360469\/","name":"PAPÁS , ES PARA VOSOTROS - Editorial Claret","isPartOf":{"@id":"https:\/\/www.editorialclaret.cat\/#website"},"primaryImageOfPage":{"@id":"https:\/\/www.editorialclaret.cat\/producte\/papas-es-para-vosotros-9788491360469\/#primaryimage"},"image":{"@id":"https:\/\/www.editorialclaret.cat\/producte\/papas-es-para-vosotros-9788491360469\/#primaryimage"},"thumbnailUrl":"https:\/\/www.editorialclaret.cat\/wp-content\/uploads\/9788491360469-1.jpg","datePublished":"2022-11-07T06:35:48+00:00","dateModified":"2026-01-14T15:36:58+00:00","breadcrumb":{"@id":"https:\/\/www.editorialclaret.cat\/producte\/papas-es-para-vosotros-9788491360469\/#breadcrumb"},"inLanguage":"es","potentialAction":[{"@type":"ReadAction","target":["https:\/\/www.editorialclaret.cat\/producte\/papas-es-para-vosotros-9788491360469\/"]}]},{"@type":"ImageObject","inLanguage":"es","@id":"https:\/\/www.editorialclaret.cat\/producte\/papas-es-para-vosotros-9788491360469\/#primaryimage","url":"https:\/\/www.editorialclaret.cat\/wp-content\/uploads\/9788491360469-1.jpg","contentUrl":"https:\/\/www.editorialclaret.cat\/wp-content\/uploads\/9788491360469-1.jpg","width":350,"height":519,"caption":"9788491360469.jpg"},{"@type":"BreadcrumbList","@id":"https:\/\/www.editorialclaret.cat\/producte\/papas-es-para-vosotros-9788491360469\/#breadcrumb","itemListElement":[{"@type":"ListItem","position":1,"name":"Portada","item":"https:\/\/www.editorialclaret.cat\/es\/"},{"@type":"ListItem","position":2,"name":"Botiga","item":"https:\/\/www.editorialclaret.cat\/?page_id=16"},{"@type":"ListItem","position":3,"name":"PAPÁS , ES PARA VOSOTROS"}]},{"@type":"WebSite","@id":"https:\/\/www.editorialclaret.cat\/#website","url":"https:\/\/www.editorialclaret.cat\/","name":"Editorial Claret","description":"","publisher":{"@id":"https:\/\/www.editorialclaret.cat\/#organization"},"potentialAction":[{"@type":"SearchAction","target":{"@type":"EntryPoint","urlTemplate":"https:\/\/www.editorialclaret.cat\/?s={search_term_string}"},"query-input":{"@type":"PropertyValueSpecification","valueRequired":true,"valueName":"search_term_string"}}],"inLanguage":"es"},{"@type":"Organization","@id":"https:\/\/www.editorialclaret.cat\/#organization","name":"Editorial Claret","url":"https:\/\/www.editorialclaret.cat\/","logo":{"@type":"ImageObject","inLanguage":"es","@id":"https:\/\/www.editorialclaret.cat\/#\/schema\/logo\/image\/","url":"https:\/\/www.editorialclaret.cat\/wp-content\/uploads\/.\/logo-claret.png","contentUrl":"https:\/\/www.editorialclaret.cat\/wp-content\/uploads\/.\/logo-claret.png","width":194,"height":79,"caption":"Editorial Claret"},"image":{"@id":"https:\/\/www.editorialclaret.cat\/#\/schema\/logo\/image\/"}}]}</script>
<!-- / Yoast SEO plugin. -->

PAPÁS , ES PARA VOSOTROS - Editorial Claret
