{"id":31285,"date":"2022-10-19T07:13:08","date_gmt":"2022-10-19T05:13:08","guid":{"rendered":"http:\/\/dev.editorialclaret.cat\/producte\/gracies-pel-sol-i-per-la-lluna\/"},"modified":"2024-05-22T11:48:47","modified_gmt":"2024-05-22T09:48:47","slug":"gracies-pel-sol-i-per-la-lluna-8482977628","status":"publish","type":"product","link":"https:\/\/www.editorialclaret.cat\/es\/producto\/gracies-pel-sol-i-per-la-lluna-8482977628\/","title":{"rendered":"GR\u00c0CIES PEL SOL I PER LA LLUNA"},"content":{"rendered":"<p>El text d\u2019aquest llibret \u00e9s una adaptaci\u00f3 del C\u00e0ntic de les criatures de Sant Francesc d\u2019Ass\u00eds. Aquest c\u00e0ntic ens endinsa en la profunda i tan personal experi\u00e8ncia espiritual de Francesc, que acull amb goig i amb agra\u00efment totes les dimensions de la vida i de la creaci\u00f3, que el fa sentir-se germ\u00e0 del sol i de la lluna, del vent i dels n\u00favols i, fins i tot, quan arriba el moment, de la germana mort.<br \/>La col\u00b7lecci\u00f3 \u00abHola Jes\u00fas! Hola D\u00e9u!\u00bb vol ser un instrument per anar construint entre grans i petits, sobretot al si de la fam\u00edlia,  els significats comuns de la fe en Jes\u00fas.<\/p>\n","protected":false},"excerpt":{"rendered":"<p>MARQU\u00c9S I CALFAT, JOAN; BOSCH I MESTRES, ROSER (il)<\/p>\n","protected":false},"featured_media":0,"template":"","meta":{"_acf_changed":false,"rs_blank_template":"","rs_page_bg_color":"","slide_template_v7":"","inline_featured_image":false,"_monsterinsights_skip_tracking":false,"_monsterinsights_sitenote_active":false,"_monsterinsights_sitenote_note":"","_monsterinsights_sitenote_category":0},"product_brand":[],"product_cat":[1241,1004,1215,978,1192,955,1238,1001],"product_tag":[],"class_list":{"0":"post-31285","1":"product","2":"type-product","3":"status-publish","5":"product_cat-familiar-pastoral-espiritualidad","6":"product_cat-familiar-pastoral","7":"product_cat-franciscana-espiritualidad-espiritualidad","8":"product_cat-franciscana","9":"product_cat-infantil-catequesis","10":"product_cat-infantil-catequesi","11":"product_cat-infantil-pastoral-espiritualidad","12":"product_cat-infantil-pastoral","14":"first","15":"outofstock","16":"taxable","17":"shipping-taxable","18":"purchasable","19":"product-type-simple"},"acf":{"autor":"MARQU\u00c9S I CALFAT, JOAN; BOSCH I MESTRES, ROSER (il)","codart":"848297762","libros-coleccion":"Hola Jes\u00fas! Hola D\u00e9u!","ediciones":"1","encuadernacion":"Carton\u00e9","fecha_de_publicacion":"13\/12\/2004","novedad":"0","paginas":"26","subtitulo":"","orden":"999","portada":"0","idioma":"cat","autores-libros":[{"ID":47068,"post_author":"3","post_date":"2022-11-06 20:33:16","post_date_gmt":"2022-11-06 19:33:16","post_content":"","post_title":"ROSER (il) BOSCH I MESTRES","post_excerpt":"","post_status":"publish","comment_status":"closed","ping_status":"closed","post_password":"","post_name":"roser-il-bosch-i-mestres","to_ping":"","pinged":"","post_modified":"2022-11-06 20:33:16","post_modified_gmt":"2022-11-06 19:33:16","post_content_filtered":"","post_parent":0,"guid":"http:\/\/dev.editorialclaret.cat\/autor\/roser-il-bosch-i-mestres\/","menu_order":0,"post_type":"autor","post_mime_type":"","comment_count":"0","filter":"raw"},{"ID":16649,"post_author":"3","post_date":"2022-10-19 01:07:13","post_date_gmt":"2022-10-18 23:07:13","post_content":"","post_title":"JOAN MARQU\u00c9S I CALFAT","post_excerpt":"","post_status":"publish","comment_status":"closed","ping_status":"closed","post_password":"","post_name":"joan-marques-i-calfat","to_ping":"","pinged":"","post_modified":"2022-10-19 01:07:13","post_modified_gmt":"2022-10-18 23:07:13","post_content_filtered":"","post_parent":0,"guid":"http:\/\/dev.editorialclaret.cat\/autor\/joan-marques-i-calfat\/","menu_order":0,"post_type":"autor","post_mime_type":"","comment_count":"0","filter":"raw"}]},"yoast_head":"<!-- This site is optimized with the Yoast SEO plugin v27.3 - https:\/\/yoast.com\/product\/yoast-seo-wordpress\/ -->\n<title>Editorial Claret<\/title>\n<meta name=\"robots\" content=\"noindex, follow, max-snippet:-1, max-image-preview:large, max-video-preview:-1\" \/>\n<meta property=\"og:locale\" content=\"es_ES\" \/>\n<meta property=\"og:type\" content=\"article\" \/>\n<meta property=\"og:title\" content=\"GR\u00c0CIES PEL SOL I PER LA LLUNA - Editorial Claret\" \/>\n<meta property=\"og:description\" content=\"MARQU\u00c9S I CALFAT, JOAN; BOSCH I MESTRES, ROSER (il)\" \/>\n<meta property=\"og:url\" content=\"https:\/\/www.editorialclaret.cat\/producte\/gracies-pel-sol-i-per-la-lluna-8482977628\/\" \/>\n<meta property=\"og:site_name\" content=\"Editorial Claret\" \/>\n<meta property=\"article:modified_time\" content=\"2024-05-22T09:48:47+00:00\" \/>\n<meta name=\"twitter:card\" content=\"summary_large_image\" \/>\n<meta name=\"twitter:label1\" content=\"Tiempo de lectura\" \/>\n\t<meta name=\"twitter:data1\" content=\"1 minuto\" \/>\n<script type=\"application\/ld+json\" class=\"yoast-schema-graph\">{\"@context\":\"https:\\\/\\\/schema.org\",\"@graph\":[{\"@type\":\"WebPage\",\"@id\":\"https:\\\/\\\/www.editorialclaret.cat\\\/producte\\\/gracies-pel-sol-i-per-la-lluna-8482977628\\\/\",\"url\":\"https:\\\/\\\/www.editorialclaret.cat\\\/producte\\\/gracies-pel-sol-i-per-la-lluna-8482977628\\\/\",\"name\":\"GR\u00c0CIES PEL SOL I PER LA LLUNA - Editorial Claret\",\"isPartOf\":{\"@id\":\"https:\\\/\\\/www.editorialclaret.cat\\\/#website\"},\"datePublished\":\"2022-10-19T05:13:08+00:00\",\"dateModified\":\"2024-05-22T09:48:47+00:00\",\"breadcrumb\":{\"@id\":\"https:\\\/\\\/www.editorialclaret.cat\\\/producte\\\/gracies-pel-sol-i-per-la-lluna-8482977628\\\/#breadcrumb\"},\"inLanguage\":\"es\",\"potentialAction\":[{\"@type\":\"ReadAction\",\"target\":[\"https:\\\/\\\/www.editorialclaret.cat\\\/producte\\\/gracies-pel-sol-i-per-la-lluna-8482977628\\\/\"]}]},{\"@type\":\"BreadcrumbList\",\"@id\":\"https:\\\/\\\/www.editorialclaret.cat\\\/producte\\\/gracies-pel-sol-i-per-la-lluna-8482977628\\\/#breadcrumb\",\"itemListElement\":[{\"@type\":\"ListItem\",\"position\":1,\"name\":\"Portada\",\"item\":\"https:\\\/\\\/www.editorialclaret.cat\\\/es\\\/\"},{\"@type\":\"ListItem\",\"position\":2,\"name\":\"Botiga\",\"item\":\"https:\\\/\\\/www.editorialclaret.cat\\\/?page_id=16\"},{\"@type\":\"ListItem\",\"position\":3,\"name\":\"GR\u00c0CIES PEL SOL I PER LA LLUNA\"}]},{\"@type\":\"WebSite\",\"@id\":\"https:\\\/\\\/www.editorialclaret.cat\\\/#website\",\"url\":\"https:\\\/\\\/www.editorialclaret.cat\\\/\",\"name\":\"Editorial Claret\",\"description\":\"\",\"publisher\":{\"@id\":\"https:\\\/\\\/www.editorialclaret.cat\\\/#organization\"},\"potentialAction\":[{\"@type\":\"SearchAction\",\"target\":{\"@type\":\"EntryPoint\",\"urlTemplate\":\"https:\\\/\\\/www.editorialclaret.cat\\\/?s={search_term_string}\"},\"query-input\":{\"@type\":\"PropertyValueSpecification\",\"valueRequired\":true,\"valueName\":\"search_term_string\"}}],\"inLanguage\":\"es\"},{\"@type\":\"Organization\",\"@id\":\"https:\\\/\\\/www.editorialclaret.cat\\\/#organization\",\"name\":\"Editorial Claret\",\"url\":\"https:\\\/\\\/www.editorialclaret.cat\\\/\",\"logo\":{\"@type\":\"ImageObject\",\"inLanguage\":\"es\",\"@id\":\"https:\\\/\\\/www.editorialclaret.cat\\\/#\\\/schema\\\/logo\\\/image\\\/\",\"url\":\"https:\\\/\\\/www.editorialclaret.cat\\\/wp-content\\\/uploads\\\/.\\\/logo-claret.png\",\"contentUrl\":\"https:\\\/\\\/www.editorialclaret.cat\\\/wp-content\\\/uploads\\\/.\\\/logo-claret.png\",\"width\":194,\"height\":79,\"caption\":\"Editorial Claret\"},\"image\":{\"@id\":\"https:\\\/\\\/www.editorialclaret.cat\\\/#\\\/schema\\\/logo\\\/image\\\/\"}}]}<\/script>\n<!-- \/ Yoast SEO plugin. -->","yoast_head_json":{"title":"Editorial Claret","robots":{"index":"noindex","follow":"follow","max-snippet":"max-snippet:-1","max-image-preview":"max-image-preview:large","max-video-preview":"max-video-preview:-1"},"og_locale":"es_ES","og_type":"article","og_title":"GR\u00c0CIES PEL SOL I PER LA LLUNA - Editorial Claret","og_description":"MARQU\u00c9S I CALFAT, JOAN; BOSCH I MESTRES, ROSER (il)","og_url":"https:\/\/www.editorialclaret.cat\/producte\/gracies-pel-sol-i-per-la-lluna-8482977628\/","og_site_name":"Editorial Claret","article_modified_time":"2024-05-22T09:48:47+00:00","twitter_card":"summary_large_image","twitter_misc":{"Tiempo de lectura":"1 minuto"},"schema":{"@context":"https:\/\/schema.org","@graph":[{"@type":"WebPage","@id":"https:\/\/www.editorialclaret.cat\/producte\/gracies-pel-sol-i-per-la-lluna-8482977628\/","url":"https:\/\/www.editorialclaret.cat\/producte\/gracies-pel-sol-i-per-la-lluna-8482977628\/","name":"GR\u00c0CIES PEL SOL I PER LA LLUNA - Editorial Claret","isPartOf":{"@id":"https:\/\/www.editorialclaret.cat\/#website"},"datePublished":"2022-10-19T05:13:08+00:00","dateModified":"2024-05-22T09:48:47+00:00","breadcrumb":{"@id":"https:\/\/www.editorialclaret.cat\/producte\/gracies-pel-sol-i-per-la-lluna-8482977628\/#breadcrumb"},"inLanguage":"es","potentialAction":[{"@type":"ReadAction","target":["https:\/\/www.editorialclaret.cat\/producte\/gracies-pel-sol-i-per-la-lluna-8482977628\/"]}]},{"@type":"BreadcrumbList","@id":"https:\/\/www.editorialclaret.cat\/producte\/gracies-pel-sol-i-per-la-lluna-8482977628\/#breadcrumb","itemListElement":[{"@type":"ListItem","position":1,"name":"Portada","item":"https:\/\/www.editorialclaret.cat\/es\/"},{"@type":"ListItem","position":2,"name":"Botiga","item":"https:\/\/www.editorialclaret.cat\/?page_id=16"},{"@type":"ListItem","position":3,"name":"GR\u00c0CIES PEL SOL I PER LA LLUNA"}]},{"@type":"WebSite","@id":"https:\/\/www.editorialclaret.cat\/#website","url":"https:\/\/www.editorialclaret.cat\/","name":"Editorial Claret","description":"","publisher":{"@id":"https:\/\/www.editorialclaret.cat\/#organization"},"potentialAction":[{"@type":"SearchAction","target":{"@type":"EntryPoint","urlTemplate":"https:\/\/www.editorialclaret.cat\/?s={search_term_string}"},"query-input":{"@type":"PropertyValueSpecification","valueRequired":true,"valueName":"search_term_string"}}],"inLanguage":"es"},{"@type":"Organization","@id":"https:\/\/www.editorialclaret.cat\/#organization","name":"Editorial Claret","url":"https:\/\/www.editorialclaret.cat\/","logo":{"@type":"ImageObject","inLanguage":"es","@id":"https:\/\/www.editorialclaret.cat\/#\/schema\/logo\/image\/","url":"https:\/\/www.editorialclaret.cat\/wp-content\/uploads\/.\/logo-claret.png","contentUrl":"https:\/\/www.editorialclaret.cat\/wp-content\/uploads\/.\/logo-claret.png","width":194,"height":79,"caption":"Editorial Claret"},"image":{"@id":"https:\/\/www.editorialclaret.cat\/#\/schema\/logo\/image\/"}}]}},"_links":{"self":[{"href":"https:\/\/www.editorialclaret.cat\/es\/wp-json\/wp\/v2\/product\/31285","targetHints":{"allow":["GET"]}}],"collection":[{"href":"https:\/\/www.editorialclaret.cat\/es\/wp-json\/wp\/v2\/product"}],"about":[{"href":"https:\/\/www.editorialclaret.cat\/es\/wp-json\/wp\/v2\/types\/product"}],"wp:attachment":[{"href":"https:\/\/www.editorialclaret.cat\/es\/wp-json\/wp\/v2\/media?parent=31285"}],"wp:term":[{"taxonomy":"product_brand","embeddable":true,"href":"https:\/\/www.editorialclaret.cat\/es\/wp-json\/wp\/v2\/product_brand?post=31285"},{"taxonomy":"product_cat","embeddable":true,"href":"https:\/\/www.editorialclaret.cat\/es\/wp-json\/wp\/v2\/product_cat?post=31285"},{"taxonomy":"product_tag","embeddable":true,"href":"https:\/\/www.editorialclaret.cat\/es\/wp-json\/wp\/v2\/product_tag?post=31285"}],"curies":[{"name":"wp","href":"https:\/\/api.w.org\/{rel}","templated":true}]}}

GRÀCIES PEL SOL I PER LA LLUNA

<p>El text d’aquest llibret és una adaptació del Càntic de les criatures de Sant Francesc d’Assís. Aquest càntic ens endinsa en la profunda i tan personal experiència espiritual de Francesc, que acull amb goig i amb agraïment totes les dimensions de la vida i de la creació, que el fa sentir-se germà del sol i de la lluna, del vent i dels núvols i, fins i tot, quan arriba el moment, de la germana mort.<br />La col·lecció «Hola Jesús! Hola Déu!» vol ser un instrument per anar construint entre grans i petits, sobretot al si de la família,  els significats comuns de la fe en Jesús.</p>

<p>MARQUÉS I CALFAT, JOAN; BOSCH I MESTRES, ROSER (il)</p>

MARQUÉS I CALFAT, JOAN; BOSCH I MESTRES, ROSER (il)

Hola Jesús! Hola Déu!

Cartoné

JOAN MARQUÉS I CALFAT

<!-- This site is optimized with the Yoast SEO plugin v27.3 - https://yoast.com/product/yoast-seo-wordpress/ -->
<title>Editorial Claret</title>
<meta name="robots" content="noindex, follow, max-snippet:-1, max-image-preview:large, max-video-preview:-1" />
<meta property="og:locale" content="es_ES" />
<meta property="og:type" content="article" />
<meta property="og:title" content="GRÀCIES PEL SOL I PER LA LLUNA - Editorial Claret" />
<meta property="og:description" content="MARQUÉS I CALFAT, JOAN; BOSCH I MESTRES, ROSER (il)" />
<meta property="og:url" content="https://www.editorialclaret.cat/producte/gracies-pel-sol-i-per-la-lluna-8482977628/" />
<meta property="og:site_name" content="Editorial Claret" />
<meta property="article:modified_time" content="2024-05-22T09:48:47+00:00" />
<meta name="twitter:card" content="summary_large_image" />
<meta name="twitter:label1" content="Tiempo de lectura" />
	<meta name="twitter:data1" content="1 minuto" />
<script type="application/ld+json" class="yoast-schema-graph">{"@context":"https:\/\/schema.org","@graph":[{"@type":"WebPage","@id":"https:\/\/www.editorialclaret.cat\/producte\/gracies-pel-sol-i-per-la-lluna-8482977628\/","url":"https:\/\/www.editorialclaret.cat\/producte\/gracies-pel-sol-i-per-la-lluna-8482977628\/","name":"GRÀCIES PEL SOL I PER LA LLUNA - Editorial Claret","isPartOf":{"@id":"https:\/\/www.editorialclaret.cat\/#website"},"datePublished":"2022-10-19T05:13:08+00:00","dateModified":"2024-05-22T09:48:47+00:00","breadcrumb":{"@id":"https:\/\/www.editorialclaret.cat\/producte\/gracies-pel-sol-i-per-la-lluna-8482977628\/#breadcrumb"},"inLanguage":"es","potentialAction":[{"@type":"ReadAction","target":["https:\/\/www.editorialclaret.cat\/producte\/gracies-pel-sol-i-per-la-lluna-8482977628\/"]}]},{"@type":"BreadcrumbList","@id":"https:\/\/www.editorialclaret.cat\/producte\/gracies-pel-sol-i-per-la-lluna-8482977628\/#breadcrumb","itemListElement":[{"@type":"ListItem","position":1,"name":"Portada","item":"https:\/\/www.editorialclaret.cat\/es\/"},{"@type":"ListItem","position":2,"name":"Botiga","item":"https:\/\/www.editorialclaret.cat\/?page_id=16"},{"@type":"ListItem","position":3,"name":"GRÀCIES PEL SOL I PER LA LLUNA"}]},{"@type":"WebSite","@id":"https:\/\/www.editorialclaret.cat\/#website","url":"https:\/\/www.editorialclaret.cat\/","name":"Editorial Claret","description":"","publisher":{"@id":"https:\/\/www.editorialclaret.cat\/#organization"},"potentialAction":[{"@type":"SearchAction","target":{"@type":"EntryPoint","urlTemplate":"https:\/\/www.editorialclaret.cat\/?s={search_term_string}"},"query-input":{"@type":"PropertyValueSpecification","valueRequired":true,"valueName":"search_term_string"}}],"inLanguage":"es"},{"@type":"Organization","@id":"https:\/\/www.editorialclaret.cat\/#organization","name":"Editorial Claret","url":"https:\/\/www.editorialclaret.cat\/","logo":{"@type":"ImageObject","inLanguage":"es","@id":"https:\/\/www.editorialclaret.cat\/#\/schema\/logo\/image\/","url":"https:\/\/www.editorialclaret.cat\/wp-content\/uploads\/.\/logo-claret.png","contentUrl":"https:\/\/www.editorialclaret.cat\/wp-content\/uploads\/.\/logo-claret.png","width":194,"height":79,"caption":"Editorial Claret"},"image":{"@id":"https:\/\/www.editorialclaret.cat\/#\/schema\/logo\/image\/"}}]}</script>
<!-- / Yoast SEO plugin. -->

GRÀCIES PEL SOL I PER LA LLUNA - Editorial Claret
