{"id":31119,"date":"2022-10-19T07:10:35","date_gmt":"2022-10-19T05:10:35","guid":{"rendered":"http:\/\/dev.editorialclaret.cat\/producte\/donar-temps-a-la-vida-lart-de-viure-amb-plenitud\/"},"modified":"2024-05-22T12:09:42","modified_gmt":"2024-05-22T10:09:42","slug":"donar-temps-a-la-vida-8489467187","status":"publish","type":"product","link":"https:\/\/www.editorialclaret.cat\/es\/producto\/donar-temps-a-la-vida-8489467187\/","title":{"rendered":"DONAR TEMPS A LA VIDA"},"content":{"rendered":"<p>Aquest llibre \u00e9s fruit d&#8217;una llarga experi\u00e8ncia en formaci\u00f3 i din\u00e0mica de grups dins el camp del creixement personal. Neix del convenciment que el temps \u00e9s vida i la nostra vida un per\u00edode per aprendre a estimar i a \u00abfer-nos\u00bb persones.<br \/>Els autors han pres el temps com a pretext per plantejar un ventall de q\u00fcestions, interrogants, visions i propostes alternatives sobre la vida i la recerca individual de sentit.<br \/>Les dues variables que es relacionen, doncs, al llarg del llibre s\u00f3n el temps i el seu impacte en l&#8217;evoluci\u00f3 de l&#8217;\u00e9sser hum\u00e0 com a persona.<br \/>El t\u00edtol del llibre \u00abDonar temps a la vida\u00bb vol animar a incorporar una actitud d&#8217;obertura activa a la vida i al seu sorprenent contingut: l&#8217;extraordinari misteri de la pr\u00f2pia exist\u00e8ncia i d&#8217;aquest m\u00f3n que ens envolta.<\/p>\n","protected":false},"excerpt":{"rendered":"<p>CONANGLA MAR\u00cdN, M. MERC\u00c8; SOLER LLEONART, JAUME<\/p>\n","protected":false},"featured_media":0,"template":"","meta":{"_acf_changed":false,"rs_blank_template":"","rs_page_bg_color":"","slide_template_v7":"","inline_featured_image":false,"_monsterinsights_skip_tracking":false,"_monsterinsights_sitenote_active":false,"_monsterinsights_sitenote_note":"","_monsterinsights_sitenote_category":0},"product_brand":[],"product_cat":[1155,918,927,1164,1161,924],"product_tag":[],"class_list":{"0":"post-31119","1":"product","2":"type-product","3":"status-publish","5":"product_cat-de-la-personalidad-y-del-desarrollo","6":"product_cat-de-la-personalitat-i-del-desenvolupament","7":"product_cat-educacio-en-valors-pedagogia","8":"product_cat-educacion-en-valores-pedagogia-humanidades","9":"product_cat-psicopedagogia-pedagogia-humanidades","10":"product_cat-psicopedagogia","12":"first","13":"outofstock","14":"taxable","15":"shipping-taxable","16":"purchasable","17":"product-type-simple"},"acf":{"autor":"CONANGLA MAR\u00cdN, M. MERC\u00c8; SOLER LLEONART, JAUME","codart":"848946718","libros-coleccion":"Animaci\u00f3 Sociocultural","ediciones":"1","encuadernacion":"R\u00fastica","fecha_de_publicacion":"01\/03\/2001","novedad":"0","paginas":"368","subtitulo":"L'ART DE VIURE AMB PLENITUD","orden":"999","portada":"0","idioma":"cat","autores-libros":[{"ID":18320,"post_author":"3","post_date":"2022-10-19 01:18:28","post_date_gmt":"2022-10-18 23:18:28","post_content":"","post_title":"M. MERC\u00c8 CONANGLA MAR\u00cdN","post_excerpt":"","post_status":"publish","comment_status":"closed","ping_status":"closed","post_password":"","post_name":"m-merce-conangla-marin","to_ping":"","pinged":"","post_modified":"2022-10-19 01:18:28","post_modified_gmt":"2022-10-18 23:18:28","post_content_filtered":"","post_parent":0,"guid":"http:\/\/dev.editorialclaret.cat\/autor\/m-merce-conangla-marin\/","menu_order":0,"post_type":"autor","post_mime_type":"","comment_count":"0","filter":"raw"},{"ID":46873,"post_author":"3","post_date":"2022-11-06 20:31:45","post_date_gmt":"2022-11-06 19:31:45","post_content":"","post_title":"JAUME SOLER LLEONART","post_excerpt":"","post_status":"publish","comment_status":"closed","ping_status":"closed","post_password":"","post_name":"jaume-soler-lleonart","to_ping":"","pinged":"","post_modified":"2022-11-06 20:31:45","post_modified_gmt":"2022-11-06 19:31:45","post_content_filtered":"","post_parent":0,"guid":"http:\/\/dev.editorialclaret.cat\/autor\/jaume-soler-lleonart\/","menu_order":0,"post_type":"autor","post_mime_type":"","comment_count":"0","filter":"raw"}]},"yoast_head":"<!-- This site is optimized with the Yoast SEO plugin v27.3 - https:\/\/yoast.com\/product\/yoast-seo-wordpress\/ -->\n<title>Editorial Claret<\/title>\n<meta name=\"robots\" content=\"noindex, follow, max-snippet:-1, max-image-preview:large, max-video-preview:-1\" \/>\n<meta property=\"og:locale\" content=\"es_ES\" \/>\n<meta property=\"og:type\" content=\"article\" \/>\n<meta property=\"og:title\" content=\"DONAR TEMPS A LA VIDA - Editorial Claret\" \/>\n<meta property=\"og:description\" content=\"CONANGLA MAR\u00cdN, M. MERC\u00c8; SOLER LLEONART, JAUME\" \/>\n<meta property=\"og:url\" content=\"https:\/\/www.editorialclaret.cat\/producte\/donar-temps-a-la-vida-8489467187\/\" \/>\n<meta property=\"og:site_name\" content=\"Editorial Claret\" \/>\n<meta property=\"article:modified_time\" content=\"2024-05-22T10:09:42+00:00\" \/>\n<meta name=\"twitter:card\" content=\"summary_large_image\" \/>\n<meta name=\"twitter:label1\" content=\"Tiempo de lectura\" \/>\n\t<meta name=\"twitter:data1\" content=\"1 minuto\" \/>\n<script type=\"application\/ld+json\" class=\"yoast-schema-graph\">{\"@context\":\"https:\\\/\\\/schema.org\",\"@graph\":[{\"@type\":\"WebPage\",\"@id\":\"https:\\\/\\\/www.editorialclaret.cat\\\/producte\\\/donar-temps-a-la-vida-8489467187\\\/\",\"url\":\"https:\\\/\\\/www.editorialclaret.cat\\\/producte\\\/donar-temps-a-la-vida-8489467187\\\/\",\"name\":\"DONAR TEMPS A LA VIDA - Editorial Claret\",\"isPartOf\":{\"@id\":\"https:\\\/\\\/www.editorialclaret.cat\\\/#website\"},\"datePublished\":\"2022-10-19T05:10:35+00:00\",\"dateModified\":\"2024-05-22T10:09:42+00:00\",\"breadcrumb\":{\"@id\":\"https:\\\/\\\/www.editorialclaret.cat\\\/producte\\\/donar-temps-a-la-vida-8489467187\\\/#breadcrumb\"},\"inLanguage\":\"es\",\"potentialAction\":[{\"@type\":\"ReadAction\",\"target\":[\"https:\\\/\\\/www.editorialclaret.cat\\\/producte\\\/donar-temps-a-la-vida-8489467187\\\/\"]}]},{\"@type\":\"BreadcrumbList\",\"@id\":\"https:\\\/\\\/www.editorialclaret.cat\\\/producte\\\/donar-temps-a-la-vida-8489467187\\\/#breadcrumb\",\"itemListElement\":[{\"@type\":\"ListItem\",\"position\":1,\"name\":\"Portada\",\"item\":\"https:\\\/\\\/www.editorialclaret.cat\\\/es\\\/\"},{\"@type\":\"ListItem\",\"position\":2,\"name\":\"Botiga\",\"item\":\"https:\\\/\\\/www.editorialclaret.cat\\\/?page_id=16\"},{\"@type\":\"ListItem\",\"position\":3,\"name\":\"DONAR TEMPS A LA VIDA\"}]},{\"@type\":\"WebSite\",\"@id\":\"https:\\\/\\\/www.editorialclaret.cat\\\/#website\",\"url\":\"https:\\\/\\\/www.editorialclaret.cat\\\/\",\"name\":\"Editorial Claret\",\"description\":\"\",\"publisher\":{\"@id\":\"https:\\\/\\\/www.editorialclaret.cat\\\/#organization\"},\"potentialAction\":[{\"@type\":\"SearchAction\",\"target\":{\"@type\":\"EntryPoint\",\"urlTemplate\":\"https:\\\/\\\/www.editorialclaret.cat\\\/?s={search_term_string}\"},\"query-input\":{\"@type\":\"PropertyValueSpecification\",\"valueRequired\":true,\"valueName\":\"search_term_string\"}}],\"inLanguage\":\"es\"},{\"@type\":\"Organization\",\"@id\":\"https:\\\/\\\/www.editorialclaret.cat\\\/#organization\",\"name\":\"Editorial Claret\",\"url\":\"https:\\\/\\\/www.editorialclaret.cat\\\/\",\"logo\":{\"@type\":\"ImageObject\",\"inLanguage\":\"es\",\"@id\":\"https:\\\/\\\/www.editorialclaret.cat\\\/#\\\/schema\\\/logo\\\/image\\\/\",\"url\":\"https:\\\/\\\/www.editorialclaret.cat\\\/wp-content\\\/uploads\\\/.\\\/logo-claret.png\",\"contentUrl\":\"https:\\\/\\\/www.editorialclaret.cat\\\/wp-content\\\/uploads\\\/.\\\/logo-claret.png\",\"width\":194,\"height\":79,\"caption\":\"Editorial Claret\"},\"image\":{\"@id\":\"https:\\\/\\\/www.editorialclaret.cat\\\/#\\\/schema\\\/logo\\\/image\\\/\"}}]}<\/script>\n<!-- \/ Yoast SEO plugin. -->","yoast_head_json":{"title":"Editorial Claret","robots":{"index":"noindex","follow":"follow","max-snippet":"max-snippet:-1","max-image-preview":"max-image-preview:large","max-video-preview":"max-video-preview:-1"},"og_locale":"es_ES","og_type":"article","og_title":"DONAR TEMPS A LA VIDA - Editorial Claret","og_description":"CONANGLA MAR\u00cdN, M. MERC\u00c8; SOLER LLEONART, JAUME","og_url":"https:\/\/www.editorialclaret.cat\/producte\/donar-temps-a-la-vida-8489467187\/","og_site_name":"Editorial Claret","article_modified_time":"2024-05-22T10:09:42+00:00","twitter_card":"summary_large_image","twitter_misc":{"Tiempo de lectura":"1 minuto"},"schema":{"@context":"https:\/\/schema.org","@graph":[{"@type":"WebPage","@id":"https:\/\/www.editorialclaret.cat\/producte\/donar-temps-a-la-vida-8489467187\/","url":"https:\/\/www.editorialclaret.cat\/producte\/donar-temps-a-la-vida-8489467187\/","name":"DONAR TEMPS A LA VIDA - Editorial Claret","isPartOf":{"@id":"https:\/\/www.editorialclaret.cat\/#website"},"datePublished":"2022-10-19T05:10:35+00:00","dateModified":"2024-05-22T10:09:42+00:00","breadcrumb":{"@id":"https:\/\/www.editorialclaret.cat\/producte\/donar-temps-a-la-vida-8489467187\/#breadcrumb"},"inLanguage":"es","potentialAction":[{"@type":"ReadAction","target":["https:\/\/www.editorialclaret.cat\/producte\/donar-temps-a-la-vida-8489467187\/"]}]},{"@type":"BreadcrumbList","@id":"https:\/\/www.editorialclaret.cat\/producte\/donar-temps-a-la-vida-8489467187\/#breadcrumb","itemListElement":[{"@type":"ListItem","position":1,"name":"Portada","item":"https:\/\/www.editorialclaret.cat\/es\/"},{"@type":"ListItem","position":2,"name":"Botiga","item":"https:\/\/www.editorialclaret.cat\/?page_id=16"},{"@type":"ListItem","position":3,"name":"DONAR TEMPS A LA VIDA"}]},{"@type":"WebSite","@id":"https:\/\/www.editorialclaret.cat\/#website","url":"https:\/\/www.editorialclaret.cat\/","name":"Editorial Claret","description":"","publisher":{"@id":"https:\/\/www.editorialclaret.cat\/#organization"},"potentialAction":[{"@type":"SearchAction","target":{"@type":"EntryPoint","urlTemplate":"https:\/\/www.editorialclaret.cat\/?s={search_term_string}"},"query-input":{"@type":"PropertyValueSpecification","valueRequired":true,"valueName":"search_term_string"}}],"inLanguage":"es"},{"@type":"Organization","@id":"https:\/\/www.editorialclaret.cat\/#organization","name":"Editorial Claret","url":"https:\/\/www.editorialclaret.cat\/","logo":{"@type":"ImageObject","inLanguage":"es","@id":"https:\/\/www.editorialclaret.cat\/#\/schema\/logo\/image\/","url":"https:\/\/www.editorialclaret.cat\/wp-content\/uploads\/.\/logo-claret.png","contentUrl":"https:\/\/www.editorialclaret.cat\/wp-content\/uploads\/.\/logo-claret.png","width":194,"height":79,"caption":"Editorial Claret"},"image":{"@id":"https:\/\/www.editorialclaret.cat\/#\/schema\/logo\/image\/"}}]}},"_links":{"self":[{"href":"https:\/\/www.editorialclaret.cat\/es\/wp-json\/wp\/v2\/product\/31119","targetHints":{"allow":["GET"]}}],"collection":[{"href":"https:\/\/www.editorialclaret.cat\/es\/wp-json\/wp\/v2\/product"}],"about":[{"href":"https:\/\/www.editorialclaret.cat\/es\/wp-json\/wp\/v2\/types\/product"}],"wp:attachment":[{"href":"https:\/\/www.editorialclaret.cat\/es\/wp-json\/wp\/v2\/media?parent=31119"}],"wp:term":[{"taxonomy":"product_brand","embeddable":true,"href":"https:\/\/www.editorialclaret.cat\/es\/wp-json\/wp\/v2\/product_brand?post=31119"},{"taxonomy":"product_cat","embeddable":true,"href":"https:\/\/www.editorialclaret.cat\/es\/wp-json\/wp\/v2\/product_cat?post=31119"},{"taxonomy":"product_tag","embeddable":true,"href":"https:\/\/www.editorialclaret.cat\/es\/wp-json\/wp\/v2\/product_tag?post=31119"}],"curies":[{"name":"wp","href":"https:\/\/api.w.org\/{rel}","templated":true}]}}

<p>Aquest llibre és fruit d&#8217;una llarga experiència en formació i dinàmica de grups dins el camp del creixement personal. Neix del convenciment que el temps és vida i la nostra vida un període per aprendre a estimar i a «fer-nos» persones.<br />Els autors han pres el temps com a pretext per plantejar un ventall de qüestions, interrogants, visions i propostes alternatives sobre la vida i la recerca individual de sentit.<br />Les dues variables que es relacionen, doncs, al llarg del llibre són el temps i el seu impacte en l&#8217;evolució de l&#8217;ésser humà com a persona.<br />El títol del llibre «Donar temps a la vida» vol animar a incorporar una actitud d&#8217;obertura activa a la vida i al seu sorprenent contingut: l&#8217;extraordinari misteri de la pròpia existència i d&#8217;aquest món que ens envolta.</p>

<p>CONANGLA MARÍN, M. MERCÈ; SOLER LLEONART, JAUME</p>

CONANGLA MARÍN, M. MERCÈ; SOLER LLEONART, JAUME

Animació Sociocultural

Rústica

M. MERCÈ CONANGLA MARÍN

<!-- This site is optimized with the Yoast SEO plugin v27.3 - https://yoast.com/product/yoast-seo-wordpress/ -->
<title>Editorial Claret</title>
<meta name="robots" content="noindex, follow, max-snippet:-1, max-image-preview:large, max-video-preview:-1" />
<meta property="og:locale" content="es_ES" />
<meta property="og:type" content="article" />
<meta property="og:title" content="DONAR TEMPS A LA VIDA - Editorial Claret" />
<meta property="og:description" content="CONANGLA MARÍN, M. MERCÈ; SOLER LLEONART, JAUME" />
<meta property="og:url" content="https://www.editorialclaret.cat/producte/donar-temps-a-la-vida-8489467187/" />
<meta property="og:site_name" content="Editorial Claret" />
<meta property="article:modified_time" content="2024-05-22T10:09:42+00:00" />
<meta name="twitter:card" content="summary_large_image" />
<meta name="twitter:label1" content="Tiempo de lectura" />
	<meta name="twitter:data1" content="1 minuto" />
<script type="application/ld+json" class="yoast-schema-graph">{"@context":"https:\/\/schema.org","@graph":[{"@type":"WebPage","@id":"https:\/\/www.editorialclaret.cat\/producte\/donar-temps-a-la-vida-8489467187\/","url":"https:\/\/www.editorialclaret.cat\/producte\/donar-temps-a-la-vida-8489467187\/","name":"DONAR TEMPS A LA VIDA - Editorial Claret","isPartOf":{"@id":"https:\/\/www.editorialclaret.cat\/#website"},"datePublished":"2022-10-19T05:10:35+00:00","dateModified":"2024-05-22T10:09:42+00:00","breadcrumb":{"@id":"https:\/\/www.editorialclaret.cat\/producte\/donar-temps-a-la-vida-8489467187\/#breadcrumb"},"inLanguage":"es","potentialAction":[{"@type":"ReadAction","target":["https:\/\/www.editorialclaret.cat\/producte\/donar-temps-a-la-vida-8489467187\/"]}]},{"@type":"BreadcrumbList","@id":"https:\/\/www.editorialclaret.cat\/producte\/donar-temps-a-la-vida-8489467187\/#breadcrumb","itemListElement":[{"@type":"ListItem","position":1,"name":"Portada","item":"https:\/\/www.editorialclaret.cat\/es\/"},{"@type":"ListItem","position":2,"name":"Botiga","item":"https:\/\/www.editorialclaret.cat\/?page_id=16"},{"@type":"ListItem","position":3,"name":"DONAR TEMPS A LA VIDA"}]},{"@type":"WebSite","@id":"https:\/\/www.editorialclaret.cat\/#website","url":"https:\/\/www.editorialclaret.cat\/","name":"Editorial Claret","description":"","publisher":{"@id":"https:\/\/www.editorialclaret.cat\/#organization"},"potentialAction":[{"@type":"SearchAction","target":{"@type":"EntryPoint","urlTemplate":"https:\/\/www.editorialclaret.cat\/?s={search_term_string}"},"query-input":{"@type":"PropertyValueSpecification","valueRequired":true,"valueName":"search_term_string"}}],"inLanguage":"es"},{"@type":"Organization","@id":"https:\/\/www.editorialclaret.cat\/#organization","name":"Editorial Claret","url":"https:\/\/www.editorialclaret.cat\/","logo":{"@type":"ImageObject","inLanguage":"es","@id":"https:\/\/www.editorialclaret.cat\/#\/schema\/logo\/image\/","url":"https:\/\/www.editorialclaret.cat\/wp-content\/uploads\/.\/logo-claret.png","contentUrl":"https:\/\/www.editorialclaret.cat\/wp-content\/uploads\/.\/logo-claret.png","width":194,"height":79,"caption":"Editorial Claret"},"image":{"@id":"https:\/\/www.editorialclaret.cat\/#\/schema\/logo\/image\/"}}]}</script>
<!-- / Yoast SEO plugin. -->
