{"id":28633,"date":"2022-10-19T04:59:10","date_gmt":"2022-10-19T02:59:10","guid":{"rendered":"http:\/\/dev.editorialclaret.cat\/producte\/la-vida-diaria-en-tiempos-de-jesus\/"},"modified":"2026-03-25T19:55:24","modified_gmt":"2026-03-25T18:55:24","slug":"la-vida-diaria-en-tiempos-de-jesus-8482974548","status":"publish","type":"product","link":"https:\/\/www.editorialclaret.cat\/es\/producto\/la-vida-diaria-en-tiempos-de-jesus-8482974548\/","title":{"rendered":"LA VIDA DIARIA EN TIEMPOS DE JES\u00daS"},"content":{"rendered":"<p>Dibujos vivos y originales sobre la vida en tiempos del Nuevo Testamento, mapas, fotograf\u00edas, gr\u00e1ficos, junto con informaci\u00f3n detallada sobre los descubrimientos arqueol\u00f3gicos m\u00e1s importantes de los \u00faltimos a\u00f1os.<br \/>Todo esto se combina para transportarnos a la \u00e9poca de Jes\u00fas de una manera nueva y atractiva.<br \/>Este libro ofrece de manera amena y completa los elementos necesarios para conocer el ambiente social, pol\u00edtico y religioso del per\u00edodo hist\u00f3rico que m\u00e1s ha influido en la vida de millones de personas de todos los tiempos.<\/p>\n","protected":false},"excerpt":{"rendered":"<p>FEINBERG VAMOSH, MIRIAM<\/p>\n","protected":false},"featured_media":28634,"template":"","meta":{"_acf_changed":false,"rs_blank_template":"","rs_page_bg_color":"","slide_template_v7":"","inline_featured_image":false,"_monsterinsights_skip_tracking":false,"_monsterinsights_sitenote_active":false,"_monsterinsights_sitenote_note":"","_monsterinsights_sitenote_category":0},"product_brand":[],"product_cat":[1119,882,961,1198,1200,963,938,1175,1186,949],"product_tag":[],"class_list":{"0":"post-28633","1":"product","2":"type-product","3":"status-publish","4":"has-post-thumbnail","6":"product_cat-diccionarios-y-libros-de-consulta","7":"product_cat-diccionaris-i-llibres-de-consulta","8":"product_cat-didactica","9":"product_cat-didactica-catequesis","10":"product_cat-dosieres","11":"product_cat-dossiers","12":"product_cat-introduccio-n-t","13":"product_cat-introduccion-n-t","14":"product_cat-manuales-y-guias","15":"product_cat-manuals-i-guies","17":"first","18":"instock","19":"taxable","20":"shipping-taxable","21":"purchasable","22":"product-type-simple"},"acf":{"autor":"FEINBERG VAMOSH, MIRIAM","codart":"848297454","libros-coleccion":"","ediciones":"1","encuadernacion":"R\u00fastica","fecha_de_publicacion":"01\/01\/2001","novedad":"0","paginas":"104","subtitulo":"","orden":"999","portada":"0","idioma":"spa","autores-libros":[{"ID":19244,"post_author":"3","post_date":"2022-10-19 01:24:41","post_date_gmt":"2022-10-18 23:24:41","post_content":"","post_title":"MIRIAM FEINBERG VAMOSH","post_excerpt":"","post_status":"publish","comment_status":"closed","ping_status":"closed","post_password":"","post_name":"miriam-feinberg-vamosh","to_ping":"","pinged":"","post_modified":"2022-10-19 01:24:41","post_modified_gmt":"2022-10-18 23:24:41","post_content_filtered":"","post_parent":0,"guid":"http:\/\/dev.editorialclaret.cat\/autor\/miriam-feinberg-vamosh\/","menu_order":0,"post_type":"autor","post_mime_type":"","comment_count":"0","filter":"raw"}],"traductores-libros":"","ilustradores-libros":"","formato":"","linkebook":"","precioebook":"","ficha":"","muestra":"","presentacion":"","booktrailer":"","resenas":"","recomendamos":"","mas_vendido":""},"yoast_head":"<!-- This site is optimized with the Yoast SEO plugin v27.3 - https:\/\/yoast.com\/product\/yoast-seo-wordpress\/ -->\n<title>Editorial Claret<\/title>\n<meta name=\"robots\" content=\"noindex, follow, max-snippet:-1, max-image-preview:large, max-video-preview:-1\" \/>\n<meta property=\"og:locale\" content=\"es_ES\" \/>\n<meta property=\"og:type\" content=\"article\" \/>\n<meta property=\"og:title\" content=\"LA VIDA DIARIA EN TIEMPOS DE JES\u00daS - Editorial Claret\" \/>\n<meta property=\"og:description\" content=\"FEINBERG VAMOSH, MIRIAM\" \/>\n<meta property=\"og:url\" content=\"https:\/\/www.editorialclaret.cat\/producte\/la-vida-diaria-en-tiempos-de-jesus-8482974548\/\" \/>\n<meta property=\"og:site_name\" content=\"Editorial Claret\" \/>\n<meta property=\"article:modified_time\" content=\"2026-03-25T18:55:24+00:00\" \/>\n<meta property=\"og:image\" content=\"https:\/\/www.editorialclaret.cat\/wp-content\/uploads\/.\/9788482974545.jpg\" \/>\n\t<meta property=\"og:image:width\" content=\"225\" \/>\n\t<meta property=\"og:image:height\" content=\"289\" \/>\n\t<meta property=\"og:image:type\" content=\"image\/jpeg\" \/>\n<meta name=\"twitter:card\" content=\"summary_large_image\" \/>\n<meta name=\"twitter:label1\" content=\"Tiempo de lectura\" \/>\n\t<meta name=\"twitter:data1\" content=\"1 minuto\" \/>\n<script type=\"application\/ld+json\" class=\"yoast-schema-graph\">{\"@context\":\"https:\\\/\\\/schema.org\",\"@graph\":[{\"@type\":\"WebPage\",\"@id\":\"https:\\\/\\\/www.editorialclaret.cat\\\/producte\\\/la-vida-diaria-en-tiempos-de-jesus-8482974548\\\/\",\"url\":\"https:\\\/\\\/www.editorialclaret.cat\\\/producte\\\/la-vida-diaria-en-tiempos-de-jesus-8482974548\\\/\",\"name\":\"LA VIDA DIARIA EN TIEMPOS DE JES\u00daS - Editorial Claret\",\"isPartOf\":{\"@id\":\"https:\\\/\\\/www.editorialclaret.cat\\\/#website\"},\"primaryImageOfPage\":{\"@id\":\"https:\\\/\\\/www.editorialclaret.cat\\\/producte\\\/la-vida-diaria-en-tiempos-de-jesus-8482974548\\\/#primaryimage\"},\"image\":{\"@id\":\"https:\\\/\\\/www.editorialclaret.cat\\\/producte\\\/la-vida-diaria-en-tiempos-de-jesus-8482974548\\\/#primaryimage\"},\"thumbnailUrl\":\"https:\\\/\\\/www.editorialclaret.cat\\\/wp-content\\\/uploads\\\/.\\\/9788482974545.jpg\",\"datePublished\":\"2022-10-19T02:59:10+00:00\",\"dateModified\":\"2026-03-25T18:55:24+00:00\",\"breadcrumb\":{\"@id\":\"https:\\\/\\\/www.editorialclaret.cat\\\/producte\\\/la-vida-diaria-en-tiempos-de-jesus-8482974548\\\/#breadcrumb\"},\"inLanguage\":\"es\",\"potentialAction\":[{\"@type\":\"ReadAction\",\"target\":[\"https:\\\/\\\/www.editorialclaret.cat\\\/producte\\\/la-vida-diaria-en-tiempos-de-jesus-8482974548\\\/\"]}]},{\"@type\":\"ImageObject\",\"inLanguage\":\"es\",\"@id\":\"https:\\\/\\\/www.editorialclaret.cat\\\/producte\\\/la-vida-diaria-en-tiempos-de-jesus-8482974548\\\/#primaryimage\",\"url\":\"https:\\\/\\\/www.editorialclaret.cat\\\/wp-content\\\/uploads\\\/.\\\/9788482974545.jpg\",\"contentUrl\":\"https:\\\/\\\/www.editorialclaret.cat\\\/wp-content\\\/uploads\\\/.\\\/9788482974545.jpg\",\"width\":225,\"height\":289,\"caption\":\"9788482974545.jpg\"},{\"@type\":\"BreadcrumbList\",\"@id\":\"https:\\\/\\\/www.editorialclaret.cat\\\/producte\\\/la-vida-diaria-en-tiempos-de-jesus-8482974548\\\/#breadcrumb\",\"itemListElement\":[{\"@type\":\"ListItem\",\"position\":1,\"name\":\"Portada\",\"item\":\"https:\\\/\\\/www.editorialclaret.cat\\\/es\\\/\"},{\"@type\":\"ListItem\",\"position\":2,\"name\":\"Botiga\",\"item\":\"https:\\\/\\\/www.editorialclaret.cat\\\/?page_id=16\"},{\"@type\":\"ListItem\",\"position\":3,\"name\":\"LA VIDA DIARIA EN TIEMPOS DE JES\u00daS\"}]},{\"@type\":\"WebSite\",\"@id\":\"https:\\\/\\\/www.editorialclaret.cat\\\/#website\",\"url\":\"https:\\\/\\\/www.editorialclaret.cat\\\/\",\"name\":\"Editorial Claret\",\"description\":\"\",\"publisher\":{\"@id\":\"https:\\\/\\\/www.editorialclaret.cat\\\/#organization\"},\"potentialAction\":[{\"@type\":\"SearchAction\",\"target\":{\"@type\":\"EntryPoint\",\"urlTemplate\":\"https:\\\/\\\/www.editorialclaret.cat\\\/?s={search_term_string}\"},\"query-input\":{\"@type\":\"PropertyValueSpecification\",\"valueRequired\":true,\"valueName\":\"search_term_string\"}}],\"inLanguage\":\"es\"},{\"@type\":\"Organization\",\"@id\":\"https:\\\/\\\/www.editorialclaret.cat\\\/#organization\",\"name\":\"Editorial Claret\",\"url\":\"https:\\\/\\\/www.editorialclaret.cat\\\/\",\"logo\":{\"@type\":\"ImageObject\",\"inLanguage\":\"es\",\"@id\":\"https:\\\/\\\/www.editorialclaret.cat\\\/#\\\/schema\\\/logo\\\/image\\\/\",\"url\":\"https:\\\/\\\/www.editorialclaret.cat\\\/wp-content\\\/uploads\\\/.\\\/logo-claret.png\",\"contentUrl\":\"https:\\\/\\\/www.editorialclaret.cat\\\/wp-content\\\/uploads\\\/.\\\/logo-claret.png\",\"width\":194,\"height\":79,\"caption\":\"Editorial Claret\"},\"image\":{\"@id\":\"https:\\\/\\\/www.editorialclaret.cat\\\/#\\\/schema\\\/logo\\\/image\\\/\"}}]}<\/script>\n<!-- \/ Yoast SEO plugin. -->","yoast_head_json":{"title":"Editorial Claret","robots":{"index":"noindex","follow":"follow","max-snippet":"max-snippet:-1","max-image-preview":"max-image-preview:large","max-video-preview":"max-video-preview:-1"},"og_locale":"es_ES","og_type":"article","og_title":"LA VIDA DIARIA EN TIEMPOS DE JES\u00daS - Editorial Claret","og_description":"FEINBERG VAMOSH, MIRIAM","og_url":"https:\/\/www.editorialclaret.cat\/producte\/la-vida-diaria-en-tiempos-de-jesus-8482974548\/","og_site_name":"Editorial Claret","article_modified_time":"2026-03-25T18:55:24+00:00","og_image":[{"width":225,"height":289,"url":"https:\/\/www.editorialclaret.cat\/wp-content\/uploads\/.\/9788482974545.jpg","type":"image\/jpeg"}],"twitter_card":"summary_large_image","twitter_misc":{"Tiempo de lectura":"1 minuto"},"schema":{"@context":"https:\/\/schema.org","@graph":[{"@type":"WebPage","@id":"https:\/\/www.editorialclaret.cat\/producte\/la-vida-diaria-en-tiempos-de-jesus-8482974548\/","url":"https:\/\/www.editorialclaret.cat\/producte\/la-vida-diaria-en-tiempos-de-jesus-8482974548\/","name":"LA VIDA DIARIA EN TIEMPOS DE JES\u00daS - Editorial Claret","isPartOf":{"@id":"https:\/\/www.editorialclaret.cat\/#website"},"primaryImageOfPage":{"@id":"https:\/\/www.editorialclaret.cat\/producte\/la-vida-diaria-en-tiempos-de-jesus-8482974548\/#primaryimage"},"image":{"@id":"https:\/\/www.editorialclaret.cat\/producte\/la-vida-diaria-en-tiempos-de-jesus-8482974548\/#primaryimage"},"thumbnailUrl":"https:\/\/www.editorialclaret.cat\/wp-content\/uploads\/.\/9788482974545.jpg","datePublished":"2022-10-19T02:59:10+00:00","dateModified":"2026-03-25T18:55:24+00:00","breadcrumb":{"@id":"https:\/\/www.editorialclaret.cat\/producte\/la-vida-diaria-en-tiempos-de-jesus-8482974548\/#breadcrumb"},"inLanguage":"es","potentialAction":[{"@type":"ReadAction","target":["https:\/\/www.editorialclaret.cat\/producte\/la-vida-diaria-en-tiempos-de-jesus-8482974548\/"]}]},{"@type":"ImageObject","inLanguage":"es","@id":"https:\/\/www.editorialclaret.cat\/producte\/la-vida-diaria-en-tiempos-de-jesus-8482974548\/#primaryimage","url":"https:\/\/www.editorialclaret.cat\/wp-content\/uploads\/.\/9788482974545.jpg","contentUrl":"https:\/\/www.editorialclaret.cat\/wp-content\/uploads\/.\/9788482974545.jpg","width":225,"height":289,"caption":"9788482974545.jpg"},{"@type":"BreadcrumbList","@id":"https:\/\/www.editorialclaret.cat\/producte\/la-vida-diaria-en-tiempos-de-jesus-8482974548\/#breadcrumb","itemListElement":[{"@type":"ListItem","position":1,"name":"Portada","item":"https:\/\/www.editorialclaret.cat\/es\/"},{"@type":"ListItem","position":2,"name":"Botiga","item":"https:\/\/www.editorialclaret.cat\/?page_id=16"},{"@type":"ListItem","position":3,"name":"LA VIDA DIARIA EN TIEMPOS DE JES\u00daS"}]},{"@type":"WebSite","@id":"https:\/\/www.editorialclaret.cat\/#website","url":"https:\/\/www.editorialclaret.cat\/","name":"Editorial Claret","description":"","publisher":{"@id":"https:\/\/www.editorialclaret.cat\/#organization"},"potentialAction":[{"@type":"SearchAction","target":{"@type":"EntryPoint","urlTemplate":"https:\/\/www.editorialclaret.cat\/?s={search_term_string}"},"query-input":{"@type":"PropertyValueSpecification","valueRequired":true,"valueName":"search_term_string"}}],"inLanguage":"es"},{"@type":"Organization","@id":"https:\/\/www.editorialclaret.cat\/#organization","name":"Editorial Claret","url":"https:\/\/www.editorialclaret.cat\/","logo":{"@type":"ImageObject","inLanguage":"es","@id":"https:\/\/www.editorialclaret.cat\/#\/schema\/logo\/image\/","url":"https:\/\/www.editorialclaret.cat\/wp-content\/uploads\/.\/logo-claret.png","contentUrl":"https:\/\/www.editorialclaret.cat\/wp-content\/uploads\/.\/logo-claret.png","width":194,"height":79,"caption":"Editorial Claret"},"image":{"@id":"https:\/\/www.editorialclaret.cat\/#\/schema\/logo\/image\/"}}]}},"_links":{"self":[{"href":"https:\/\/www.editorialclaret.cat\/es\/wp-json\/wp\/v2\/product\/28633","targetHints":{"allow":["GET"]}}],"collection":[{"href":"https:\/\/www.editorialclaret.cat\/es\/wp-json\/wp\/v2\/product"}],"about":[{"href":"https:\/\/www.editorialclaret.cat\/es\/wp-json\/wp\/v2\/types\/product"}],"wp:featuredmedia":[{"embeddable":true,"href":"https:\/\/www.editorialclaret.cat\/es\/wp-json\/wp\/v2\/media\/28634"}],"wp:attachment":[{"href":"https:\/\/www.editorialclaret.cat\/es\/wp-json\/wp\/v2\/media?parent=28633"}],"wp:term":[{"taxonomy":"product_brand","embeddable":true,"href":"https:\/\/www.editorialclaret.cat\/es\/wp-json\/wp\/v2\/product_brand?post=28633"},{"taxonomy":"product_cat","embeddable":true,"href":"https:\/\/www.editorialclaret.cat\/es\/wp-json\/wp\/v2\/product_cat?post=28633"},{"taxonomy":"product_tag","embeddable":true,"href":"https:\/\/www.editorialclaret.cat\/es\/wp-json\/wp\/v2\/product_tag?post=28633"}],"curies":[{"name":"wp","href":"https:\/\/api.w.org\/{rel}","templated":true}]}}

LA VIDA DIARIA EN TIEMPOS DE JESÚS

<p>Dibujos vivos y originales sobre la vida en tiempos del Nuevo Testamento, mapas, fotografías, gráficos, junto con información detallada sobre los descubrimientos arqueológicos más importantes de los últimos años.<br />Todo esto se combina para transportarnos a la época de Jesús de una manera nueva y atractiva.<br />Este libro ofrece de manera amena y completa los elementos necesarios para conocer el ambiente social, político y religioso del período histórico que más ha influido en la vida de millones de personas de todos los tiempos.</p>

Rústica

<!-- This site is optimized with the Yoast SEO plugin v27.3 - https://yoast.com/product/yoast-seo-wordpress/ -->
<title>Editorial Claret</title>
<meta name="robots" content="noindex, follow, max-snippet:-1, max-image-preview:large, max-video-preview:-1" />
<meta property="og:locale" content="es_ES" />
<meta property="og:type" content="article" />
<meta property="og:title" content="LA VIDA DIARIA EN TIEMPOS DE JESÚS - Editorial Claret" />
<meta property="og:description" content="FEINBERG VAMOSH, MIRIAM" />
<meta property="og:url" content="https://www.editorialclaret.cat/producte/la-vida-diaria-en-tiempos-de-jesus-8482974548/" />
<meta property="og:site_name" content="Editorial Claret" />
<meta property="article:modified_time" content="2026-03-25T18:55:24+00:00" />
<meta property="og:image" content="https://www.editorialclaret.cat/wp-content/uploads/./9788482974545.jpg" />
	<meta property="og:image:width" content="225" />
	<meta property="og:image:height" content="289" />
	<meta property="og:image:type" content="image/jpeg" />
<meta name="twitter:card" content="summary_large_image" />
<meta name="twitter:label1" content="Tiempo de lectura" />
	<meta name="twitter:data1" content="1 minuto" />
<script type="application/ld+json" class="yoast-schema-graph">{"@context":"https:\/\/schema.org","@graph":[{"@type":"WebPage","@id":"https:\/\/www.editorialclaret.cat\/producte\/la-vida-diaria-en-tiempos-de-jesus-8482974548\/","url":"https:\/\/www.editorialclaret.cat\/producte\/la-vida-diaria-en-tiempos-de-jesus-8482974548\/","name":"LA VIDA DIARIA EN TIEMPOS DE JESÚS - Editorial Claret","isPartOf":{"@id":"https:\/\/www.editorialclaret.cat\/#website"},"primaryImageOfPage":{"@id":"https:\/\/www.editorialclaret.cat\/producte\/la-vida-diaria-en-tiempos-de-jesus-8482974548\/#primaryimage"},"image":{"@id":"https:\/\/www.editorialclaret.cat\/producte\/la-vida-diaria-en-tiempos-de-jesus-8482974548\/#primaryimage"},"thumbnailUrl":"https:\/\/www.editorialclaret.cat\/wp-content\/uploads\/.\/9788482974545.jpg","datePublished":"2022-10-19T02:59:10+00:00","dateModified":"2026-03-25T18:55:24+00:00","breadcrumb":{"@id":"https:\/\/www.editorialclaret.cat\/producte\/la-vida-diaria-en-tiempos-de-jesus-8482974548\/#breadcrumb"},"inLanguage":"es","potentialAction":[{"@type":"ReadAction","target":["https:\/\/www.editorialclaret.cat\/producte\/la-vida-diaria-en-tiempos-de-jesus-8482974548\/"]}]},{"@type":"ImageObject","inLanguage":"es","@id":"https:\/\/www.editorialclaret.cat\/producte\/la-vida-diaria-en-tiempos-de-jesus-8482974548\/#primaryimage","url":"https:\/\/www.editorialclaret.cat\/wp-content\/uploads\/.\/9788482974545.jpg","contentUrl":"https:\/\/www.editorialclaret.cat\/wp-content\/uploads\/.\/9788482974545.jpg","width":225,"height":289,"caption":"9788482974545.jpg"},{"@type":"BreadcrumbList","@id":"https:\/\/www.editorialclaret.cat\/producte\/la-vida-diaria-en-tiempos-de-jesus-8482974548\/#breadcrumb","itemListElement":[{"@type":"ListItem","position":1,"name":"Portada","item":"https:\/\/www.editorialclaret.cat\/es\/"},{"@type":"ListItem","position":2,"name":"Botiga","item":"https:\/\/www.editorialclaret.cat\/?page_id=16"},{"@type":"ListItem","position":3,"name":"LA VIDA DIARIA EN TIEMPOS DE JESÚS"}]},{"@type":"WebSite","@id":"https:\/\/www.editorialclaret.cat\/#website","url":"https:\/\/www.editorialclaret.cat\/","name":"Editorial Claret","description":"","publisher":{"@id":"https:\/\/www.editorialclaret.cat\/#organization"},"potentialAction":[{"@type":"SearchAction","target":{"@type":"EntryPoint","urlTemplate":"https:\/\/www.editorialclaret.cat\/?s={search_term_string}"},"query-input":{"@type":"PropertyValueSpecification","valueRequired":true,"valueName":"search_term_string"}}],"inLanguage":"es"},{"@type":"Organization","@id":"https:\/\/www.editorialclaret.cat\/#organization","name":"Editorial Claret","url":"https:\/\/www.editorialclaret.cat\/","logo":{"@type":"ImageObject","inLanguage":"es","@id":"https:\/\/www.editorialclaret.cat\/#\/schema\/logo\/image\/","url":"https:\/\/www.editorialclaret.cat\/wp-content\/uploads\/.\/logo-claret.png","contentUrl":"https:\/\/www.editorialclaret.cat\/wp-content\/uploads\/.\/logo-claret.png","width":194,"height":79,"caption":"Editorial Claret"},"image":{"@id":"https:\/\/www.editorialclaret.cat\/#\/schema\/logo\/image\/"}}]}</script>
<!-- / Yoast SEO plugin. -->

LA VIDA DIARIA EN TIEMPOS DE JESÚS - Editorial Claret
