{"id":26411,"date":"2022-10-19T03:53:05","date_gmt":"2022-10-19T01:53:05","guid":{"rendered":"http:\/\/dev.editorialclaret.cat\/producte\/poble-jueu-i-les-seves-sagrades-escriptures-en-la-biblia-cristiana\/"},"modified":"2024-05-22T11:31:34","modified_gmt":"2024-05-22T09:31:34","slug":"poble-jueu-i-les-seves-sagrades-escriptures-en-la-biblia-cristiana-8482975501","status":"publish","type":"product","link":"https:\/\/www.editorialclaret.cat\/es\/producto\/poble-jueu-i-les-seves-sagrades-escriptures-en-la-biblia-cristiana-8482975501\/","title":{"rendered":"POBLE JUEU I LES SEVES SAGRADES ESCRIPTURES EN LA B\u00cdBLIA CRISTIANA"},"content":{"rendered":"<p>Amb \u00abLa interpretaci\u00f3 de la B\u00edblia en l&#8217;Esgl\u00e9sia\u00bb (1993), la Pontif\u00edcia Comissi\u00f3 B\u00edblica va ajudar a entendre de quina manera la Paraula de D\u00e9u es pot servir de la paraula humana per donar a la hist\u00f2ria en progr\u00e9s un sentit que mira m\u00e9s enll\u00e0 del moment present. <br \/>Ara, amb aquest nou document, la mateixa Comissi\u00f3 examina les grans l\u00ednies de pensament de tots dos Testaments en les seves m\u00fatues relacions i pot dir, resumint, que l&#8217;hermen\u00e8utica cristiana de l&#8217;Antic Testament, que sens dubte divergeix profundament de la del judaisme, \u00abcorrespon tanmateix a una potencialitat de sentit efectivament present en els textos\u00bb (64). <br \/>Aquest \u00e9s un resultat que sembla molt significatiu per al progr\u00e9s del di\u00e0leg, per\u00f2 tamb\u00e9 sobretot per a la fonamentaci\u00f3 de la fe cristiana.<\/p>\n","protected":false},"excerpt":{"rendered":"<p>PONTIFICIA COMISSIO BIBLI<\/p>\n","protected":false},"featured_media":26412,"template":"","meta":{"_acf_changed":false,"rs_blank_template":"","rs_page_bg_color":"","slide_template_v7":"","inline_featured_image":false,"_monsterinsights_skip_tracking":false,"_monsterinsights_sitenote_active":false,"_monsterinsights_sitenote_note":"","_monsterinsights_sitenote_category":0},"product_brand":[],"product_cat":[1254,1017,1245,1008,1009,1246],"product_tag":[],"class_list":{"0":"post-26411","1":"product","2":"type-product","3":"status-publish","4":"has-post-thumbnail","6":"product_cat-eclesiologia-teologia-espiritualidad","7":"product_cat-eclesiologia-teologia","8":"product_cat-estudios-sagrada-escritura","9":"product_cat-estudis-sagrada-escriptura","10":"product_cat-fonamental","11":"product_cat-fundamental","13":"first","14":"instock","15":"taxable","16":"shipping-taxable","17":"purchasable","18":"product-type-simple"},"acf":{"autor":"PONTIFICIA COMISSIO BIBLI","codart":"848297550","libros-coleccion":"PAR\u00c0BOLA","ediciones":"1","encuadernacion":"R\u00fastica","fecha_de_publicacion":"01\/03\/2002","novedad":"0","paginas":"168","subtitulo":"","orden":"999","portada":"0","idioma":"cat","autores-libros":[{"ID":20150,"post_author":"3","post_date":"2022-10-19 01:30:49","post_date_gmt":"2022-10-18 23:30:49","post_content":"","post_title":"PONTIF\u00cdCIA COMISSI\u00d3 B\u00cdBLICA","post_excerpt":"","post_status":"publish","comment_status":"closed","ping_status":"closed","post_password":"","post_name":"pontificia-comissio-biblica","to_ping":"","pinged":"","post_modified":"2022-10-19 01:30:49","post_modified_gmt":"2022-10-18 23:30:49","post_content_filtered":"","post_parent":0,"guid":"http:\/\/dev.editorialclaret.cat\/autor\/pontificia-comissio-biblica\/","menu_order":0,"post_type":"autor","post_mime_type":"","comment_count":"0","filter":"raw"}]},"yoast_head":"<!-- This site is optimized with the Yoast SEO plugin v27.3 - https:\/\/yoast.com\/product\/yoast-seo-wordpress\/ -->\n<title>Editorial Claret<\/title>\n<meta name=\"robots\" content=\"noindex, follow, max-snippet:-1, max-image-preview:large, max-video-preview:-1\" \/>\n<meta property=\"og:locale\" content=\"es_ES\" \/>\n<meta property=\"og:type\" content=\"article\" \/>\n<meta property=\"og:title\" content=\"POBLE JUEU I LES SEVES SAGRADES ESCRIPTURES EN LA B\u00cdBLIA CRISTIANA - Editorial Claret\" \/>\n<meta property=\"og:description\" content=\"PONTIFICIA COMISSIO BIBLI\" \/>\n<meta property=\"og:url\" content=\"https:\/\/www.editorialclaret.cat\/producte\/poble-jueu-i-les-seves-sagrades-escriptures-en-la-biblia-cristiana-8482975501\/\" \/>\n<meta property=\"og:site_name\" content=\"Editorial Claret\" \/>\n<meta property=\"article:modified_time\" content=\"2024-05-22T09:31:34+00:00\" \/>\n<meta property=\"og:image\" content=\"https:\/\/www.editorialclaret.cat\/wp-content\/uploads\/.\/9788482975504.jpg\" \/>\n\t<meta property=\"og:image:width\" content=\"221\" \/>\n\t<meta property=\"og:image:height\" content=\"345\" \/>\n\t<meta property=\"og:image:type\" content=\"image\/jpeg\" \/>\n<meta name=\"twitter:card\" content=\"summary_large_image\" \/>\n<meta name=\"twitter:label1\" content=\"Tiempo de lectura\" \/>\n\t<meta name=\"twitter:data1\" content=\"1 minuto\" \/>\n<script type=\"application\/ld+json\" class=\"yoast-schema-graph\">{\"@context\":\"https:\\\/\\\/schema.org\",\"@graph\":[{\"@type\":\"WebPage\",\"@id\":\"https:\\\/\\\/www.editorialclaret.cat\\\/producte\\\/poble-jueu-i-les-seves-sagrades-escriptures-en-la-biblia-cristiana-8482975501\\\/\",\"url\":\"https:\\\/\\\/www.editorialclaret.cat\\\/producte\\\/poble-jueu-i-les-seves-sagrades-escriptures-en-la-biblia-cristiana-8482975501\\\/\",\"name\":\"POBLE JUEU I LES SEVES SAGRADES ESCRIPTURES EN LA B\u00cdBLIA CRISTIANA - Editorial Claret\",\"isPartOf\":{\"@id\":\"https:\\\/\\\/www.editorialclaret.cat\\\/#website\"},\"primaryImageOfPage\":{\"@id\":\"https:\\\/\\\/www.editorialclaret.cat\\\/producte\\\/poble-jueu-i-les-seves-sagrades-escriptures-en-la-biblia-cristiana-8482975501\\\/#primaryimage\"},\"image\":{\"@id\":\"https:\\\/\\\/www.editorialclaret.cat\\\/producte\\\/poble-jueu-i-les-seves-sagrades-escriptures-en-la-biblia-cristiana-8482975501\\\/#primaryimage\"},\"thumbnailUrl\":\"https:\\\/\\\/www.editorialclaret.cat\\\/wp-content\\\/uploads\\\/.\\\/9788482975504.jpg\",\"datePublished\":\"2022-10-19T01:53:05+00:00\",\"dateModified\":\"2024-05-22T09:31:34+00:00\",\"breadcrumb\":{\"@id\":\"https:\\\/\\\/www.editorialclaret.cat\\\/producte\\\/poble-jueu-i-les-seves-sagrades-escriptures-en-la-biblia-cristiana-8482975501\\\/#breadcrumb\"},\"inLanguage\":\"es\",\"potentialAction\":[{\"@type\":\"ReadAction\",\"target\":[\"https:\\\/\\\/www.editorialclaret.cat\\\/producte\\\/poble-jueu-i-les-seves-sagrades-escriptures-en-la-biblia-cristiana-8482975501\\\/\"]}]},{\"@type\":\"ImageObject\",\"inLanguage\":\"es\",\"@id\":\"https:\\\/\\\/www.editorialclaret.cat\\\/producte\\\/poble-jueu-i-les-seves-sagrades-escriptures-en-la-biblia-cristiana-8482975501\\\/#primaryimage\",\"url\":\"https:\\\/\\\/www.editorialclaret.cat\\\/wp-content\\\/uploads\\\/.\\\/9788482975504.jpg\",\"contentUrl\":\"https:\\\/\\\/www.editorialclaret.cat\\\/wp-content\\\/uploads\\\/.\\\/9788482975504.jpg\",\"width\":221,\"height\":345,\"caption\":\"9788482975504.jpg\"},{\"@type\":\"BreadcrumbList\",\"@id\":\"https:\\\/\\\/www.editorialclaret.cat\\\/producte\\\/poble-jueu-i-les-seves-sagrades-escriptures-en-la-biblia-cristiana-8482975501\\\/#breadcrumb\",\"itemListElement\":[{\"@type\":\"ListItem\",\"position\":1,\"name\":\"Portada\",\"item\":\"https:\\\/\\\/www.editorialclaret.cat\\\/es\\\/\"},{\"@type\":\"ListItem\",\"position\":2,\"name\":\"Botiga\",\"item\":\"https:\\\/\\\/www.editorialclaret.cat\\\/?page_id=16\"},{\"@type\":\"ListItem\",\"position\":3,\"name\":\"POBLE JUEU I LES SEVES SAGRADES ESCRIPTURES EN LA B\u00cdBLIA CRISTIANA\"}]},{\"@type\":\"WebSite\",\"@id\":\"https:\\\/\\\/www.editorialclaret.cat\\\/#website\",\"url\":\"https:\\\/\\\/www.editorialclaret.cat\\\/\",\"name\":\"Editorial Claret\",\"description\":\"\",\"publisher\":{\"@id\":\"https:\\\/\\\/www.editorialclaret.cat\\\/#organization\"},\"potentialAction\":[{\"@type\":\"SearchAction\",\"target\":{\"@type\":\"EntryPoint\",\"urlTemplate\":\"https:\\\/\\\/www.editorialclaret.cat\\\/?s={search_term_string}\"},\"query-input\":{\"@type\":\"PropertyValueSpecification\",\"valueRequired\":true,\"valueName\":\"search_term_string\"}}],\"inLanguage\":\"es\"},{\"@type\":\"Organization\",\"@id\":\"https:\\\/\\\/www.editorialclaret.cat\\\/#organization\",\"name\":\"Editorial Claret\",\"url\":\"https:\\\/\\\/www.editorialclaret.cat\\\/\",\"logo\":{\"@type\":\"ImageObject\",\"inLanguage\":\"es\",\"@id\":\"https:\\\/\\\/www.editorialclaret.cat\\\/#\\\/schema\\\/logo\\\/image\\\/\",\"url\":\"https:\\\/\\\/www.editorialclaret.cat\\\/wp-content\\\/uploads\\\/.\\\/logo-claret.png\",\"contentUrl\":\"https:\\\/\\\/www.editorialclaret.cat\\\/wp-content\\\/uploads\\\/.\\\/logo-claret.png\",\"width\":194,\"height\":79,\"caption\":\"Editorial Claret\"},\"image\":{\"@id\":\"https:\\\/\\\/www.editorialclaret.cat\\\/#\\\/schema\\\/logo\\\/image\\\/\"}}]}<\/script>\n<!-- \/ Yoast SEO plugin. -->","yoast_head_json":{"title":"Editorial Claret","robots":{"index":"noindex","follow":"follow","max-snippet":"max-snippet:-1","max-image-preview":"max-image-preview:large","max-video-preview":"max-video-preview:-1"},"og_locale":"es_ES","og_type":"article","og_title":"POBLE JUEU I LES SEVES SAGRADES ESCRIPTURES EN LA B\u00cdBLIA CRISTIANA - Editorial Claret","og_description":"PONTIFICIA COMISSIO BIBLI","og_url":"https:\/\/www.editorialclaret.cat\/producte\/poble-jueu-i-les-seves-sagrades-escriptures-en-la-biblia-cristiana-8482975501\/","og_site_name":"Editorial Claret","article_modified_time":"2024-05-22T09:31:34+00:00","og_image":[{"width":221,"height":345,"url":"https:\/\/www.editorialclaret.cat\/wp-content\/uploads\/.\/9788482975504.jpg","type":"image\/jpeg"}],"twitter_card":"summary_large_image","twitter_misc":{"Tiempo de lectura":"1 minuto"},"schema":{"@context":"https:\/\/schema.org","@graph":[{"@type":"WebPage","@id":"https:\/\/www.editorialclaret.cat\/producte\/poble-jueu-i-les-seves-sagrades-escriptures-en-la-biblia-cristiana-8482975501\/","url":"https:\/\/www.editorialclaret.cat\/producte\/poble-jueu-i-les-seves-sagrades-escriptures-en-la-biblia-cristiana-8482975501\/","name":"POBLE JUEU I LES SEVES SAGRADES ESCRIPTURES EN LA B\u00cdBLIA CRISTIANA - Editorial Claret","isPartOf":{"@id":"https:\/\/www.editorialclaret.cat\/#website"},"primaryImageOfPage":{"@id":"https:\/\/www.editorialclaret.cat\/producte\/poble-jueu-i-les-seves-sagrades-escriptures-en-la-biblia-cristiana-8482975501\/#primaryimage"},"image":{"@id":"https:\/\/www.editorialclaret.cat\/producte\/poble-jueu-i-les-seves-sagrades-escriptures-en-la-biblia-cristiana-8482975501\/#primaryimage"},"thumbnailUrl":"https:\/\/www.editorialclaret.cat\/wp-content\/uploads\/.\/9788482975504.jpg","datePublished":"2022-10-19T01:53:05+00:00","dateModified":"2024-05-22T09:31:34+00:00","breadcrumb":{"@id":"https:\/\/www.editorialclaret.cat\/producte\/poble-jueu-i-les-seves-sagrades-escriptures-en-la-biblia-cristiana-8482975501\/#breadcrumb"},"inLanguage":"es","potentialAction":[{"@type":"ReadAction","target":["https:\/\/www.editorialclaret.cat\/producte\/poble-jueu-i-les-seves-sagrades-escriptures-en-la-biblia-cristiana-8482975501\/"]}]},{"@type":"ImageObject","inLanguage":"es","@id":"https:\/\/www.editorialclaret.cat\/producte\/poble-jueu-i-les-seves-sagrades-escriptures-en-la-biblia-cristiana-8482975501\/#primaryimage","url":"https:\/\/www.editorialclaret.cat\/wp-content\/uploads\/.\/9788482975504.jpg","contentUrl":"https:\/\/www.editorialclaret.cat\/wp-content\/uploads\/.\/9788482975504.jpg","width":221,"height":345,"caption":"9788482975504.jpg"},{"@type":"BreadcrumbList","@id":"https:\/\/www.editorialclaret.cat\/producte\/poble-jueu-i-les-seves-sagrades-escriptures-en-la-biblia-cristiana-8482975501\/#breadcrumb","itemListElement":[{"@type":"ListItem","position":1,"name":"Portada","item":"https:\/\/www.editorialclaret.cat\/es\/"},{"@type":"ListItem","position":2,"name":"Botiga","item":"https:\/\/www.editorialclaret.cat\/?page_id=16"},{"@type":"ListItem","position":3,"name":"POBLE JUEU I LES SEVES SAGRADES ESCRIPTURES EN LA B\u00cdBLIA CRISTIANA"}]},{"@type":"WebSite","@id":"https:\/\/www.editorialclaret.cat\/#website","url":"https:\/\/www.editorialclaret.cat\/","name":"Editorial Claret","description":"","publisher":{"@id":"https:\/\/www.editorialclaret.cat\/#organization"},"potentialAction":[{"@type":"SearchAction","target":{"@type":"EntryPoint","urlTemplate":"https:\/\/www.editorialclaret.cat\/?s={search_term_string}"},"query-input":{"@type":"PropertyValueSpecification","valueRequired":true,"valueName":"search_term_string"}}],"inLanguage":"es"},{"@type":"Organization","@id":"https:\/\/www.editorialclaret.cat\/#organization","name":"Editorial Claret","url":"https:\/\/www.editorialclaret.cat\/","logo":{"@type":"ImageObject","inLanguage":"es","@id":"https:\/\/www.editorialclaret.cat\/#\/schema\/logo\/image\/","url":"https:\/\/www.editorialclaret.cat\/wp-content\/uploads\/.\/logo-claret.png","contentUrl":"https:\/\/www.editorialclaret.cat\/wp-content\/uploads\/.\/logo-claret.png","width":194,"height":79,"caption":"Editorial Claret"},"image":{"@id":"https:\/\/www.editorialclaret.cat\/#\/schema\/logo\/image\/"}}]}},"_links":{"self":[{"href":"https:\/\/www.editorialclaret.cat\/es\/wp-json\/wp\/v2\/product\/26411","targetHints":{"allow":["GET"]}}],"collection":[{"href":"https:\/\/www.editorialclaret.cat\/es\/wp-json\/wp\/v2\/product"}],"about":[{"href":"https:\/\/www.editorialclaret.cat\/es\/wp-json\/wp\/v2\/types\/product"}],"wp:featuredmedia":[{"embeddable":true,"href":"https:\/\/www.editorialclaret.cat\/es\/wp-json\/wp\/v2\/media\/26412"}],"wp:attachment":[{"href":"https:\/\/www.editorialclaret.cat\/es\/wp-json\/wp\/v2\/media?parent=26411"}],"wp:term":[{"taxonomy":"product_brand","embeddable":true,"href":"https:\/\/www.editorialclaret.cat\/es\/wp-json\/wp\/v2\/product_brand?post=26411"},{"taxonomy":"product_cat","embeddable":true,"href":"https:\/\/www.editorialclaret.cat\/es\/wp-json\/wp\/v2\/product_cat?post=26411"},{"taxonomy":"product_tag","embeddable":true,"href":"https:\/\/www.editorialclaret.cat\/es\/wp-json\/wp\/v2\/product_tag?post=26411"}],"curies":[{"name":"wp","href":"https:\/\/api.w.org\/{rel}","templated":true}]}}

POBLE JUEU I LES SEVES SAGRADES ESCRIPTURES EN LA BÍBLIA CRISTIANA

<p>Amb «La interpretació de la Bíblia en l&#8217;Església» (1993), la Pontifícia Comissió Bíblica va ajudar a entendre de quina manera la Paraula de Déu es pot servir de la paraula humana per donar a la història en progrés un sentit que mira més enllà del moment present. <br />Ara, amb aquest nou document, la mateixa Comissió examina les grans línies de pensament de tots dos Testaments en les seves mútues relacions i pot dir, resumint, que l&#8217;hermenèutica cristiana de l&#8217;Antic Testament, que sens dubte divergeix profundament de la del judaisme, «correspon tanmateix a una potencialitat de sentit efectivament present en els textos» (64). <br />Aquest és un resultat que sembla molt significatiu per al progrés del diàleg, però també sobretot per a la fonamentació de la fe cristiana.</p>

PARÀBOLA

Rústica

PONTIFÍCIA COMISSIÓ BÍBLICA

<!-- This site is optimized with the Yoast SEO plugin v27.3 - https://yoast.com/product/yoast-seo-wordpress/ -->
<title>Editorial Claret</title>
<meta name="robots" content="noindex, follow, max-snippet:-1, max-image-preview:large, max-video-preview:-1" />
<meta property="og:locale" content="es_ES" />
<meta property="og:type" content="article" />
<meta property="og:title" content="POBLE JUEU I LES SEVES SAGRADES ESCRIPTURES EN LA BÍBLIA CRISTIANA - Editorial Claret" />
<meta property="og:description" content="PONTIFICIA COMISSIO BIBLI" />
<meta property="og:url" content="https://www.editorialclaret.cat/producte/poble-jueu-i-les-seves-sagrades-escriptures-en-la-biblia-cristiana-8482975501/" />
<meta property="og:site_name" content="Editorial Claret" />
<meta property="article:modified_time" content="2024-05-22T09:31:34+00:00" />
<meta property="og:image" content="https://www.editorialclaret.cat/wp-content/uploads/./9788482975504.jpg" />
	<meta property="og:image:width" content="221" />
	<meta property="og:image:height" content="345" />
	<meta property="og:image:type" content="image/jpeg" />
<meta name="twitter:card" content="summary_large_image" />
<meta name="twitter:label1" content="Tiempo de lectura" />
	<meta name="twitter:data1" content="1 minuto" />
<script type="application/ld+json" class="yoast-schema-graph">{"@context":"https:\/\/schema.org","@graph":[{"@type":"WebPage","@id":"https:\/\/www.editorialclaret.cat\/producte\/poble-jueu-i-les-seves-sagrades-escriptures-en-la-biblia-cristiana-8482975501\/","url":"https:\/\/www.editorialclaret.cat\/producte\/poble-jueu-i-les-seves-sagrades-escriptures-en-la-biblia-cristiana-8482975501\/","name":"POBLE JUEU I LES SEVES SAGRADES ESCRIPTURES EN LA BÍBLIA CRISTIANA - Editorial Claret","isPartOf":{"@id":"https:\/\/www.editorialclaret.cat\/#website"},"primaryImageOfPage":{"@id":"https:\/\/www.editorialclaret.cat\/producte\/poble-jueu-i-les-seves-sagrades-escriptures-en-la-biblia-cristiana-8482975501\/#primaryimage"},"image":{"@id":"https:\/\/www.editorialclaret.cat\/producte\/poble-jueu-i-les-seves-sagrades-escriptures-en-la-biblia-cristiana-8482975501\/#primaryimage"},"thumbnailUrl":"https:\/\/www.editorialclaret.cat\/wp-content\/uploads\/.\/9788482975504.jpg","datePublished":"2022-10-19T01:53:05+00:00","dateModified":"2024-05-22T09:31:34+00:00","breadcrumb":{"@id":"https:\/\/www.editorialclaret.cat\/producte\/poble-jueu-i-les-seves-sagrades-escriptures-en-la-biblia-cristiana-8482975501\/#breadcrumb"},"inLanguage":"es","potentialAction":[{"@type":"ReadAction","target":["https:\/\/www.editorialclaret.cat\/producte\/poble-jueu-i-les-seves-sagrades-escriptures-en-la-biblia-cristiana-8482975501\/"]}]},{"@type":"ImageObject","inLanguage":"es","@id":"https:\/\/www.editorialclaret.cat\/producte\/poble-jueu-i-les-seves-sagrades-escriptures-en-la-biblia-cristiana-8482975501\/#primaryimage","url":"https:\/\/www.editorialclaret.cat\/wp-content\/uploads\/.\/9788482975504.jpg","contentUrl":"https:\/\/www.editorialclaret.cat\/wp-content\/uploads\/.\/9788482975504.jpg","width":221,"height":345,"caption":"9788482975504.jpg"},{"@type":"BreadcrumbList","@id":"https:\/\/www.editorialclaret.cat\/producte\/poble-jueu-i-les-seves-sagrades-escriptures-en-la-biblia-cristiana-8482975501\/#breadcrumb","itemListElement":[{"@type":"ListItem","position":1,"name":"Portada","item":"https:\/\/www.editorialclaret.cat\/es\/"},{"@type":"ListItem","position":2,"name":"Botiga","item":"https:\/\/www.editorialclaret.cat\/?page_id=16"},{"@type":"ListItem","position":3,"name":"POBLE JUEU I LES SEVES SAGRADES ESCRIPTURES EN LA BÍBLIA CRISTIANA"}]},{"@type":"WebSite","@id":"https:\/\/www.editorialclaret.cat\/#website","url":"https:\/\/www.editorialclaret.cat\/","name":"Editorial Claret","description":"","publisher":{"@id":"https:\/\/www.editorialclaret.cat\/#organization"},"potentialAction":[{"@type":"SearchAction","target":{"@type":"EntryPoint","urlTemplate":"https:\/\/www.editorialclaret.cat\/?s={search_term_string}"},"query-input":{"@type":"PropertyValueSpecification","valueRequired":true,"valueName":"search_term_string"}}],"inLanguage":"es"},{"@type":"Organization","@id":"https:\/\/www.editorialclaret.cat\/#organization","name":"Editorial Claret","url":"https:\/\/www.editorialclaret.cat\/","logo":{"@type":"ImageObject","inLanguage":"es","@id":"https:\/\/www.editorialclaret.cat\/#\/schema\/logo\/image\/","url":"https:\/\/www.editorialclaret.cat\/wp-content\/uploads\/.\/logo-claret.png","contentUrl":"https:\/\/www.editorialclaret.cat\/wp-content\/uploads\/.\/logo-claret.png","width":194,"height":79,"caption":"Editorial Claret"},"image":{"@id":"https:\/\/www.editorialclaret.cat\/#\/schema\/logo\/image\/"}}]}</script>
<!-- / Yoast SEO plugin. -->

POBLE JUEU I LES SEVES SAGRADES ESCRIPTURES EN LA BÍBLIA CRISTIANA - Editorial Claret
