{"id":26376,"date":"2022-10-19T03:52:26","date_gmt":"2022-10-19T01:52:26","guid":{"rendered":"http:\/\/dev.editorialclaret.cat\/producte\/pasion-del-mundo-pasion-de-cristo-viacrucis\/"},"modified":"2024-05-22T11:09:57","modified_gmt":"2024-05-22T09:09:57","slug":"pasion-del-mundo-pasion-de-cristo-8482972049","status":"publish","type":"product","link":"https:\/\/www.editorialclaret.cat\/es\/producto\/pasion-del-mundo-pasion-de-cristo-8482972049\/","title":{"rendered":"PASI\u00d3N DEL MUNDO, PASI\u00d3N DE CRISTO"},"content":{"rendered":"<p>En \u00abPasi\u00f3n del mundo, pasi\u00f3n de Cristo\u00bb se dan la mano dos artistas claretianos: el artista pintor, Maximino Cerezo Barredo, y el poeta Pedro Casald\u00e1liga.<br \/>M. Cerezo Barredo, pintor de la liberaci\u00f3n, lleva cerca de treinta a\u00f1os prodigando su arte por todos los rincones de Am\u00e9rica Latina. Sus pinturas recubren tanto espaciosos muros de modernas catedrales como ajustadas paredes de capillas de barrio.<br \/>Estas p\u00e1ginas reproducen las pinturas con que Cerezo Barredo represent\u00f3 el viacrucis en la iglesia parroquial de Santa Rita, en Batatais.<br \/>Para cada una de las pinturas de las catorce \u00abestaciones\u00bb Pedro Casald\u00e1liga, obispo y poeta, ha puesto el contrapunto de un pensamiento breve e incisivo. Pocas palabras bastan cuando llegan cargadas de sentido&#8230; y de vida.<\/p>\n","protected":false},"excerpt":{"rendered":"<p>CASALD\u00c0LIGA, PERE; CEREZO BARREDO, MAXIMINO<\/p>\n","protected":false},"featured_media":26377,"template":"","meta":{"_acf_changed":false,"rs_blank_template":"","rs_page_bg_color":"","slide_template_v7":"","inline_featured_image":false,"_monsterinsights_skip_tracking":false,"_monsterinsights_sitenote_active":false,"_monsterinsights_sitenote_note":"","_monsterinsights_sitenote_category":0},"product_brand":[],"product_cat":[818,1056],"product_tag":[],"class_list":{"0":"post-26376","1":"product","2":"type-product","3":"status-publish","4":"has-post-thumbnail","6":"product_cat-liturgia","7":"product_cat-liturgia-espiritualidad","9":"first","10":"instock","11":"taxable","12":"shipping-taxable","13":"purchasable","14":"product-type-simple"},"acf":{"autor":"CASALD\u00c0LIGA, PERE; CEREZO BARREDO, MAXIMINO","codart":"848297204","libros-coleccion":"","ediciones":"1","encuadernacion":"R\u00fastica","fecha_de_publicacion":"01\/03\/2001","novedad":"0","paginas":"24","subtitulo":"VIACRUCIS","orden":"999","portada":"0","idioma":"spa","autores-libros":[{"ID":46613,"post_author":"3","post_date":"2022-10-24 13:04:20","post_date_gmt":"2022-10-24 11:04:20","post_content":"","post_title":"PERE CASALD\u00c0LIGA","post_excerpt":"","post_status":"publish","comment_status":"closed","ping_status":"closed","post_password":"","post_name":"pere-casaldaliga","to_ping":"","pinged":"","post_modified":"2022-10-24 13:04:20","post_modified_gmt":"2022-10-24 11:04:20","post_content_filtered":"","post_parent":0,"guid":"http:\/\/dev.editorialclaret.cat\/autor\/pere-casaldaliga\/","menu_order":0,"post_type":"autor","post_mime_type":"","comment_count":"0","filter":"raw"},{"ID":18965,"post_author":"3","post_date":"2022-10-19 01:22:49","post_date_gmt":"2022-10-18 23:22:49","post_content":"","post_title":"MAXIMINO CEREZO BARREDO","post_excerpt":"","post_status":"publish","comment_status":"closed","ping_status":"closed","post_password":"","post_name":"maximino-cerezo-barredo","to_ping":"","pinged":"","post_modified":"2022-10-19 01:22:49","post_modified_gmt":"2022-10-18 23:22:49","post_content_filtered":"","post_parent":0,"guid":"http:\/\/dev.editorialclaret.cat\/autor\/maximino-cerezo-barredo\/","menu_order":0,"post_type":"autor","post_mime_type":"","comment_count":"0","filter":"raw"}]},"yoast_head":"<!-- This site is optimized with the Yoast SEO plugin v27.3 - https:\/\/yoast.com\/product\/yoast-seo-wordpress\/ -->\n<title>Editorial Claret<\/title>\n<meta name=\"robots\" content=\"noindex, follow, max-snippet:-1, max-image-preview:large, max-video-preview:-1\" \/>\n<meta property=\"og:locale\" content=\"es_ES\" \/>\n<meta property=\"og:type\" content=\"article\" \/>\n<meta property=\"og:title\" content=\"PASI\u00d3N DEL MUNDO, PASI\u00d3N DE CRISTO - Editorial Claret\" \/>\n<meta property=\"og:description\" content=\"CASALD\u00c0LIGA, PERE; CEREZO BARREDO, MAXIMINO\" \/>\n<meta property=\"og:url\" content=\"https:\/\/www.editorialclaret.cat\/producte\/pasion-del-mundo-pasion-de-cristo-8482972049\/\" \/>\n<meta property=\"og:site_name\" content=\"Editorial Claret\" \/>\n<meta property=\"article:modified_time\" content=\"2024-05-22T09:09:57+00:00\" \/>\n<meta property=\"og:image\" content=\"https:\/\/www.editorialclaret.cat\/wp-content\/uploads\/.\/9788482972046.jpg\" \/>\n\t<meta property=\"og:image:width\" content=\"225\" \/>\n\t<meta property=\"og:image:height\" content=\"337\" \/>\n\t<meta property=\"og:image:type\" content=\"image\/jpeg\" \/>\n<meta name=\"twitter:card\" content=\"summary_large_image\" \/>\n<meta name=\"twitter:label1\" content=\"Tiempo de lectura\" \/>\n\t<meta name=\"twitter:data1\" content=\"1 minuto\" \/>\n<script type=\"application\/ld+json\" class=\"yoast-schema-graph\">{\"@context\":\"https:\\\/\\\/schema.org\",\"@graph\":[{\"@type\":\"WebPage\",\"@id\":\"https:\\\/\\\/www.editorialclaret.cat\\\/producte\\\/pasion-del-mundo-pasion-de-cristo-8482972049\\\/\",\"url\":\"https:\\\/\\\/www.editorialclaret.cat\\\/producte\\\/pasion-del-mundo-pasion-de-cristo-8482972049\\\/\",\"name\":\"PASI\u00d3N DEL MUNDO, PASI\u00d3N DE CRISTO - Editorial Claret\",\"isPartOf\":{\"@id\":\"https:\\\/\\\/www.editorialclaret.cat\\\/#website\"},\"primaryImageOfPage\":{\"@id\":\"https:\\\/\\\/www.editorialclaret.cat\\\/producte\\\/pasion-del-mundo-pasion-de-cristo-8482972049\\\/#primaryimage\"},\"image\":{\"@id\":\"https:\\\/\\\/www.editorialclaret.cat\\\/producte\\\/pasion-del-mundo-pasion-de-cristo-8482972049\\\/#primaryimage\"},\"thumbnailUrl\":\"https:\\\/\\\/www.editorialclaret.cat\\\/wp-content\\\/uploads\\\/.\\\/9788482972046.jpg\",\"datePublished\":\"2022-10-19T01:52:26+00:00\",\"dateModified\":\"2024-05-22T09:09:57+00:00\",\"breadcrumb\":{\"@id\":\"https:\\\/\\\/www.editorialclaret.cat\\\/producte\\\/pasion-del-mundo-pasion-de-cristo-8482972049\\\/#breadcrumb\"},\"inLanguage\":\"es\",\"potentialAction\":[{\"@type\":\"ReadAction\",\"target\":[\"https:\\\/\\\/www.editorialclaret.cat\\\/producte\\\/pasion-del-mundo-pasion-de-cristo-8482972049\\\/\"]}]},{\"@type\":\"ImageObject\",\"inLanguage\":\"es\",\"@id\":\"https:\\\/\\\/www.editorialclaret.cat\\\/producte\\\/pasion-del-mundo-pasion-de-cristo-8482972049\\\/#primaryimage\",\"url\":\"https:\\\/\\\/www.editorialclaret.cat\\\/wp-content\\\/uploads\\\/.\\\/9788482972046.jpg\",\"contentUrl\":\"https:\\\/\\\/www.editorialclaret.cat\\\/wp-content\\\/uploads\\\/.\\\/9788482972046.jpg\",\"width\":225,\"height\":337,\"caption\":\"9788482972046.jpg\"},{\"@type\":\"BreadcrumbList\",\"@id\":\"https:\\\/\\\/www.editorialclaret.cat\\\/producte\\\/pasion-del-mundo-pasion-de-cristo-8482972049\\\/#breadcrumb\",\"itemListElement\":[{\"@type\":\"ListItem\",\"position\":1,\"name\":\"Portada\",\"item\":\"https:\\\/\\\/www.editorialclaret.cat\\\/es\\\/\"},{\"@type\":\"ListItem\",\"position\":2,\"name\":\"Botiga\",\"item\":\"https:\\\/\\\/www.editorialclaret.cat\\\/?page_id=16\"},{\"@type\":\"ListItem\",\"position\":3,\"name\":\"PASI\u00d3N DEL MUNDO, PASI\u00d3N DE CRISTO\"}]},{\"@type\":\"WebSite\",\"@id\":\"https:\\\/\\\/www.editorialclaret.cat\\\/#website\",\"url\":\"https:\\\/\\\/www.editorialclaret.cat\\\/\",\"name\":\"Editorial Claret\",\"description\":\"\",\"publisher\":{\"@id\":\"https:\\\/\\\/www.editorialclaret.cat\\\/#organization\"},\"potentialAction\":[{\"@type\":\"SearchAction\",\"target\":{\"@type\":\"EntryPoint\",\"urlTemplate\":\"https:\\\/\\\/www.editorialclaret.cat\\\/?s={search_term_string}\"},\"query-input\":{\"@type\":\"PropertyValueSpecification\",\"valueRequired\":true,\"valueName\":\"search_term_string\"}}],\"inLanguage\":\"es\"},{\"@type\":\"Organization\",\"@id\":\"https:\\\/\\\/www.editorialclaret.cat\\\/#organization\",\"name\":\"Editorial Claret\",\"url\":\"https:\\\/\\\/www.editorialclaret.cat\\\/\",\"logo\":{\"@type\":\"ImageObject\",\"inLanguage\":\"es\",\"@id\":\"https:\\\/\\\/www.editorialclaret.cat\\\/#\\\/schema\\\/logo\\\/image\\\/\",\"url\":\"https:\\\/\\\/www.editorialclaret.cat\\\/wp-content\\\/uploads\\\/.\\\/logo-claret.png\",\"contentUrl\":\"https:\\\/\\\/www.editorialclaret.cat\\\/wp-content\\\/uploads\\\/.\\\/logo-claret.png\",\"width\":194,\"height\":79,\"caption\":\"Editorial Claret\"},\"image\":{\"@id\":\"https:\\\/\\\/www.editorialclaret.cat\\\/#\\\/schema\\\/logo\\\/image\\\/\"}}]}<\/script>\n<!-- \/ Yoast SEO plugin. -->","yoast_head_json":{"title":"Editorial Claret","robots":{"index":"noindex","follow":"follow","max-snippet":"max-snippet:-1","max-image-preview":"max-image-preview:large","max-video-preview":"max-video-preview:-1"},"og_locale":"es_ES","og_type":"article","og_title":"PASI\u00d3N DEL MUNDO, PASI\u00d3N DE CRISTO - Editorial Claret","og_description":"CASALD\u00c0LIGA, PERE; CEREZO BARREDO, MAXIMINO","og_url":"https:\/\/www.editorialclaret.cat\/producte\/pasion-del-mundo-pasion-de-cristo-8482972049\/","og_site_name":"Editorial Claret","article_modified_time":"2024-05-22T09:09:57+00:00","og_image":[{"width":225,"height":337,"url":"https:\/\/www.editorialclaret.cat\/wp-content\/uploads\/.\/9788482972046.jpg","type":"image\/jpeg"}],"twitter_card":"summary_large_image","twitter_misc":{"Tiempo de lectura":"1 minuto"},"schema":{"@context":"https:\/\/schema.org","@graph":[{"@type":"WebPage","@id":"https:\/\/www.editorialclaret.cat\/producte\/pasion-del-mundo-pasion-de-cristo-8482972049\/","url":"https:\/\/www.editorialclaret.cat\/producte\/pasion-del-mundo-pasion-de-cristo-8482972049\/","name":"PASI\u00d3N DEL MUNDO, PASI\u00d3N DE CRISTO - Editorial Claret","isPartOf":{"@id":"https:\/\/www.editorialclaret.cat\/#website"},"primaryImageOfPage":{"@id":"https:\/\/www.editorialclaret.cat\/producte\/pasion-del-mundo-pasion-de-cristo-8482972049\/#primaryimage"},"image":{"@id":"https:\/\/www.editorialclaret.cat\/producte\/pasion-del-mundo-pasion-de-cristo-8482972049\/#primaryimage"},"thumbnailUrl":"https:\/\/www.editorialclaret.cat\/wp-content\/uploads\/.\/9788482972046.jpg","datePublished":"2022-10-19T01:52:26+00:00","dateModified":"2024-05-22T09:09:57+00:00","breadcrumb":{"@id":"https:\/\/www.editorialclaret.cat\/producte\/pasion-del-mundo-pasion-de-cristo-8482972049\/#breadcrumb"},"inLanguage":"es","potentialAction":[{"@type":"ReadAction","target":["https:\/\/www.editorialclaret.cat\/producte\/pasion-del-mundo-pasion-de-cristo-8482972049\/"]}]},{"@type":"ImageObject","inLanguage":"es","@id":"https:\/\/www.editorialclaret.cat\/producte\/pasion-del-mundo-pasion-de-cristo-8482972049\/#primaryimage","url":"https:\/\/www.editorialclaret.cat\/wp-content\/uploads\/.\/9788482972046.jpg","contentUrl":"https:\/\/www.editorialclaret.cat\/wp-content\/uploads\/.\/9788482972046.jpg","width":225,"height":337,"caption":"9788482972046.jpg"},{"@type":"BreadcrumbList","@id":"https:\/\/www.editorialclaret.cat\/producte\/pasion-del-mundo-pasion-de-cristo-8482972049\/#breadcrumb","itemListElement":[{"@type":"ListItem","position":1,"name":"Portada","item":"https:\/\/www.editorialclaret.cat\/es\/"},{"@type":"ListItem","position":2,"name":"Botiga","item":"https:\/\/www.editorialclaret.cat\/?page_id=16"},{"@type":"ListItem","position":3,"name":"PASI\u00d3N DEL MUNDO, PASI\u00d3N DE CRISTO"}]},{"@type":"WebSite","@id":"https:\/\/www.editorialclaret.cat\/#website","url":"https:\/\/www.editorialclaret.cat\/","name":"Editorial Claret","description":"","publisher":{"@id":"https:\/\/www.editorialclaret.cat\/#organization"},"potentialAction":[{"@type":"SearchAction","target":{"@type":"EntryPoint","urlTemplate":"https:\/\/www.editorialclaret.cat\/?s={search_term_string}"},"query-input":{"@type":"PropertyValueSpecification","valueRequired":true,"valueName":"search_term_string"}}],"inLanguage":"es"},{"@type":"Organization","@id":"https:\/\/www.editorialclaret.cat\/#organization","name":"Editorial Claret","url":"https:\/\/www.editorialclaret.cat\/","logo":{"@type":"ImageObject","inLanguage":"es","@id":"https:\/\/www.editorialclaret.cat\/#\/schema\/logo\/image\/","url":"https:\/\/www.editorialclaret.cat\/wp-content\/uploads\/.\/logo-claret.png","contentUrl":"https:\/\/www.editorialclaret.cat\/wp-content\/uploads\/.\/logo-claret.png","width":194,"height":79,"caption":"Editorial Claret"},"image":{"@id":"https:\/\/www.editorialclaret.cat\/#\/schema\/logo\/image\/"}}]}},"_links":{"self":[{"href":"https:\/\/www.editorialclaret.cat\/es\/wp-json\/wp\/v2\/product\/26376","targetHints":{"allow":["GET"]}}],"collection":[{"href":"https:\/\/www.editorialclaret.cat\/es\/wp-json\/wp\/v2\/product"}],"about":[{"href":"https:\/\/www.editorialclaret.cat\/es\/wp-json\/wp\/v2\/types\/product"}],"wp:featuredmedia":[{"embeddable":true,"href":"https:\/\/www.editorialclaret.cat\/es\/wp-json\/wp\/v2\/media\/26377"}],"wp:attachment":[{"href":"https:\/\/www.editorialclaret.cat\/es\/wp-json\/wp\/v2\/media?parent=26376"}],"wp:term":[{"taxonomy":"product_brand","embeddable":true,"href":"https:\/\/www.editorialclaret.cat\/es\/wp-json\/wp\/v2\/product_brand?post=26376"},{"taxonomy":"product_cat","embeddable":true,"href":"https:\/\/www.editorialclaret.cat\/es\/wp-json\/wp\/v2\/product_cat?post=26376"},{"taxonomy":"product_tag","embeddable":true,"href":"https:\/\/www.editorialclaret.cat\/es\/wp-json\/wp\/v2\/product_tag?post=26376"}],"curies":[{"name":"wp","href":"https:\/\/api.w.org\/{rel}","templated":true}]}}

PASIÓN DEL MUNDO, PASIÓN DE CRISTO

<p>En «Pasión del mundo, pasión de Cristo» se dan la mano dos artistas claretianos: el artista pintor, Maximino Cerezo Barredo, y el poeta Pedro Casaldáliga.<br />M. Cerezo Barredo, pintor de la liberación, lleva cerca de treinta años prodigando su arte por todos los rincones de América Latina. Sus pinturas recubren tanto espaciosos muros de modernas catedrales como ajustadas paredes de capillas de barrio.<br />Estas páginas reproducen las pinturas con que Cerezo Barredo representó el viacrucis en la iglesia parroquial de Santa Rita, en Batatais.<br />Para cada una de las pinturas de las catorce «estaciones» Pedro Casaldáliga, obispo y poeta, ha puesto el contrapunto de un pensamiento breve e incisivo. Pocas palabras bastan cuando llegan cargadas de sentido&#8230; y de vida.</p>

<p>CASALDÀLIGA, PERE; CEREZO BARREDO, MAXIMINO</p>

CASALDÀLIGA, PERE; CEREZO BARREDO, MAXIMINO

Rústica

PERE CASALDÀLIGA

<!-- This site is optimized with the Yoast SEO plugin v27.3 - https://yoast.com/product/yoast-seo-wordpress/ -->
<title>Editorial Claret</title>
<meta name="robots" content="noindex, follow, max-snippet:-1, max-image-preview:large, max-video-preview:-1" />
<meta property="og:locale" content="es_ES" />
<meta property="og:type" content="article" />
<meta property="og:title" content="PASIÓN DEL MUNDO, PASIÓN DE CRISTO - Editorial Claret" />
<meta property="og:description" content="CASALDÀLIGA, PERE; CEREZO BARREDO, MAXIMINO" />
<meta property="og:url" content="https://www.editorialclaret.cat/producte/pasion-del-mundo-pasion-de-cristo-8482972049/" />
<meta property="og:site_name" content="Editorial Claret" />
<meta property="article:modified_time" content="2024-05-22T09:09:57+00:00" />
<meta property="og:image" content="https://www.editorialclaret.cat/wp-content/uploads/./9788482972046.jpg" />
	<meta property="og:image:width" content="225" />
	<meta property="og:image:height" content="337" />
	<meta property="og:image:type" content="image/jpeg" />
<meta name="twitter:card" content="summary_large_image" />
<meta name="twitter:label1" content="Tiempo de lectura" />
	<meta name="twitter:data1" content="1 minuto" />
<script type="application/ld+json" class="yoast-schema-graph">{"@context":"https:\/\/schema.org","@graph":[{"@type":"WebPage","@id":"https:\/\/www.editorialclaret.cat\/producte\/pasion-del-mundo-pasion-de-cristo-8482972049\/","url":"https:\/\/www.editorialclaret.cat\/producte\/pasion-del-mundo-pasion-de-cristo-8482972049\/","name":"PASIÓN DEL MUNDO, PASIÓN DE CRISTO - Editorial Claret","isPartOf":{"@id":"https:\/\/www.editorialclaret.cat\/#website"},"primaryImageOfPage":{"@id":"https:\/\/www.editorialclaret.cat\/producte\/pasion-del-mundo-pasion-de-cristo-8482972049\/#primaryimage"},"image":{"@id":"https:\/\/www.editorialclaret.cat\/producte\/pasion-del-mundo-pasion-de-cristo-8482972049\/#primaryimage"},"thumbnailUrl":"https:\/\/www.editorialclaret.cat\/wp-content\/uploads\/.\/9788482972046.jpg","datePublished":"2022-10-19T01:52:26+00:00","dateModified":"2024-05-22T09:09:57+00:00","breadcrumb":{"@id":"https:\/\/www.editorialclaret.cat\/producte\/pasion-del-mundo-pasion-de-cristo-8482972049\/#breadcrumb"},"inLanguage":"es","potentialAction":[{"@type":"ReadAction","target":["https:\/\/www.editorialclaret.cat\/producte\/pasion-del-mundo-pasion-de-cristo-8482972049\/"]}]},{"@type":"ImageObject","inLanguage":"es","@id":"https:\/\/www.editorialclaret.cat\/producte\/pasion-del-mundo-pasion-de-cristo-8482972049\/#primaryimage","url":"https:\/\/www.editorialclaret.cat\/wp-content\/uploads\/.\/9788482972046.jpg","contentUrl":"https:\/\/www.editorialclaret.cat\/wp-content\/uploads\/.\/9788482972046.jpg","width":225,"height":337,"caption":"9788482972046.jpg"},{"@type":"BreadcrumbList","@id":"https:\/\/www.editorialclaret.cat\/producte\/pasion-del-mundo-pasion-de-cristo-8482972049\/#breadcrumb","itemListElement":[{"@type":"ListItem","position":1,"name":"Portada","item":"https:\/\/www.editorialclaret.cat\/es\/"},{"@type":"ListItem","position":2,"name":"Botiga","item":"https:\/\/www.editorialclaret.cat\/?page_id=16"},{"@type":"ListItem","position":3,"name":"PASIÓN DEL MUNDO, PASIÓN DE CRISTO"}]},{"@type":"WebSite","@id":"https:\/\/www.editorialclaret.cat\/#website","url":"https:\/\/www.editorialclaret.cat\/","name":"Editorial Claret","description":"","publisher":{"@id":"https:\/\/www.editorialclaret.cat\/#organization"},"potentialAction":[{"@type":"SearchAction","target":{"@type":"EntryPoint","urlTemplate":"https:\/\/www.editorialclaret.cat\/?s={search_term_string}"},"query-input":{"@type":"PropertyValueSpecification","valueRequired":true,"valueName":"search_term_string"}}],"inLanguage":"es"},{"@type":"Organization","@id":"https:\/\/www.editorialclaret.cat\/#organization","name":"Editorial Claret","url":"https:\/\/www.editorialclaret.cat\/","logo":{"@type":"ImageObject","inLanguage":"es","@id":"https:\/\/www.editorialclaret.cat\/#\/schema\/logo\/image\/","url":"https:\/\/www.editorialclaret.cat\/wp-content\/uploads\/.\/logo-claret.png","contentUrl":"https:\/\/www.editorialclaret.cat\/wp-content\/uploads\/.\/logo-claret.png","width":194,"height":79,"caption":"Editorial Claret"},"image":{"@id":"https:\/\/www.editorialclaret.cat\/#\/schema\/logo\/image\/"}}]}</script>
<!-- / Yoast SEO plugin. -->

PASIÓN DEL MUNDO, PASIÓN DE CRISTO - Editorial Claret
