{"id":70603,"date":"2026-03-17T11:12:14","date_gmt":"2026-03-17T10:12:14","guid":{"rendered":"https:\/\/www.editorialclaret.cat\/autor\/roser-bosch-mestres-34\/"},"modified":"2026-04-22T12:06:00","modified_gmt":"2026-04-22T10:06:00","slug":"roser-bosch-mestres-34","status":"publish","type":"autor","link":"https:\/\/www.editorialclaret.cat\/es\/autor\/roser-bosch-mestres-34\/","title":{"rendered":"ROSER  BOSCH MESTRES"},"content":{"rendered":"<p>Roser Bosch Mestres \u00e9s il\u00b7lustradora i professora, m\u00e0ster en did\u00e0ctica.<\/p>\n<p>Junts han explorat el m\u00f3n de l\u2019educaci\u00f3 emocional amb les ganes de traslladar-lo als m\u00e9s petits a trav\u00e9s de la il\u00b7lustraci\u00f3. Un di\u00e0leg entre mare i fill, des de generacions i visions complement\u00e0ries.<\/p>\n","protected":false},"featured_media":0,"template":"","meta":{"_acf_changed":false,"rs_blank_template":"","rs_page_bg_color":"","slide_template_v7":"","inline_featured_image":false,"_monsterinsights_skip_tracking":false,"_monsterinsights_sitenote_active":false,"_monsterinsights_sitenote_note":"","_monsterinsights_sitenote_category":0},"class_list":["post-70603","autor","type-autor","status-publish","hentry"],"acf":{"nombre":"ROSER","apellido":"BOSCH MESTRES","libros":"1","bio_esp":""},"yoast_head":"<!-- This site is optimized with the Yoast SEO plugin v27.3 - https:\/\/yoast.com\/product\/yoast-seo-wordpress\/ -->\n<title>Editorial Claret<\/title>\n<meta name=\"robots\" content=\"noindex, follow, max-snippet:-1, max-image-preview:large, max-video-preview:-1\" \/>\n<meta property=\"og:locale\" content=\"es_ES\" \/>\n<meta property=\"og:type\" content=\"article\" \/>\n<meta property=\"og:title\" content=\"ROSER BOSCH MESTRES - Editorial Claret\" \/>\n<meta property=\"og:description\" content=\"Roser Bosch Mestres \u00e9s il\u00b7lustradora i professora, m\u00e0ster en did\u00e0ctica. Junts han explorat el m\u00f3n de l\u2019educaci\u00f3 emocional amb les ganes de traslladar-lo als m\u00e9s petits a trav\u00e9s de la il\u00b7lustraci\u00f3. Un di\u00e0leg entre mare i fill, des de generacions i visions complement\u00e0ries.\" \/>\n<meta property=\"og:url\" content=\"https:\/\/www.editorialclaret.cat\/autor\/roser-bosch-mestres-34\/\" \/>\n<meta property=\"og:site_name\" content=\"Editorial Claret\" \/>\n<meta property=\"article:modified_time\" content=\"2026-04-22T10:06:00+00:00\" \/>\n<meta name=\"twitter:card\" content=\"summary_large_image\" \/>\n<meta name=\"twitter:label1\" content=\"Tiempo de lectura\" \/>\n\t<meta name=\"twitter:data1\" content=\"1 minuto\" \/>\n<script type=\"application\/ld+json\" class=\"yoast-schema-graph\">{\"@context\":\"https:\\\/\\\/schema.org\",\"@graph\":[{\"@type\":\"WebPage\",\"@id\":\"https:\\\/\\\/www.editorialclaret.cat\\\/autor\\\/roser-bosch-mestres-34\\\/\",\"url\":\"https:\\\/\\\/www.editorialclaret.cat\\\/autor\\\/roser-bosch-mestres-34\\\/\",\"name\":\"ROSER BOSCH MESTRES - Editorial Claret\",\"isPartOf\":{\"@id\":\"https:\\\/\\\/www.editorialclaret.cat\\\/#website\"},\"datePublished\":\"2026-03-17T10:12:14+00:00\",\"dateModified\":\"2026-04-22T10:06:00+00:00\",\"breadcrumb\":{\"@id\":\"https:\\\/\\\/www.editorialclaret.cat\\\/autor\\\/roser-bosch-mestres-34\\\/#breadcrumb\"},\"inLanguage\":\"es\",\"potentialAction\":[{\"@type\":\"ReadAction\",\"target\":[\"https:\\\/\\\/www.editorialclaret.cat\\\/autor\\\/roser-bosch-mestres-34\\\/\"]}]},{\"@type\":\"BreadcrumbList\",\"@id\":\"https:\\\/\\\/www.editorialclaret.cat\\\/autor\\\/roser-bosch-mestres-34\\\/#breadcrumb\",\"itemListElement\":[{\"@type\":\"ListItem\",\"position\":1,\"name\":\"Portada\",\"item\":\"https:\\\/\\\/www.editorialclaret.cat\\\/es\\\/\"},{\"@type\":\"ListItem\",\"position\":2,\"name\":\"Autores\",\"item\":\"https:\\\/\\\/www.editorialclaret.cat\\\/autor\\\/\"},{\"@type\":\"ListItem\",\"position\":3,\"name\":\"ROSER BOSCH MESTRES\"}]},{\"@type\":\"WebSite\",\"@id\":\"https:\\\/\\\/www.editorialclaret.cat\\\/#website\",\"url\":\"https:\\\/\\\/www.editorialclaret.cat\\\/\",\"name\":\"Editorial Claret\",\"description\":\"\",\"publisher\":{\"@id\":\"https:\\\/\\\/www.editorialclaret.cat\\\/#organization\"},\"potentialAction\":[{\"@type\":\"SearchAction\",\"target\":{\"@type\":\"EntryPoint\",\"urlTemplate\":\"https:\\\/\\\/www.editorialclaret.cat\\\/?s={search_term_string}\"},\"query-input\":{\"@type\":\"PropertyValueSpecification\",\"valueRequired\":true,\"valueName\":\"search_term_string\"}}],\"inLanguage\":\"es\"},{\"@type\":\"Organization\",\"@id\":\"https:\\\/\\\/www.editorialclaret.cat\\\/#organization\",\"name\":\"Editorial Claret\",\"url\":\"https:\\\/\\\/www.editorialclaret.cat\\\/\",\"logo\":{\"@type\":\"ImageObject\",\"inLanguage\":\"es\",\"@id\":\"https:\\\/\\\/www.editorialclaret.cat\\\/#\\\/schema\\\/logo\\\/image\\\/\",\"url\":\"https:\\\/\\\/www.editorialclaret.cat\\\/wp-content\\\/uploads\\\/.\\\/logo-claret.png\",\"contentUrl\":\"https:\\\/\\\/www.editorialclaret.cat\\\/wp-content\\\/uploads\\\/.\\\/logo-claret.png\",\"width\":194,\"height\":79,\"caption\":\"Editorial Claret\"},\"image\":{\"@id\":\"https:\\\/\\\/www.editorialclaret.cat\\\/#\\\/schema\\\/logo\\\/image\\\/\"}}]}<\/script>\n<!-- \/ Yoast SEO plugin. -->","yoast_head_json":{"title":"Editorial Claret","robots":{"index":"noindex","follow":"follow","max-snippet":"max-snippet:-1","max-image-preview":"max-image-preview:large","max-video-preview":"max-video-preview:-1"},"og_locale":"es_ES","og_type":"article","og_title":"ROSER BOSCH MESTRES - Editorial Claret","og_description":"Roser Bosch Mestres \u00e9s il\u00b7lustradora i professora, m\u00e0ster en did\u00e0ctica. Junts han explorat el m\u00f3n de l\u2019educaci\u00f3 emocional amb les ganes de traslladar-lo als m\u00e9s petits a trav\u00e9s de la il\u00b7lustraci\u00f3. Un di\u00e0leg entre mare i fill, des de generacions i visions complement\u00e0ries.","og_url":"https:\/\/www.editorialclaret.cat\/autor\/roser-bosch-mestres-34\/","og_site_name":"Editorial Claret","article_modified_time":"2026-04-22T10:06:00+00:00","twitter_card":"summary_large_image","twitter_misc":{"Tiempo de lectura":"1 minuto"},"schema":{"@context":"https:\/\/schema.org","@graph":[{"@type":"WebPage","@id":"https:\/\/www.editorialclaret.cat\/autor\/roser-bosch-mestres-34\/","url":"https:\/\/www.editorialclaret.cat\/autor\/roser-bosch-mestres-34\/","name":"ROSER BOSCH MESTRES - Editorial Claret","isPartOf":{"@id":"https:\/\/www.editorialclaret.cat\/#website"},"datePublished":"2026-03-17T10:12:14+00:00","dateModified":"2026-04-22T10:06:00+00:00","breadcrumb":{"@id":"https:\/\/www.editorialclaret.cat\/autor\/roser-bosch-mestres-34\/#breadcrumb"},"inLanguage":"es","potentialAction":[{"@type":"ReadAction","target":["https:\/\/www.editorialclaret.cat\/autor\/roser-bosch-mestres-34\/"]}]},{"@type":"BreadcrumbList","@id":"https:\/\/www.editorialclaret.cat\/autor\/roser-bosch-mestres-34\/#breadcrumb","itemListElement":[{"@type":"ListItem","position":1,"name":"Portada","item":"https:\/\/www.editorialclaret.cat\/es\/"},{"@type":"ListItem","position":2,"name":"Autores","item":"https:\/\/www.editorialclaret.cat\/autor\/"},{"@type":"ListItem","position":3,"name":"ROSER BOSCH MESTRES"}]},{"@type":"WebSite","@id":"https:\/\/www.editorialclaret.cat\/#website","url":"https:\/\/www.editorialclaret.cat\/","name":"Editorial Claret","description":"","publisher":{"@id":"https:\/\/www.editorialclaret.cat\/#organization"},"potentialAction":[{"@type":"SearchAction","target":{"@type":"EntryPoint","urlTemplate":"https:\/\/www.editorialclaret.cat\/?s={search_term_string}"},"query-input":{"@type":"PropertyValueSpecification","valueRequired":true,"valueName":"search_term_string"}}],"inLanguage":"es"},{"@type":"Organization","@id":"https:\/\/www.editorialclaret.cat\/#organization","name":"Editorial Claret","url":"https:\/\/www.editorialclaret.cat\/","logo":{"@type":"ImageObject","inLanguage":"es","@id":"https:\/\/www.editorialclaret.cat\/#\/schema\/logo\/image\/","url":"https:\/\/www.editorialclaret.cat\/wp-content\/uploads\/.\/logo-claret.png","contentUrl":"https:\/\/www.editorialclaret.cat\/wp-content\/uploads\/.\/logo-claret.png","width":194,"height":79,"caption":"Editorial Claret"},"image":{"@id":"https:\/\/www.editorialclaret.cat\/#\/schema\/logo\/image\/"}}]}},"_links":{"self":[{"href":"https:\/\/www.editorialclaret.cat\/es\/wp-json\/wp\/v2\/autor\/70603","targetHints":{"allow":["GET"]}}],"collection":[{"href":"https:\/\/www.editorialclaret.cat\/es\/wp-json\/wp\/v2\/autor"}],"about":[{"href":"https:\/\/www.editorialclaret.cat\/es\/wp-json\/wp\/v2\/types\/autor"}],"wp:attachment":[{"href":"https:\/\/www.editorialclaret.cat\/es\/wp-json\/wp\/v2\/media?parent=70603"}],"curies":[{"name":"wp","href":"https:\/\/api.w.org\/{rel}","templated":true}]}}

<p>Roser Bosch Mestres és il·lustradora i professora, màster en didàctica.</p>
<p>Junts han explorat el món de l’educació emocional amb les ganes de traslladar-lo als més petits a través de la il·lustració. Un diàleg entre mare i fill, des de generacions i visions complementàries.</p>

<!-- This site is optimized with the Yoast SEO plugin v27.3 - https://yoast.com/product/yoast-seo-wordpress/ -->
<title>Editorial Claret</title>
<meta name="robots" content="noindex, follow, max-snippet:-1, max-image-preview:large, max-video-preview:-1" />
<meta property="og:locale" content="es_ES" />
<meta property="og:type" content="article" />
<meta property="og:title" content="ROSER BOSCH MESTRES - Editorial Claret" />
<meta property="og:description" content="Roser Bosch Mestres és il·lustradora i professora, màster en didàctica. Junts han explorat el món de l’educació emocional amb les ganes de traslladar-lo als més petits a través de la il·lustració. Un diàleg entre mare i fill, des de generacions i visions complementàries." />
<meta property="og:url" content="https://www.editorialclaret.cat/autor/roser-bosch-mestres-34/" />
<meta property="og:site_name" content="Editorial Claret" />
<meta property="article:modified_time" content="2026-04-22T10:06:00+00:00" />
<meta name="twitter:card" content="summary_large_image" />
<meta name="twitter:label1" content="Tiempo de lectura" />
	<meta name="twitter:data1" content="1 minuto" />
<script type="application/ld+json" class="yoast-schema-graph">{"@context":"https:\/\/schema.org","@graph":[{"@type":"WebPage","@id":"https:\/\/www.editorialclaret.cat\/autor\/roser-bosch-mestres-34\/","url":"https:\/\/www.editorialclaret.cat\/autor\/roser-bosch-mestres-34\/","name":"ROSER BOSCH MESTRES - Editorial Claret","isPartOf":{"@id":"https:\/\/www.editorialclaret.cat\/#website"},"datePublished":"2026-03-17T10:12:14+00:00","dateModified":"2026-04-22T10:06:00+00:00","breadcrumb":{"@id":"https:\/\/www.editorialclaret.cat\/autor\/roser-bosch-mestres-34\/#breadcrumb"},"inLanguage":"es","potentialAction":[{"@type":"ReadAction","target":["https:\/\/www.editorialclaret.cat\/autor\/roser-bosch-mestres-34\/"]}]},{"@type":"BreadcrumbList","@id":"https:\/\/www.editorialclaret.cat\/autor\/roser-bosch-mestres-34\/#breadcrumb","itemListElement":[{"@type":"ListItem","position":1,"name":"Portada","item":"https:\/\/www.editorialclaret.cat\/es\/"},{"@type":"ListItem","position":2,"name":"Autores","item":"https:\/\/www.editorialclaret.cat\/autor\/"},{"@type":"ListItem","position":3,"name":"ROSER BOSCH MESTRES"}]},{"@type":"WebSite","@id":"https:\/\/www.editorialclaret.cat\/#website","url":"https:\/\/www.editorialclaret.cat\/","name":"Editorial Claret","description":"","publisher":{"@id":"https:\/\/www.editorialclaret.cat\/#organization"},"potentialAction":[{"@type":"SearchAction","target":{"@type":"EntryPoint","urlTemplate":"https:\/\/www.editorialclaret.cat\/?s={search_term_string}"},"query-input":{"@type":"PropertyValueSpecification","valueRequired":true,"valueName":"search_term_string"}}],"inLanguage":"es"},{"@type":"Organization","@id":"https:\/\/www.editorialclaret.cat\/#organization","name":"Editorial Claret","url":"https:\/\/www.editorialclaret.cat\/","logo":{"@type":"ImageObject","inLanguage":"es","@id":"https:\/\/www.editorialclaret.cat\/#\/schema\/logo\/image\/","url":"https:\/\/www.editorialclaret.cat\/wp-content\/uploads\/.\/logo-claret.png","contentUrl":"https:\/\/www.editorialclaret.cat\/wp-content\/uploads\/.\/logo-claret.png","width":194,"height":79,"caption":"Editorial Claret"},"image":{"@id":"https:\/\/www.editorialclaret.cat\/#\/schema\/logo\/image\/"}}]}</script>
<!-- / Yoast SEO plugin. -->

Roser Bosch Mestres és il·lustradora i professora, màster en didàctica. Junts han explorat el món de l’educació emocional amb les ganes de traslladar-lo als més petits a través de la il·lustració. Un diàleg entre mare i fill, des de generacions i visions complementàries.
