{"id":70222,"date":"2026-01-13T15:57:00","date_gmt":"2026-01-13T14:57:00","guid":{"rendered":"https:\/\/www.editorialclaret.cat\/autor\/francesc-m-rovira-toda-5\/"},"modified":"2026-01-14T12:14:05","modified_gmt":"2026-01-14T11:14:05","slug":"francesc-m-rovira-toda-5","status":"publish","type":"autor","link":"https:\/\/www.editorialclaret.cat\/es\/autor\/francesc-m-rovira-toda-5\/","title":{"rendered":"FRANCESC M.  ROVIRA TODA"},"content":{"rendered":"<p><strong>Francesc M. Rovira Toda<\/strong> \u00e9s llicenciat en Pedagogia i en Psicologia per la Universitat de Barcelona i doctor en Psicologia. Professor de Psicologia a la UB. Professor i director de l\u2019Escola de Mestres Blanquerna. Catedr\u00e0tic de Psicologia General a la Facultat de Psicologia, Ci\u00e8ncies de l\u2019Educaci\u00f3 i de l\u2019Esport Blanquerna \u2013 Universitat Ramon Llull (FPCEE-URL). Assessorament psicopedag\u00f2gic a centres educatius (Lyc\u00e9e Fran\u00e7ais de Barcelona i Z\u00fcrich Schule Barcelona \u2013 Escola Internacional).<\/p>\n","protected":false},"featured_media":0,"template":"","meta":{"_acf_changed":false,"rs_blank_template":"","rs_page_bg_color":"","slide_template_v7":"","inline_featured_image":false,"_monsterinsights_skip_tracking":false,"_monsterinsights_sitenote_active":false,"_monsterinsights_sitenote_note":"","_monsterinsights_sitenote_category":0},"class_list":["post-70222","autor","type-autor","status-publish","hentry"],"acf":{"nombre":"FRANCESC M.","apellido":"ROVIRA TODA","libros":"1","bio_esp":"<p><strong>Francesc M. Rovira Toda<\/strong> es licenciado en Pedagog\u00eda y en Psicolog\u00eda por la Universidad de Barcelona y Doctor en Psicolog\u00eda. Profesor de Psicolog\u00eda en la UB. Profesor y director de la Escuela de Maestros Blanquerna. Catedr\u00e1tico de Psicolog\u00eda General en la Facultat de Psicolog\u00eda, Ci\u00e8ncies de l\u2019Educaci\u00f3 i de l\u2019Esport Blanquerna\u2013 Universitat Ramon Llull (FPCEE-URL). Asesoramiento psicopedag\u00f3gico a centros educativos (Lyc\u00e9e Fran\u00e7ais de Barcelona y Z\u00fcrich Schule Barcelona \u2013Escuela Internacional).<\/p>\n"},"yoast_head":"<!-- This site is optimized with the Yoast SEO plugin v27.3 - https:\/\/yoast.com\/product\/yoast-seo-wordpress\/ -->\n<title>Editorial Claret<\/title>\n<meta name=\"robots\" content=\"noindex, follow, max-snippet:-1, max-image-preview:large, max-video-preview:-1\" \/>\n<meta property=\"og:locale\" content=\"es_ES\" \/>\n<meta property=\"og:type\" content=\"article\" \/>\n<meta property=\"og:title\" content=\"FRANCESC M. ROVIRA TODA - Editorial Claret\" \/>\n<meta property=\"og:description\" content=\"Francesc M. Rovira Toda \u00e9s llicenciat en Pedagogia i en Psicologia per la Universitat de Barcelona i doctor en Psicologia. Professor de Psicologia a la UB. Professor i director de l\u2019Escola de Mestres Blanquerna. Catedr\u00e0tic de Psicologia General a la Facultat de Psicologia, Ci\u00e8ncies de l\u2019Educaci\u00f3 i de l\u2019Esport Blanquerna \u2013 Universitat Ramon Llull (FPCEE-URL). [&hellip;]\" \/>\n<meta property=\"og:url\" content=\"https:\/\/www.editorialclaret.cat\/autor\/francesc-m-rovira-toda-5\/\" \/>\n<meta property=\"og:site_name\" content=\"Editorial Claret\" \/>\n<meta property=\"article:modified_time\" content=\"2026-01-14T11:14:05+00:00\" \/>\n<meta name=\"twitter:card\" content=\"summary_large_image\" \/>\n<meta name=\"twitter:label1\" content=\"Tiempo de lectura\" \/>\n\t<meta name=\"twitter:data1\" content=\"1 minuto\" \/>\n<script type=\"application\/ld+json\" class=\"yoast-schema-graph\">{\"@context\":\"https:\\\/\\\/schema.org\",\"@graph\":[{\"@type\":\"WebPage\",\"@id\":\"https:\\\/\\\/www.editorialclaret.cat\\\/autor\\\/francesc-m-rovira-toda-5\\\/\",\"url\":\"https:\\\/\\\/www.editorialclaret.cat\\\/autor\\\/francesc-m-rovira-toda-5\\\/\",\"name\":\"FRANCESC M. ROVIRA TODA - Editorial Claret\",\"isPartOf\":{\"@id\":\"https:\\\/\\\/www.editorialclaret.cat\\\/#website\"},\"datePublished\":\"2026-01-13T14:57:00+00:00\",\"dateModified\":\"2026-01-14T11:14:05+00:00\",\"breadcrumb\":{\"@id\":\"https:\\\/\\\/www.editorialclaret.cat\\\/autor\\\/francesc-m-rovira-toda-5\\\/#breadcrumb\"},\"inLanguage\":\"es\",\"potentialAction\":[{\"@type\":\"ReadAction\",\"target\":[\"https:\\\/\\\/www.editorialclaret.cat\\\/autor\\\/francesc-m-rovira-toda-5\\\/\"]}]},{\"@type\":\"BreadcrumbList\",\"@id\":\"https:\\\/\\\/www.editorialclaret.cat\\\/autor\\\/francesc-m-rovira-toda-5\\\/#breadcrumb\",\"itemListElement\":[{\"@type\":\"ListItem\",\"position\":1,\"name\":\"Portada\",\"item\":\"https:\\\/\\\/www.editorialclaret.cat\\\/es\\\/\"},{\"@type\":\"ListItem\",\"position\":2,\"name\":\"Autores\",\"item\":\"https:\\\/\\\/www.editorialclaret.cat\\\/autor\\\/\"},{\"@type\":\"ListItem\",\"position\":3,\"name\":\"FRANCESC M. ROVIRA TODA\"}]},{\"@type\":\"WebSite\",\"@id\":\"https:\\\/\\\/www.editorialclaret.cat\\\/#website\",\"url\":\"https:\\\/\\\/www.editorialclaret.cat\\\/\",\"name\":\"Editorial Claret\",\"description\":\"\",\"publisher\":{\"@id\":\"https:\\\/\\\/www.editorialclaret.cat\\\/#organization\"},\"potentialAction\":[{\"@type\":\"SearchAction\",\"target\":{\"@type\":\"EntryPoint\",\"urlTemplate\":\"https:\\\/\\\/www.editorialclaret.cat\\\/?s={search_term_string}\"},\"query-input\":{\"@type\":\"PropertyValueSpecification\",\"valueRequired\":true,\"valueName\":\"search_term_string\"}}],\"inLanguage\":\"es\"},{\"@type\":\"Organization\",\"@id\":\"https:\\\/\\\/www.editorialclaret.cat\\\/#organization\",\"name\":\"Editorial Claret\",\"url\":\"https:\\\/\\\/www.editorialclaret.cat\\\/\",\"logo\":{\"@type\":\"ImageObject\",\"inLanguage\":\"es\",\"@id\":\"https:\\\/\\\/www.editorialclaret.cat\\\/#\\\/schema\\\/logo\\\/image\\\/\",\"url\":\"https:\\\/\\\/www.editorialclaret.cat\\\/wp-content\\\/uploads\\\/.\\\/logo-claret.png\",\"contentUrl\":\"https:\\\/\\\/www.editorialclaret.cat\\\/wp-content\\\/uploads\\\/.\\\/logo-claret.png\",\"width\":194,\"height\":79,\"caption\":\"Editorial Claret\"},\"image\":{\"@id\":\"https:\\\/\\\/www.editorialclaret.cat\\\/#\\\/schema\\\/logo\\\/image\\\/\"}}]}<\/script>\n<!-- \/ Yoast SEO plugin. -->","yoast_head_json":{"title":"Editorial Claret","robots":{"index":"noindex","follow":"follow","max-snippet":"max-snippet:-1","max-image-preview":"max-image-preview:large","max-video-preview":"max-video-preview:-1"},"og_locale":"es_ES","og_type":"article","og_title":"FRANCESC M. ROVIRA TODA - Editorial Claret","og_description":"Francesc M. Rovira Toda \u00e9s llicenciat en Pedagogia i en Psicologia per la Universitat de Barcelona i doctor en Psicologia. Professor de Psicologia a la UB. Professor i director de l\u2019Escola de Mestres Blanquerna. Catedr\u00e0tic de Psicologia General a la Facultat de Psicologia, Ci\u00e8ncies de l\u2019Educaci\u00f3 i de l\u2019Esport Blanquerna \u2013 Universitat Ramon Llull (FPCEE-URL). [&hellip;]","og_url":"https:\/\/www.editorialclaret.cat\/autor\/francesc-m-rovira-toda-5\/","og_site_name":"Editorial Claret","article_modified_time":"2026-01-14T11:14:05+00:00","twitter_card":"summary_large_image","twitter_misc":{"Tiempo de lectura":"1 minuto"},"schema":{"@context":"https:\/\/schema.org","@graph":[{"@type":"WebPage","@id":"https:\/\/www.editorialclaret.cat\/autor\/francesc-m-rovira-toda-5\/","url":"https:\/\/www.editorialclaret.cat\/autor\/francesc-m-rovira-toda-5\/","name":"FRANCESC M. ROVIRA TODA - Editorial Claret","isPartOf":{"@id":"https:\/\/www.editorialclaret.cat\/#website"},"datePublished":"2026-01-13T14:57:00+00:00","dateModified":"2026-01-14T11:14:05+00:00","breadcrumb":{"@id":"https:\/\/www.editorialclaret.cat\/autor\/francesc-m-rovira-toda-5\/#breadcrumb"},"inLanguage":"es","potentialAction":[{"@type":"ReadAction","target":["https:\/\/www.editorialclaret.cat\/autor\/francesc-m-rovira-toda-5\/"]}]},{"@type":"BreadcrumbList","@id":"https:\/\/www.editorialclaret.cat\/autor\/francesc-m-rovira-toda-5\/#breadcrumb","itemListElement":[{"@type":"ListItem","position":1,"name":"Portada","item":"https:\/\/www.editorialclaret.cat\/es\/"},{"@type":"ListItem","position":2,"name":"Autores","item":"https:\/\/www.editorialclaret.cat\/autor\/"},{"@type":"ListItem","position":3,"name":"FRANCESC M. ROVIRA TODA"}]},{"@type":"WebSite","@id":"https:\/\/www.editorialclaret.cat\/#website","url":"https:\/\/www.editorialclaret.cat\/","name":"Editorial Claret","description":"","publisher":{"@id":"https:\/\/www.editorialclaret.cat\/#organization"},"potentialAction":[{"@type":"SearchAction","target":{"@type":"EntryPoint","urlTemplate":"https:\/\/www.editorialclaret.cat\/?s={search_term_string}"},"query-input":{"@type":"PropertyValueSpecification","valueRequired":true,"valueName":"search_term_string"}}],"inLanguage":"es"},{"@type":"Organization","@id":"https:\/\/www.editorialclaret.cat\/#organization","name":"Editorial Claret","url":"https:\/\/www.editorialclaret.cat\/","logo":{"@type":"ImageObject","inLanguage":"es","@id":"https:\/\/www.editorialclaret.cat\/#\/schema\/logo\/image\/","url":"https:\/\/www.editorialclaret.cat\/wp-content\/uploads\/.\/logo-claret.png","contentUrl":"https:\/\/www.editorialclaret.cat\/wp-content\/uploads\/.\/logo-claret.png","width":194,"height":79,"caption":"Editorial Claret"},"image":{"@id":"https:\/\/www.editorialclaret.cat\/#\/schema\/logo\/image\/"}}]}},"_links":{"self":[{"href":"https:\/\/www.editorialclaret.cat\/es\/wp-json\/wp\/v2\/autor\/70222","targetHints":{"allow":["GET"]}}],"collection":[{"href":"https:\/\/www.editorialclaret.cat\/es\/wp-json\/wp\/v2\/autor"}],"about":[{"href":"https:\/\/www.editorialclaret.cat\/es\/wp-json\/wp\/v2\/types\/autor"}],"wp:attachment":[{"href":"https:\/\/www.editorialclaret.cat\/es\/wp-json\/wp\/v2\/media?parent=70222"}],"curies":[{"name":"wp","href":"https:\/\/api.w.org\/{rel}","templated":true}]}}

<p><strong>Francesc M. Rovira Toda</strong> és llicenciat en Pedagogia i en Psicologia per la Universitat de Barcelona i doctor en Psicologia. Professor de Psicologia a la UB. Professor i director de l’Escola de Mestres Blanquerna. Catedràtic de Psicologia General a la Facultat de Psicologia, Ciències de l’Educació i de l’Esport Blanquerna – Universitat Ramon Llull (FPCEE-URL). Assessorament psicopedagògic a centres educatius (Lycée Français de Barcelona i Zürich Schule Barcelona – Escola Internacional).</p>

<p><strong>Francesc M. Rovira Toda</strong> es licenciado en Pedagogía y en Psicología por la Universidad de Barcelona y Doctor en Psicología. Profesor de Psicología en la UB. Profesor y director de la Escuela de Maestros Blanquerna. Catedrático de Psicología General en la Facultat de Psicología, Ciències de l’Educació i de l’Esport Blanquerna– Universitat Ramon Llull (FPCEE-URL). Asesoramiento psicopedagógico a centros educativos (Lycée Français de Barcelona y Zürich Schule Barcelona –Escuela Internacional).</p>

<!-- This site is optimized with the Yoast SEO plugin v27.3 - https://yoast.com/product/yoast-seo-wordpress/ -->
<title>Editorial Claret</title>
<meta name="robots" content="noindex, follow, max-snippet:-1, max-image-preview:large, max-video-preview:-1" />
<meta property="og:locale" content="es_ES" />
<meta property="og:type" content="article" />
<meta property="og:title" content="FRANCESC M. ROVIRA TODA - Editorial Claret" />
<meta property="og:description" content="Francesc M. Rovira Toda és llicenciat en Pedagogia i en Psicologia per la Universitat de Barcelona i doctor en Psicologia. Professor de Psicologia a la UB. Professor i director de l’Escola de Mestres Blanquerna. Catedràtic de Psicologia General a la Facultat de Psicologia, Ciències de l’Educació i de l’Esport Blanquerna – Universitat Ramon Llull (FPCEE-URL). [&hellip;]" />
<meta property="og:url" content="https://www.editorialclaret.cat/autor/francesc-m-rovira-toda-5/" />
<meta property="og:site_name" content="Editorial Claret" />
<meta property="article:modified_time" content="2026-01-14T11:14:05+00:00" />
<meta name="twitter:card" content="summary_large_image" />
<meta name="twitter:label1" content="Tiempo de lectura" />
	<meta name="twitter:data1" content="1 minuto" />
<script type="application/ld+json" class="yoast-schema-graph">{"@context":"https:\/\/schema.org","@graph":[{"@type":"WebPage","@id":"https:\/\/www.editorialclaret.cat\/autor\/francesc-m-rovira-toda-5\/","url":"https:\/\/www.editorialclaret.cat\/autor\/francesc-m-rovira-toda-5\/","name":"FRANCESC M. ROVIRA TODA - Editorial Claret","isPartOf":{"@id":"https:\/\/www.editorialclaret.cat\/#website"},"datePublished":"2026-01-13T14:57:00+00:00","dateModified":"2026-01-14T11:14:05+00:00","breadcrumb":{"@id":"https:\/\/www.editorialclaret.cat\/autor\/francesc-m-rovira-toda-5\/#breadcrumb"},"inLanguage":"es","potentialAction":[{"@type":"ReadAction","target":["https:\/\/www.editorialclaret.cat\/autor\/francesc-m-rovira-toda-5\/"]}]},{"@type":"BreadcrumbList","@id":"https:\/\/www.editorialclaret.cat\/autor\/francesc-m-rovira-toda-5\/#breadcrumb","itemListElement":[{"@type":"ListItem","position":1,"name":"Portada","item":"https:\/\/www.editorialclaret.cat\/es\/"},{"@type":"ListItem","position":2,"name":"Autores","item":"https:\/\/www.editorialclaret.cat\/autor\/"},{"@type":"ListItem","position":3,"name":"FRANCESC M. ROVIRA TODA"}]},{"@type":"WebSite","@id":"https:\/\/www.editorialclaret.cat\/#website","url":"https:\/\/www.editorialclaret.cat\/","name":"Editorial Claret","description":"","publisher":{"@id":"https:\/\/www.editorialclaret.cat\/#organization"},"potentialAction":[{"@type":"SearchAction","target":{"@type":"EntryPoint","urlTemplate":"https:\/\/www.editorialclaret.cat\/?s={search_term_string}"},"query-input":{"@type":"PropertyValueSpecification","valueRequired":true,"valueName":"search_term_string"}}],"inLanguage":"es"},{"@type":"Organization","@id":"https:\/\/www.editorialclaret.cat\/#organization","name":"Editorial Claret","url":"https:\/\/www.editorialclaret.cat\/","logo":{"@type":"ImageObject","inLanguage":"es","@id":"https:\/\/www.editorialclaret.cat\/#\/schema\/logo\/image\/","url":"https:\/\/www.editorialclaret.cat\/wp-content\/uploads\/.\/logo-claret.png","contentUrl":"https:\/\/www.editorialclaret.cat\/wp-content\/uploads\/.\/logo-claret.png","width":194,"height":79,"caption":"Editorial Claret"},"image":{"@id":"https:\/\/www.editorialclaret.cat\/#\/schema\/logo\/image\/"}}]}</script>
<!-- / Yoast SEO plugin. -->

Francesc M. Rovira Toda és llicenciat en Pedagogia i en Psicologia per la Universitat de Barcelona i doctor en Psicologia. Professor de Psicologia a la UB. Professor i director de l’Escola de Mestres Blanquerna. Catedràtic de Psicologia General a la Facultat de Psicologia, Ciències de l’Educació i de l’Esport Blanquerna – Universitat Ramon Llull (FPCEE-URL). [&hellip;]
