{"id":46953,"date":"2022-11-06T20:32:22","date_gmt":"2022-11-06T19:32:22","guid":{"rendered":"http:\/\/dev.editorialclaret.cat\/autor\/justino-martinez\/"},"modified":"2024-05-16T14:44:34","modified_gmt":"2024-05-16T12:44:34","slug":"justino-martinez","status":"publish","type":"autor","link":"https:\/\/www.editorialclaret.cat\/es\/autor\/justino-martinez\/","title":{"rendered":"JUSTINO MART\u00cdNEZ"},"content":{"rendered":"<p><span class=\"fontstyle0\">Justino Mart\u00ednez P\u00e9rez (Villambr\u00e1n de Cea, Pal\u00e8ncia), missioner comboni\u00e0, \u00e9s llicenciat en Teologia per la Pontif\u00edcia Universitat Gregoriana i en Ci\u00e8ncies de l\u2019Educaci\u00f3 i Catequesi per laUniversitat Pontif\u00edcia Salesiana, i doctor en B\u00edblia per la Facultat de Teologia de Catalunya. Forma part de v\u00e0ries associacions b\u00edbliques d\u2019Espanya i<br \/>\nBrasil. Creador de l\u2019Escola d\u2019Animaci\u00f3 B\u00edblica de Barcelona (1999), ha estat professor de Sagrada Escriptura en diversos centres teol\u00f2gics de Barcelona.<\/span><\/p>\n","protected":false},"featured_media":0,"template":"","meta":{"_acf_changed":false,"rs_blank_template":"","rs_page_bg_color":"","slide_template_v7":"","inline_featured_image":false,"_monsterinsights_skip_tracking":false,"_monsterinsights_sitenote_active":false,"_monsterinsights_sitenote_note":"","_monsterinsights_sitenote_category":0},"class_list":["post-46953","autor","type-autor","status-publish","hentry"],"acf":{"nombre":"JUSTINO","apellido":"MART\u00cdNEZ","libros":"1","bio_esp":"<p><span class=\"fontstyle0\">Justino Mart\u00ednez P\u00e9rez (Villambr\u00e1n de Cea, Palencia), misionero comboniano, es licenciado en Teolog\u00eda por la Pontificia Universidad Gregoriana y en Ciencias de la Educaci\u00f3n y Catequesis por la Universidad Pontificia Salesiana, y doctor en Biblia por la Facultad de Teolog\u00eda de Catalu\u00f1a. Forma parte de varias asociaciones b\u00edblicas de Espa\u00f1a y Brasil. Creador de la Escuela de Animaci\u00f3n B\u00edblica de Barcelona (1999), ha sido profesor de Sagrada Escritura en<br \/>\nvarios centros teol\u00f3gicos de Barcelona<\/span><\/p>\n"},"yoast_head":"<!-- This site is optimized with the Yoast SEO plugin v27.3 - https:\/\/yoast.com\/product\/yoast-seo-wordpress\/ -->\n<title>Editorial Claret<\/title>\n<meta name=\"robots\" content=\"noindex, follow, max-snippet:-1, max-image-preview:large, max-video-preview:-1\" \/>\n<meta property=\"og:locale\" content=\"es_ES\" \/>\n<meta property=\"og:type\" content=\"article\" \/>\n<meta property=\"og:title\" content=\"JUSTINO MART\u00cdNEZ - Editorial Claret\" \/>\n<meta property=\"og:description\" content=\"Justino Mart\u00ednez P\u00e9rez (Villambr\u00e1n de Cea, Pal\u00e8ncia), missioner comboni\u00e0, \u00e9s llicenciat en Teologia per la Pontif\u00edcia Universitat Gregoriana i en Ci\u00e8ncies de l\u2019Educaci\u00f3 i Catequesi per laUniversitat Pontif\u00edcia Salesiana, i doctor en B\u00edblia per la Facultat de Teologia de Catalunya. Forma part de v\u00e0ries associacions b\u00edbliques d\u2019Espanya i Brasil. Creador de l\u2019Escola d\u2019Animaci\u00f3 B\u00edblica de [&hellip;]\" \/>\n<meta property=\"og:url\" content=\"https:\/\/www.editorialclaret.cat\/autor\/justino-martinez\/\" \/>\n<meta property=\"og:site_name\" content=\"Editorial Claret\" \/>\n<meta property=\"article:modified_time\" content=\"2024-05-16T12:44:34+00:00\" \/>\n<meta name=\"twitter:card\" content=\"summary_large_image\" \/>\n<meta name=\"twitter:label1\" content=\"Tiempo de lectura\" \/>\n\t<meta name=\"twitter:data1\" content=\"1 minuto\" \/>\n<script type=\"application\/ld+json\" class=\"yoast-schema-graph\">{\"@context\":\"https:\\\/\\\/schema.org\",\"@graph\":[{\"@type\":\"WebPage\",\"@id\":\"https:\\\/\\\/www.editorialclaret.cat\\\/autor\\\/justino-martinez\\\/\",\"url\":\"https:\\\/\\\/www.editorialclaret.cat\\\/autor\\\/justino-martinez\\\/\",\"name\":\"JUSTINO MART\u00cdNEZ - Editorial Claret\",\"isPartOf\":{\"@id\":\"https:\\\/\\\/www.editorialclaret.cat\\\/#website\"},\"datePublished\":\"2022-11-06T19:32:22+00:00\",\"dateModified\":\"2024-05-16T12:44:34+00:00\",\"breadcrumb\":{\"@id\":\"https:\\\/\\\/www.editorialclaret.cat\\\/autor\\\/justino-martinez\\\/#breadcrumb\"},\"inLanguage\":\"es\",\"potentialAction\":[{\"@type\":\"ReadAction\",\"target\":[\"https:\\\/\\\/www.editorialclaret.cat\\\/autor\\\/justino-martinez\\\/\"]}]},{\"@type\":\"BreadcrumbList\",\"@id\":\"https:\\\/\\\/www.editorialclaret.cat\\\/autor\\\/justino-martinez\\\/#breadcrumb\",\"itemListElement\":[{\"@type\":\"ListItem\",\"position\":1,\"name\":\"Portada\",\"item\":\"https:\\\/\\\/www.editorialclaret.cat\\\/es\\\/\"},{\"@type\":\"ListItem\",\"position\":2,\"name\":\"Autores\",\"item\":\"https:\\\/\\\/www.editorialclaret.cat\\\/autor\\\/\"},{\"@type\":\"ListItem\",\"position\":3,\"name\":\"JUSTINO MART\u00cdNEZ\"}]},{\"@type\":\"WebSite\",\"@id\":\"https:\\\/\\\/www.editorialclaret.cat\\\/#website\",\"url\":\"https:\\\/\\\/www.editorialclaret.cat\\\/\",\"name\":\"Editorial Claret\",\"description\":\"\",\"publisher\":{\"@id\":\"https:\\\/\\\/www.editorialclaret.cat\\\/#organization\"},\"potentialAction\":[{\"@type\":\"SearchAction\",\"target\":{\"@type\":\"EntryPoint\",\"urlTemplate\":\"https:\\\/\\\/www.editorialclaret.cat\\\/?s={search_term_string}\"},\"query-input\":{\"@type\":\"PropertyValueSpecification\",\"valueRequired\":true,\"valueName\":\"search_term_string\"}}],\"inLanguage\":\"es\"},{\"@type\":\"Organization\",\"@id\":\"https:\\\/\\\/www.editorialclaret.cat\\\/#organization\",\"name\":\"Editorial Claret\",\"url\":\"https:\\\/\\\/www.editorialclaret.cat\\\/\",\"logo\":{\"@type\":\"ImageObject\",\"inLanguage\":\"es\",\"@id\":\"https:\\\/\\\/www.editorialclaret.cat\\\/#\\\/schema\\\/logo\\\/image\\\/\",\"url\":\"https:\\\/\\\/www.editorialclaret.cat\\\/wp-content\\\/uploads\\\/.\\\/logo-claret.png\",\"contentUrl\":\"https:\\\/\\\/www.editorialclaret.cat\\\/wp-content\\\/uploads\\\/.\\\/logo-claret.png\",\"width\":194,\"height\":79,\"caption\":\"Editorial Claret\"},\"image\":{\"@id\":\"https:\\\/\\\/www.editorialclaret.cat\\\/#\\\/schema\\\/logo\\\/image\\\/\"}}]}<\/script>\n<!-- \/ Yoast SEO plugin. -->","yoast_head_json":{"title":"Editorial Claret","robots":{"index":"noindex","follow":"follow","max-snippet":"max-snippet:-1","max-image-preview":"max-image-preview:large","max-video-preview":"max-video-preview:-1"},"og_locale":"es_ES","og_type":"article","og_title":"JUSTINO MART\u00cdNEZ - Editorial Claret","og_description":"Justino Mart\u00ednez P\u00e9rez (Villambr\u00e1n de Cea, Pal\u00e8ncia), missioner comboni\u00e0, \u00e9s llicenciat en Teologia per la Pontif\u00edcia Universitat Gregoriana i en Ci\u00e8ncies de l\u2019Educaci\u00f3 i Catequesi per laUniversitat Pontif\u00edcia Salesiana, i doctor en B\u00edblia per la Facultat de Teologia de Catalunya. Forma part de v\u00e0ries associacions b\u00edbliques d\u2019Espanya i Brasil. Creador de l\u2019Escola d\u2019Animaci\u00f3 B\u00edblica de [&hellip;]","og_url":"https:\/\/www.editorialclaret.cat\/autor\/justino-martinez\/","og_site_name":"Editorial Claret","article_modified_time":"2024-05-16T12:44:34+00:00","twitter_card":"summary_large_image","twitter_misc":{"Tiempo de lectura":"1 minuto"},"schema":{"@context":"https:\/\/schema.org","@graph":[{"@type":"WebPage","@id":"https:\/\/www.editorialclaret.cat\/autor\/justino-martinez\/","url":"https:\/\/www.editorialclaret.cat\/autor\/justino-martinez\/","name":"JUSTINO MART\u00cdNEZ - Editorial Claret","isPartOf":{"@id":"https:\/\/www.editorialclaret.cat\/#website"},"datePublished":"2022-11-06T19:32:22+00:00","dateModified":"2024-05-16T12:44:34+00:00","breadcrumb":{"@id":"https:\/\/www.editorialclaret.cat\/autor\/justino-martinez\/#breadcrumb"},"inLanguage":"es","potentialAction":[{"@type":"ReadAction","target":["https:\/\/www.editorialclaret.cat\/autor\/justino-martinez\/"]}]},{"@type":"BreadcrumbList","@id":"https:\/\/www.editorialclaret.cat\/autor\/justino-martinez\/#breadcrumb","itemListElement":[{"@type":"ListItem","position":1,"name":"Portada","item":"https:\/\/www.editorialclaret.cat\/es\/"},{"@type":"ListItem","position":2,"name":"Autores","item":"https:\/\/www.editorialclaret.cat\/autor\/"},{"@type":"ListItem","position":3,"name":"JUSTINO MART\u00cdNEZ"}]},{"@type":"WebSite","@id":"https:\/\/www.editorialclaret.cat\/#website","url":"https:\/\/www.editorialclaret.cat\/","name":"Editorial Claret","description":"","publisher":{"@id":"https:\/\/www.editorialclaret.cat\/#organization"},"potentialAction":[{"@type":"SearchAction","target":{"@type":"EntryPoint","urlTemplate":"https:\/\/www.editorialclaret.cat\/?s={search_term_string}"},"query-input":{"@type":"PropertyValueSpecification","valueRequired":true,"valueName":"search_term_string"}}],"inLanguage":"es"},{"@type":"Organization","@id":"https:\/\/www.editorialclaret.cat\/#organization","name":"Editorial Claret","url":"https:\/\/www.editorialclaret.cat\/","logo":{"@type":"ImageObject","inLanguage":"es","@id":"https:\/\/www.editorialclaret.cat\/#\/schema\/logo\/image\/","url":"https:\/\/www.editorialclaret.cat\/wp-content\/uploads\/.\/logo-claret.png","contentUrl":"https:\/\/www.editorialclaret.cat\/wp-content\/uploads\/.\/logo-claret.png","width":194,"height":79,"caption":"Editorial Claret"},"image":{"@id":"https:\/\/www.editorialclaret.cat\/#\/schema\/logo\/image\/"}}]}},"_links":{"self":[{"href":"https:\/\/www.editorialclaret.cat\/es\/wp-json\/wp\/v2\/autor\/46953","targetHints":{"allow":["GET"]}}],"collection":[{"href":"https:\/\/www.editorialclaret.cat\/es\/wp-json\/wp\/v2\/autor"}],"about":[{"href":"https:\/\/www.editorialclaret.cat\/es\/wp-json\/wp\/v2\/types\/autor"}],"wp:attachment":[{"href":"https:\/\/www.editorialclaret.cat\/es\/wp-json\/wp\/v2\/media?parent=46953"}],"curies":[{"name":"wp","href":"https:\/\/api.w.org\/{rel}","templated":true}]}}

JUSTINO MARTÍNEZ

<p><span class="fontstyle0">Justino Martínez Pérez (Villambrán de Cea, Palència), missioner combonià, és llicenciat en Teologia per la Pontifícia Universitat Gregoriana i en Ciències de l’Educació i Catequesi per laUniversitat Pontifícia Salesiana, i doctor en Bíblia per la Facultat de Teologia de Catalunya. Forma part de vàries associacions bíbliques d’Espanya i<br />
Brasil. Creador de l’Escola d’Animació Bíblica de Barcelona (1999), ha estat professor de Sagrada Escriptura en diversos centres teològics de Barcelona.</span></p>

MARTÍNEZ

<p><span class="fontstyle0">Justino Martínez Pérez (Villambrán de Cea, Palencia), misionero comboniano, es licenciado en Teología por la Pontificia Universidad Gregoriana y en Ciencias de la Educación y Catequesis por la Universidad Pontificia Salesiana, y doctor en Biblia por la Facultad de Teología de Cataluña. Forma parte de varias asociaciones bíblicas de España y Brasil. Creador de la Escuela de Animación Bíblica de Barcelona (1999), ha sido profesor de Sagrada Escritura en<br />
varios centros teológicos de Barcelona</span></p>

<!-- This site is optimized with the Yoast SEO plugin v27.3 - https://yoast.com/product/yoast-seo-wordpress/ -->
<title>Editorial Claret</title>
<meta name="robots" content="noindex, follow, max-snippet:-1, max-image-preview:large, max-video-preview:-1" />
<meta property="og:locale" content="es_ES" />
<meta property="og:type" content="article" />
<meta property="og:title" content="JUSTINO MARTÍNEZ - Editorial Claret" />
<meta property="og:description" content="Justino Martínez Pérez (Villambrán de Cea, Palència), missioner combonià, és llicenciat en Teologia per la Pontifícia Universitat Gregoriana i en Ciències de l’Educació i Catequesi per laUniversitat Pontifícia Salesiana, i doctor en Bíblia per la Facultat de Teologia de Catalunya. Forma part de vàries associacions bíbliques d’Espanya i Brasil. Creador de l’Escola d’Animació Bíblica de [&hellip;]" />
<meta property="og:url" content="https://www.editorialclaret.cat/autor/justino-martinez/" />
<meta property="og:site_name" content="Editorial Claret" />
<meta property="article:modified_time" content="2024-05-16T12:44:34+00:00" />
<meta name="twitter:card" content="summary_large_image" />
<meta name="twitter:label1" content="Tiempo de lectura" />
	<meta name="twitter:data1" content="1 minuto" />
<script type="application/ld+json" class="yoast-schema-graph">{"@context":"https:\/\/schema.org","@graph":[{"@type":"WebPage","@id":"https:\/\/www.editorialclaret.cat\/autor\/justino-martinez\/","url":"https:\/\/www.editorialclaret.cat\/autor\/justino-martinez\/","name":"JUSTINO MARTÍNEZ - Editorial Claret","isPartOf":{"@id":"https:\/\/www.editorialclaret.cat\/#website"},"datePublished":"2022-11-06T19:32:22+00:00","dateModified":"2024-05-16T12:44:34+00:00","breadcrumb":{"@id":"https:\/\/www.editorialclaret.cat\/autor\/justino-martinez\/#breadcrumb"},"inLanguage":"es","potentialAction":[{"@type":"ReadAction","target":["https:\/\/www.editorialclaret.cat\/autor\/justino-martinez\/"]}]},{"@type":"BreadcrumbList","@id":"https:\/\/www.editorialclaret.cat\/autor\/justino-martinez\/#breadcrumb","itemListElement":[{"@type":"ListItem","position":1,"name":"Portada","item":"https:\/\/www.editorialclaret.cat\/es\/"},{"@type":"ListItem","position":2,"name":"Autores","item":"https:\/\/www.editorialclaret.cat\/autor\/"},{"@type":"ListItem","position":3,"name":"JUSTINO MARTÍNEZ"}]},{"@type":"WebSite","@id":"https:\/\/www.editorialclaret.cat\/#website","url":"https:\/\/www.editorialclaret.cat\/","name":"Editorial Claret","description":"","publisher":{"@id":"https:\/\/www.editorialclaret.cat\/#organization"},"potentialAction":[{"@type":"SearchAction","target":{"@type":"EntryPoint","urlTemplate":"https:\/\/www.editorialclaret.cat\/?s={search_term_string}"},"query-input":{"@type":"PropertyValueSpecification","valueRequired":true,"valueName":"search_term_string"}}],"inLanguage":"es"},{"@type":"Organization","@id":"https:\/\/www.editorialclaret.cat\/#organization","name":"Editorial Claret","url":"https:\/\/www.editorialclaret.cat\/","logo":{"@type":"ImageObject","inLanguage":"es","@id":"https:\/\/www.editorialclaret.cat\/#\/schema\/logo\/image\/","url":"https:\/\/www.editorialclaret.cat\/wp-content\/uploads\/.\/logo-claret.png","contentUrl":"https:\/\/www.editorialclaret.cat\/wp-content\/uploads\/.\/logo-claret.png","width":194,"height":79,"caption":"Editorial Claret"},"image":{"@id":"https:\/\/www.editorialclaret.cat\/#\/schema\/logo\/image\/"}}]}</script>
<!-- / Yoast SEO plugin. -->

JUSTINO MARTÍNEZ - Editorial Claret

Justino Martínez Pérez (Villambrán de Cea, Palència), missioner combonià, és llicenciat en Teologia per la Pontifícia Universitat Gregoriana i en Ciències de l’Educació i Catequesi per laUniversitat Pontifícia Salesiana, i doctor en Bíblia per la Facultat de Teologia de Catalunya. Forma part de vàries associacions bíbliques d’Espanya i Brasil. Creador de l’Escola d’Animació Bíblica de [&hellip;]
